95.217.109.26 - - [06/Jan/2026:17:59:20 -0700] "GET /ca/tecreations/snapshots/2025/9/3/Evening%20-%2023.59.59/ HTTP/1.1" 200 6683 "-" "Mozilla/5.0 (compatible; MJ12bot/v1.4.8; http://mj12bot.com/)"
66.249.66.204 - - [06/Jan/2026:17:59:21 -0700] "GET /ca/tecreations/UnicodeTest2.php?z=1&a=6&b=C&method=mb_chr HTTP/1.1" 404 4227 "-" "Mozilla/5.0 (Linux; Android 6.0.1; Nexus 5X Build/MMB29P) AppleWebKit/537.36 (KHTML, like Gecko) Chrome/143.0.7499.169 Mobile Safari/537.36 (compatible; Googlebot/2.1; +http://www.google.com/bot.html)"
95.217.109.26 - - [06/Jan/2026:17:59:22 -0700] "GET /ca/tecreations/snapshots/2025/9/3/Morning%20-%2011.59.59/ HTTP/1.1" 200 6649 "-" "Mozilla/5.0 (compatible; MJ12bot/v1.4.8; http://mj12bot.com/)"
95.217.109.26 - - [06/Jan/2026:17:59:24 -0700] "GET /ca/tecreations/snapshots/2025/9/31/00.09.12%20-%20User%20Initiated/ HTTP/1.1" 200 6649 "-" "Mozilla/5.0 (compatible; MJ12bot/v1.4.8; http://mj12bot.com/)"
95.217.109.26 - - [06/Jan/2026:17:59:26 -0700] "GET /ca/tecreations/snapshots/2025/9/31/2.34.56%20-%20User%20Initiated/ HTTP/1.1" 200 6649 "-" "Mozilla/5.0 (compatible; MJ12bot/v1.4.8; http://mj12bot.com/)"
209.170.91.201 - - [06/Jan/2026:17:59:27 -0700] "-" 408 563 "-" "-"
95.217.109.26 - - [06/Jan/2026:17:59:28 -0700] "GET /ca/tecreations/snapshots/2025/9/31/Morning%20-%2011.59.59/ HTTP/1.1" 200 6649 "-" "Mozilla/5.0 (compatible; MJ12bot/v1.4.8; http://mj12bot.com/)"
4.197.176.207 - - [06/Jan/2026:17:59:29 -0700] "GET /.tresh/index.php HTTP/1.1" 404 437 "https://www.google.de/" "Mozilla/5.0 (Linux; Android 11; CPH2251) AppleWebKit/537.36 (KHTML, like Gecko) Chrome/116.0.0.0 Mobile Safari/537.36"
4.197.176.207 - - [06/Jan/2026:17:59:29 -0700] "GET /.well-known/ HTTP/1.1" 404 437 "https://www.google.co.uk/" "Mozilla/5.0 (Linux; Android 14; Pixel 8 Pro) AppleWebKit/537.36 (KHTML, like Gecko) Chrome/119.0.0.0 Mobile Safari/537.36"
4.197.176.207 - - [06/Jan/2026:17:59:29 -0700] "GET /.well-known/acme-challenge/index.php HTTP/1.1" 404 437 "https://www.bing.com/" "Mozilla/5.0 (iPhone; CPU iPhone OS 15_7_9 like Mac OS X) AppleWebKit/605.1.15 (KHTML, like Gecko) Version/15.6.5 Mobile/15E148 Safari/604.1"
4.197.176.207 - - [06/Jan/2026:17:59:30 -0700] "GET /.well-known/error.php HTTP/1.1" 404 437 "https://www.yahoo.com/" "Mozilla/5.0 (iPhone; CPU iPhone OS 15_7_9 like Mac OS X) AppleWebKit/605.1.15 (KHTML, like Gecko) Version/15.6.5 Mobile/15E148 Safari/604.1"
4.197.176.207 - - [06/Jan/2026:17:59:30 -0700] "GET /.well-known/gecko-litespeed.php HTTP/1.1" 404 437 "https://www.yahoo.com/" "Mozilla/5.0 (Linux; Android 13; SM-S908E) AppleWebKit/537.36 (KHTML, like Gecko) Chrome/116.0.0.0 Mobile Safari/537.36"
95.217.109.26 - - [06/Jan/2026:17:59:30 -0700] "GET /ca/tecreations/snapshots/2025/9/4/Evening%20-%2021.57.17/ HTTP/1.1" 200 6892 "-" "Mozilla/5.0 (compatible; MJ12bot/v1.4.8; http://mj12bot.com/)"
4.197.176.207 - - [06/Jan/2026:17:59:30 -0700] "GET //wp-includes/fonts/ HTTP/1.1" 404 437 "https://www.yahoo.com/" "Mozilla/5.0 (Linux; Android 10; LM-Q720) AppleWebKit/537.36 (KHTML, like Gecko) Chrome/116.0.0.0 Mobile Safari/537.36"
4.197.176.207 - - [06/Jan/2026:17:59:30 -0700] "GET /ALFA_DATA/alfacgiapi/ HTTP/1.1" 404 437 "https://www.google.de/" "Mozilla/5.0 (iPad; CPU OS 16_7_2 like Mac OS X) AppleWebKit/605.1.15 (KHTML, like Gecko) Version/16.6 Mobile/15E148 Safari/604.1"
4.197.176.207 - - [06/Jan/2026:17:59:30 -0700] "GET /about/function.php HTTP/1.1" 404 437 "https://www.yahoo.com/" "Mozilla/5.0 (Linux; Android 10; K) AppleWebKit/537.36 (KHTML, like Gecko) Chrome/117.0.0.0 Mobile Safari/537.36"
4.197.176.207 - - [06/Jan/2026:17:59:31 -0700] "GET /admin/controller/extension/extension/ HTTP/1.1" 404 437 "https://www.google.co.uk/" "Mozilla/5.0 (iPhone; CPU iPhone OS 17_1 like Mac OS X) AppleWebKit/605.1.15 (KHTML, like Gecko) CriOS/119.0.6045.109 Mobile/15E148 Safari/604.1"
4.197.176.207 - - [06/Jan/2026:17:59:31 -0700] "GET /admin/controller/extension/extension/ultra.php HTTP/1.1" 404 437 "https://www.google.com/" "Mozilla/5.0 (Linux; Android 10; LM-Q720) AppleWebKit/537.36 (KHTML, like Gecko) Chrome/116.0.0.0 Mobile Safari/537.36"
4.197.176.207 - - [06/Jan/2026:17:59:31 -0700] "GET /admin/controller/extension/extension/vx.php HTTP/1.1" 404 437 "https://duckduckgo.com/" "Mozilla/5.0 (Linux; Android 14; Pixel 8 Pro) AppleWebKit/537.36 (KHTML, like Gecko) Chrome/119.0.0.0 Mobile Safari/537.36"
4.197.176.207 - - [06/Jan/2026:17:59:31 -0700] "GET /admin/function.php HTTP/1.1" 404 437 "https://duckduckgo.com/" "Mozilla/5.0 (Linux; Android 12; V2134) AppleWebKit/537.36 (KHTML, like Gecko) Chrome/116.0.0.0 Mobile Safari/537.36"
4.197.176.207 - - [06/Jan/2026:17:59:31 -0700] "GET /adminfuns.php/.well-known/acme-challenge/file.php HTTP/1.1" 404 437 "https://www.google.fr/" "Mozilla/5.0 (iPhone; CPU iPhone OS 16_6_1 like Mac OS X) AppleWebKit/605.1.15 (KHTML, like Gecko) Version/16.6 Mobile/15E148 Safari/604.1"
4.197.176.207 - - [06/Jan/2026:17:59:32 -0700] "GET /assets/ HTTP/1.1" 404 437 "https://www.bing.com/" "Mozilla/5.0 (iPad; CPU OS 16_7_2 like Mac OS X) AppleWebKit/605.1.15 (KHTML, like Gecko) Version/16.6 Mobile/15E148 Safari/604.1"
4.197.176.207 - - [06/Jan/2026:17:59:32 -0700] "GET /assets/images/ HTTP/1.1" 404 437 "https://www.google.co.uk/" "Mozilla/5.0 (Linux; Android 10; K) AppleWebKit/537.36 (KHTML, like Gecko) Chrome/117.0.0.0 Mobile Safari/537.36"
95.217.109.26 - - [06/Jan/2026:17:59:32 -0700] "GET /ca/tecreations/snapshots/2025/9/4/Evening%20-%2023.59.59/ HTTP/1.1" 200 6829 "-" "Mozilla/5.0 (compatible; MJ12bot/v1.4.8; http://mj12bot.com/)"
4.197.176.207 - - [06/Jan/2026:17:59:32 -0700] "GET /assets/vx.php HTTP/1.1" 404 437 "https://duckduckgo.com/" "Mozilla/5.g (Linux; Android 13; Pixel 7) AppleWebKit/537.36 (KHTML, like Gecko) Chrome/116.0.0.0 Mobile Safari/537.36"
4.197.176.207 - - [06/Jan/2026:17:59:32 -0700] "GET /autoload_classmap/function.php HTTP/1.1" 404 437 "https://www.bing.com/" "Mozilla/5.0 (iPhone; CPU iPhone OS 17_1_1 like Mac OS X) AppleWebKit/605.1.15 (KHTML, like Gecko) Version/17.1 Mobile/15E148 Safari/604.1"
4.197.176.207 - - [06/Jan/2026:17:59:32 -0700] "GET /bk/index.php HTTP/1.1" 404 437 "https://www.bing.com/" "Mozilla/5.0 (Linux; Android 12; V2134) AppleWebKit/537.36 (KHTML, like Gecko) Chrome/116.0.0.0 Mobile Safari/537.36"
4.197.176.207 - - [06/Jan/2026:17:59:33 -0700] "GET /cgi-bin/ HTTP/1.1" 404 437 "https://www.google.de/" "Mozilla/5.0 (Linux; Android 13; M2101K6G) AppleWebKit/537.36 (KHTML, like Gecko) Chrome/116.0.0.0 Mobile Safari/537.36"
4.197.176.207 - - [06/Jan/2026:17:59:33 -0700] "GET /css/admin.php HTTP/1.1" 404 437 "https://www.bing.com/" "Mozilla/5.0 (Linux; Android 11; CPH2251) AppleWebKit/537.36 (KHTML, like Gecko) Chrome/116.0.0.0 Mobile Safari/537.36"
4.197.176.207 - - [06/Jan/2026:17:59:33 -0700] "GET /css/index.php HTTP/1.1" 404 437 "https://www.google.co.uk/" "Mozilla/5.0 (Linux; Android 14; Pixel 8 Pro) AppleWebKit/537.36 (KHTML, like Gecko) Chrome/119.0.0.0 Mobile Safari/537.36"
4.197.176.207 - - [06/Jan/2026:17:59:33 -0700] "GET /function/function.php HTTP/1.1" 404 437 "https://www.google.de/" "Mozilla/5.0 (iPhone; CPU iPhone OS 17_0_3 like Mac OS X) AppleWebKit/605.1.15 (KHTML, like Gecko) Version/17.0.1 Mobile/15E148 Safari/604.1"
4.197.176.207 - - [06/Jan/2026:17:59:33 -0700] "GET /images/index.php HTTP/1.1" 404 437 "https://www.google.fr/" "Mozilla/5.0 (iPad; CPU OS 16_7_2 like Mac OS X) AppleWebKit/605.1.15 (KHTML, like Gecko) Version/16.6 Mobile/15E148 Safari/604.1"
4.197.176.207 - - [06/Jan/2026:17:59:34 -0700] "GET /images/install.php HTTP/1.1" 404 437 "https://www.google.fr/" "Mozilla/5.0 (Linux; Android 10; K) AppleWebKit/537.36 (KHTML, like Gecko) Chrome/117.0.0.0 Mobile Safari/537.36"
4.197.176.207 - - [06/Jan/2026:17:59:34 -0700] "GET /index.php/feed/atom/ HTTP/1.1" 404 437 "https://www.google.com/" "Mozilla/5.0 (Linux; Android 12; V2134) AppleWebKit/537.36 (KHTML, like Gecko) Chrome/116.0.0.0 Mobile Safari/537.36"
95.217.109.26 - - [06/Jan/2026:17:59:34 -0700] "GET /ca/tecreations/snapshots/2025/9/5/00.10.40%20-%20User%20Initiated/ HTTP/1.1" 200 6649 "-" "Mozilla/5.0 (compatible; MJ12bot/v1.4.8; http://mj12bot.com/)"
4.197.176.207 - - [06/Jan/2026:17:59:34 -0700] "GET /index/function.php HTTP/1.1" 404 437 "https://www.bing.com/" "Mozilla/5.0 (Linux; Android 10; K) AppleWebKit/537.36 (KHTML, like Gecko) Chrome/117.0.0.0 Mobile Safari/537.36"
4.197.176.207 - - [06/Jan/2026:17:59:34 -0700] "GET /mah/function.php HTTP/1.1" 404 437 "https://www.google.com/" "Mozilla/5.0 (iPhone; CPU iPhone OS 16_0 like Mac OS X) AppleWebKit/605.1.15 (KHTML, like Gecko) FxiOS/118.0 Mobile/15E148 Safari/605.1.15"
4.197.176.207 - - [06/Jan/2026:17:59:34 -0700] "GET /update/gely.php HTTP/1.1" 404 437 "https://www.google.fr/" "Mozilla/5.0 (Linux; Android 10; LM-Q720) AppleWebKit/537.36 (KHTML, like Gecko) Chrome/116.0.0.0 Mobile Safari/537.36"
4.197.176.207 - - [06/Jan/2026:17:59:35 -0700] "GET /wp-admin/ HTTP/1.1" 404 437 "https://duckduckgo.com/" "Mozilla/5.0 (iPhone; CPU iPhone OS 16_6_1 like Mac OS X) AppleWebKit/605.1.15 (KHTML, like Gecko) Version/16.6 Mobile/15E148 Safari/604.1"
4.197.176.207 - - [06/Jan/2026:17:59:35 -0700] "GET /wp-admin/css/ HTTP/1.1" 404 437 "https://www.bing.com/" "Mozilla/5.0 (iPad; CPU OS 16_7_2 like Mac OS X) AppleWebKit/605.1.15 (KHTML, like Gecko) Version/16.6 Mobile/15E148 Safari/604.1"
4.197.176.207 - - [06/Jan/2026:17:59:35 -0700] "GET /wp-admin/css/colors/ HTTP/1.1" 404 437 "https://www.google.de/" "Mozilla/5.0 (iPad; CPU OS 16_7_2 like Mac OS X) AppleWebKit/605.1.15 (KHTML, like Gecko) Version/16.6 Mobile/15E148 Safari/604.1"
4.197.176.207 - - [06/Jan/2026:17:59:35 -0700] "GET /wp-admin/css/colors/blue/ HTTP/1.1" 404 437 "https://www.yahoo.com/" "Mozilla/5.0 (iPhone; CPU iPhone OS 16_0 like Mac OS X) AppleWebKit/605.1.15 (KHTML, like Gecko) FxiOS/118.0 Mobile/15E148 Safari/605.1.15"
4.197.176.207 - - [06/Jan/2026:17:59:35 -0700] "GET /wp-admin/css/colors/coffee/ HTTP/1.1" 404 437 "https://www.google.fr/" "Mozilla/5.0 (Linux; Android 11; 21081111RG) AppleWebKit/537.36 (KHTML, like Gecko) Chrome/116.0.0.0 Mobile Safari/537.36"
4.197.176.207 - - [06/Jan/2026:17:59:36 -0700] "GET /wp-admin/css/colors/midnight/ HTTP/1.1" 404 437 "https://www.google.de/" "Mozilla/5.0 (Linux; Android 10; K) AppleWebKit/537.36 (KHTML, like Gecko) Chrome/117.0.0.0 Mobile Safari/537.36"
4.197.176.207 - - [06/Jan/2026:17:59:36 -0700] "GET /wp-admin/images/ HTTP/1.1" 404 437 "https://www.google.co.uk/" "Mozilla/5.0 (Linux; Android 12; SM-A525F) AppleWebKit/537.36 (KHTML, like Gecko) Chrome/117.0.0.0 Mobile Safari/537.36"
114.119.142.39 - - [06/Jan/2026:17:59:36 -0700] "GET /ca/tecreations/PREVIOUS/page_content_Feb-2026-08.ZTim'sTime HTTP/1.1" 404 4190 "https://tecreations.ca/ca/tecreations/PREVIOUS/?C=D%3BO%3DA" "Mozilla/5.0 (Linux; Android 7.0;) AppleWebKit/537.36 (KHTML, like Gecko) Mobile Safari/537.36 (compatible; PetalBot;+https://webmaster.petalsearch.com/site/petalbot)"
95.217.109.26 - - [06/Jan/2026:17:59:36 -0700] "GET /ca/tecreations/snapshots/2025/9/5/10.44.40%20-%20User%20Initiated/ HTTP/1.1" 200 6649 "-" "Mozilla/5.0 (compatible; MJ12bot/v1.4.8; http://mj12bot.com/)"
4.197.176.207 - - [06/Jan/2026:17:59:36 -0700] "GET /wp-admin/includes/ HTTP/1.1" 404 437 "https://www.google.fr/" "Mozilla/5.0 (iPhone; CPU iPhone OS 17_0_3 like Mac OS X) AppleWebKit/605.1.15 (KHTML, like Gecko) Version/17.0.1 Mobile/15E148 Safari/604.1"
4.197.176.207 - - [06/Jan/2026:17:59:36 -0700] "GET /wp-admin/js/ HTTP/1.1" 404 437 "https://www.google.de/" "Mozilla/5.0 (iPhone; CPU iPhone OS 17_1 like Mac OS X) AppleWebKit/605.1.15 (KHTML, like Gecko) CriOS/119.0.6045.109 Mobile/15E148 Safari/604.1"
4.197.176.207 - - [06/Jan/2026:17:59:36 -0700] "GET /wp-admin/maint/ HTTP/1.1" 404 437 "https://www.yahoo.com/" "Mozilla/5.0 (Linux; Android 13; M2101K6G) AppleWebKit/537.36 (KHTML, like Gecko) Chrome/116.0.0.0 Mobile Safari/537.36"
4.197.176.207 - - [06/Jan/2026:17:59:36 -0700] "GET /wp-admin/network/ HTTP/1.1" 404 437 "https://www.google.co.uk/" "Mozilla/5.0 (Linux; Android 11; 21081111RG) AppleWebKit/537.36 (KHTML, like Gecko) Chrome/116.0.0.0 Mobile Safari/537.36"
4.197.176.207 - - [06/Jan/2026:17:59:37 -0700] "GET /wp-content/ HTTP/1.1" 404 437 "https://duckduckgo.com/" "Mozilla/5.0 (Linux; Android 11; CPH2251) AppleWebKit/537.36 (KHTML, like Gecko) Chrome/116.0.0.0 Mobile Safari/537.36"
4.197.176.207 - - [06/Jan/2026:17:59:37 -0700] "GET /wp-content/plugins/ HTTP/1.1" 404 437 "https://www.google.co.uk/" "Mozilla/5.0 (Linux; Android 12; SM-A525F) AppleWebKit/537.36 (KHTML, like Gecko) Chrome/117.0.0.0 Mobile Safari/537.36"
4.197.176.207 - - [06/Jan/2026:17:59:37 -0700] "GET /wp-content/themes/ HTTP/1.1" 404 437 "https://www.google.co.uk/" "Mozilla/5.0 (iPhone; CPU iPhone OS 16_6_1 like Mac OS X) AppleWebKit/605.1.15 (KHTML, like Gecko) Version/16.6 Mobile/15E148 Safari/604.1"
4.197.176.207 - - [06/Jan/2026:17:59:37 -0700] "GET /wp-content/uploads/ HTTP/1.1" 404 437 "https://www.bing.com/" "Mozilla/5.0 (Linux; Android 10; K) AppleWebKit/537.36 (KHTML, like Gecko) Chrome/117.0.0.0 Mobile Safari/537.36"
4.197.176.207 - - [06/Jan/2026:17:59:37 -0700] "GET /wp-includes/ HTTP/1.1" 404 437 "https://www.google.de/" "Mozilla/5.0 (iPhone; CPU iPhone OS 16_6_1 like Mac OS X) AppleWebKit/605.1.15 (KHTML, like Gecko) Version/16.6 Mobile/15E148 Safari/604.1"
4.197.176.207 - - [06/Jan/2026:17:59:38 -0700] "GET /wp-includes/ID3/ HTTP/1.1" 404 437 "https://www.google.de/" "Mozilla/5.0 (Linux; Android 11; 21081111RG) AppleWebKit/537.36 (KHTML, like Gecko) Chrome/116.0.0.0 Mobile Safari/537.36"
95.217.109.26 - - [06/Jan/2026:17:59:38 -0700] "GET /ca/tecreations/snapshots/2025/9/5/13.13.23%20-%20User%20Initiated/ HTTP/1.1" 200 6649 "-" "Mozilla/5.0 (compatible; MJ12bot/v1.4.8; http://mj12bot.com/)"
4.197.176.207 - - [06/Jan/2026:17:59:38 -0700] "GET /wp-includes/IXR/ HTTP/1.1" 404 437 "https://www.google.co.uk/" "Mozilla/5.0 (iPhone; CPU iPhone OS 17_1_1 like Mac OS X) AppleWebKit/605.1.15 (KHTML, like Gecko) Version/17.1 Mobile/15E148 Safari/604.1"
4.197.176.207 - - [06/Jan/2026:17:59:38 -0700] "GET /wp-includes/PHPMailer/ HTTP/1.1" 404 437 "https://duckduckgo.com/" "Mozilla/5.g (Linux; Android 13; Pixel 7) AppleWebKit/537.36 (KHTML, like Gecko) Chrome/116.0.0.0 Mobile Safari/537.36"
4.197.176.207 - - [06/Jan/2026:17:59:38 -0700] "GET /wp-includes/Requests/ HTTP/1.1" 404 437 "https://www.google.com/" "Mozilla/5.0 (iPhone; CPU iPhone OS 15_7_9 like Mac OS X) AppleWebKit/605.1.15 (KHTML, like Gecko) Version/15.6.5 Mobile/15E148 Safari/604.1"
4.197.176.207 - - [06/Jan/2026:17:59:38 -0700] "GET /wp-includes/Text/ HTTP/1.1" 404 437 "https://www.google.de/" "Mozilla/5.0 (Linux; Android 12; 2201116SG) AppleWebKit/537.36 (KHTML, like Gecko) Chrome/116.0.0.0 Mobile Safari/537.36"
4.197.176.207 - - [06/Jan/2026:17:59:39 -0700] "GET /wp-includes/js/ HTTP/1.1" 404 437 "https://www.google.co.uk/" "Mozilla/5.0 (Linux; Android 10; K) AppleWebKit/537.36 (KHTML, like Gecko) Chrome/117.0.0.0 Mobile Safari/537.36"
4.197.176.207 - - [06/Jan/2026:17:59:39 -0700] "GET /wp-includes/sodium_compat/ HTTP/1.1" 404 437 "https://www.google.co.uk/" "Mozilla/5.0 (iPhone; CPU iPhone OS 16_6_1 like Mac OS X) AppleWebKit/605.1.15 (KHTML, like Gecko) Version/16.6 Mobile/15E148 Safari/604.1"
4.197.176.207 - - [06/Jan/2026:17:59:39 -0700] "GET /wp-includes/block-bindings/index.php HTTP/1.1" 404 437 "https://duckduckgo.com/" "Mozilla/5.0 (iPhone; CPU iPhone OS 15_7_9 like Mac OS X) AppleWebKit/605.1.15 (KHTML, like Gecko) Version/15.6.5 Mobile/15E148 Safari/604.1"
95.217.109.26 - - [06/Jan/2026:17:59:40 -0700] "GET /ca/tecreations/snapshots/2025/9/5/22.52.21%20-%20User%20Initiated/ HTTP/1.1" 200 6649 "-" "Mozilla/5.0 (compatible; MJ12bot/v1.4.8; http://mj12bot.com/)"
95.217.109.26 - - [06/Jan/2026:17:59:42 -0700] "GET /ca/tecreations/snapshots/2025/9/5/3.50.05%20-%20User%20Initiated/ HTTP/1.1" 200 6649 "-" "Mozilla/5.0 (compatible; MJ12bot/v1.4.8; http://mj12bot.com/)"
95.217.109.26 - - [06/Jan/2026:17:59:44 -0700] "GET /ca/tecreations/snapshots/2025/9/6/20.22.30%20-%20User%20Initiated/ HTTP/1.1" 200 6955 "-" "Mozilla/5.0 (compatible; MJ12bot/v1.4.8; http://mj12bot.com/)"
95.217.109.26 - - [06/Jan/2026:17:59:46 -0700] "GET /ca/tecreations/snapshots/2025/9/6/8.39.41%20-%20User%20Initiated/ HTTP/1.1" 200 6702 "-" "Mozilla/5.0 (compatible; MJ12bot/v1.4.8; http://mj12bot.com/)"
95.217.109.26 - - [06/Jan/2026:17:59:48 -0700] "GET /ca/tecreations/snapshots/2025/9/6/Evening%20-%2012.00.00/ HTTP/1.1" 200 6649 "-" "Mozilla/5.0 (compatible; MJ12bot/v1.4.8; http://mj12bot.com/)"
95.217.109.26 - - [06/Jan/2026:17:59:50 -0700] "GET /ca/tecreations/snapshots/2025/9/6/Evening%20-%2023.59.59/ HTTP/1.1" 200 6981 "-" "Mozilla/5.0 (compatible; MJ12bot/v1.4.8; http://mj12bot.com/)"
95.217.109.26 - - [06/Jan/2026:17:59:52 -0700] "GET /ca/tecreations/snapshots/2025/9/6/Morning%20-%2011.59.59/ HTTP/1.1" 200 6702 "-" "Mozilla/5.0 (compatible; MJ12bot/v1.4.8; http://mj12bot.com/)"
95.217.109.26 - - [06/Jan/2026:17:59:54 -0700] "GET /ca/tecreations/snapshots/2025/9/7/11.23.34%20-%20User%20Initiated/ HTTP/1.1" 200 6649 "-" "Mozilla/5.0 (compatible; MJ12bot/v1.4.8; http://mj12bot.com/)"
95.217.109.26 - - [06/Jan/2026:17:59:55 -0700] "GET /ca/tecreations/snapshots/2025/9/7/19.31.54%20-%20User%20Initiated/ HTTP/1.1" 200 6649 "-" "Mozilla/5.0 (compatible; MJ12bot/v1.4.8; http://mj12bot.com/)"
95.217.109.26 - - [06/Jan/2026:17:59:57 -0700] "GET /ca/tecreations/snapshots/2025/9/7/22.20.41%20-%20User%20Initiated/ HTTP/1.1" 200 6649 "-" "Mozilla/5.0 (compatible; MJ12bot/v1.4.8; http://mj12bot.com/)"
216.244.66.227 - - [06/Jan/2026:17:59:58 -0700] "GET /robots.txt HTTP/1.1" 404 437 "-" "Mozilla/5.0 (compatible; DotBot/1.2; +https://opensiteexplorer.org/dotbot; help@moz.com)"
216.244.66.227 - - [06/Jan/2026:17:59:58 -0700] "GET /robots.txt HTTP/1.1" 301 547 "-" "Mozilla/5.0 (compatible; DotBot/1.2; +https://opensiteexplorer.org/dotbot; help@moz.com)"
209.170.91.201 - - [06/Jan/2026:17:59:58 -0700] "-" 408 0 "-" "-"
209.170.91.200 - - [06/Jan/2026:17:59:58 -0700] "-" 408 0 "-" "-"
216.244.66.227 - - [06/Jan/2026:17:59:58 -0700] "GET /robots.txt HTTP/1.1" 404 3557 "-" "Mozilla/5.0 (compatible; DotBot/1.2; +https://opensiteexplorer.org/dotbot; help@moz.com)"
95.217.109.26 - - [06/Jan/2026:17:59:59 -0700] "GET /ca/tecreations/snapshots/2025/9/7/Evening%20-%2023.59.59/ HTTP/1.1" 200 6649 "-" "Mozilla/5.0 (compatible; MJ12bot/v1.4.8; http://mj12bot.com/)"
95.217.109.26 - - [06/Jan/2026:18:00:01 -0700] "GET /ca/tecreations/snapshots/2025/9/7/Morning%20-%2011.59.59/ HTTP/1.1" 200 6649 "-" "Mozilla/5.0 (compatible; MJ12bot/v1.4.8; http://mj12bot.com/)"
95.217.109.26 - - [06/Jan/2026:18:00:03 -0700] "GET /ca/tecreations/snapshots/2025/9/8/1.54.43%20-%20User%20Initiated/ HTTP/1.1" 200 6649 "-" "Mozilla/5.0 (compatible; MJ12bot/v1.4.8; http://mj12bot.com/)"
95.217.109.26 - - [06/Jan/2026:18:00:05 -0700] "GET /ca/tecreations/snapshots/2025/9/8/16.05.35%20-%20User%20Initiated/ HTTP/1.1" 200 6649 "-" "Mozilla/5.0 (compatible; MJ12bot/v1.4.8; http://mj12bot.com/)"
95.217.109.26 - - [06/Jan/2026:18:00:07 -0700] "GET /ca/tecreations/snapshots/2025/9/8/Evening%20-%2023.59.59/ HTTP/1.1" 200 7561 "-" "Mozilla/5.0 (compatible; MJ12bot/v1.4.8; http://mj12bot.com/)"
95.217.109.26 - - [06/Jan/2026:18:00:09 -0700] "GET /ca/tecreations/snapshots/2025/9/9/8.29.32%20-%20User%20Initiated/ HTTP/1.1" 200 6649 "-" "Mozilla/5.0 (compatible; MJ12bot/v1.4.8; http://mj12bot.com/)"
47.128.53.24 - - [06/Jan/2026:18:00:26 -0700] "GET /ca/tecreations/UnicodeTest2.php?a=9&b=9&method=decimalBOLD&z=9 HTTP/1.1" 404 4274 "-" "Mozilla/5.0 (compatible; Bytespider; spider-feedback@bytedance.com) AppleWebKit/537.36 (KHTML, like Gecko) Chrome/70.0.0.0 Safari/537.36"
47.128.45.15 - - [06/Jan/2026:18:00:26 -0700] "GET /ca/tecreations/UnicodeTest2.php?a=5&b=4&method=decimal&z=C HTTP/1.1" 404 4278 "-" "Mozilla/5.0 (compatible; Bytespider; spider-feedback@bytedance.com) AppleWebKit/537.36 (KHTML, like Gecko) Chrome/70.0.0.0 Safari/537.36"
114.119.152.47 - - [06/Jan/2026:18:01:01 -0700] "GET /ca/tecreations/PREVIOUS/page_content_6.php HTTP/1.1" 404 4190 "https://tecreations.ca/ca/tecreations/ViewFile.php?path=ca/tecreations/PREVIOUS/page_content_6.php" "Mozilla/5.0 (Linux; Android 7.0;) AppleWebKit/537.36 (KHTML, like Gecko) Mobile Safari/537.36 (compatible; PetalBot;+https://webmaster.petalsearch.com/site/petalbot)"
114.119.148.64 - - [06/Jan/2026:18:02:23 -0700] "GET /ca/tecreations/PREVIOUS/page_content_3.php HTTP/1.1" 404 4190 "https://tecreations.ca/ca/tecreations/ViewFile.php?path=ca/tecreations/PREVIOUS/page_content_3.php" "Mozilla/5.0 (Linux; Android 7.0;) AppleWebKit/537.36 (KHTML, like Gecko) Mobile Safari/537.36 (compatible; PetalBot;+https://webmaster.petalsearch.com/site/petalbot)"
95.214.55.117 - - [06/Jan/2026:18:02:23 -0700] "PROPFIND / HTTP/1.1" 302 3931 "-" "-"
162.248.156.38 - - [06/Jan/2026:18:03:15 -0700] "-" 408 3758 "-" "-"
114.119.152.47 - - [06/Jan/2026:18:03:46 -0700] "GET /ca/tecreations/PREVIOUS/page_content_2.php HTTP/1.1" 404 4190 "https://tecreations.ca/ca/tecreations/ViewFile.php?path=ca/tecreations/PREVIOUS/page_content_2.php" "Mozilla/5.0 (Linux; Android 7.0;) AppleWebKit/537.36 (KHTML, like Gecko) Mobile Safari/537.36 (compatible; PetalBot;+https://webmaster.petalsearch.com/site/petalbot)"
66.249.66.204 - - [06/Jan/2026:18:04:18 -0700] "GET /ca/tecreations/UnicodeTest2.php?z=10&a=7&b=8&method=decimal HTTP/1.1" 404 4227 "-" "Mozilla/5.0 (Linux; Android 6.0.1; Nexus 5X Build/MMB29P) AppleWebKit/537.36 (KHTML, like Gecko) Chrome/143.0.7499.169 Mobile Safari/537.36 (compatible; Googlebot/2.1; +http://www.google.com/bot.html)"
114.119.152.47 - - [06/Jan/2026:18:05:10 -0700] "GET /ca/tecreations/PREVIOUS/page_content_1_A_AAAAAA_AAAAAAAA1.php HTTP/1.1" 404 4190 "https://tecreations.ca/ca/tecreations/ViewFile.php?path=ca/tecreations/PREVIOUS/page_content_1_A_AAAAAA_AAAAAAAA1.php" "Mozilla/5.0 (Linux; Android 7.0;) AppleWebKit/537.36 (KHTML, like Gecko) Mobile Safari/537.36 (compatible; PetalBot;+https://webmaster.petalsearch.com/site/petalbot)"
66.249.66.202 - - [06/Jan/2026:18:05:46 -0700] "GET /ca/tecreations/UnicodeTest2.php?z=3&a=2&b=3&method=mb_chr HTTP/1.1" 404 4227 "-" "Mozilla/5.0 (Linux; Android 6.0.1; Nexus 5X Build/MMB29P) AppleWebKit/537.36 (KHTML, like Gecko) Chrome/143.0.7499.169 Mobile Safari/537.36 (compatible; Googlebot/2.1; +http://www.google.com/bot.html)"
95.214.55.117 - - [06/Jan/2026:18:06:05 -0700] "PROPFIND / HTTP/1.1" 302 3931 "-" "-"
114.119.152.47 - - [06/Jan/2026:18:06:38 -0700] "GET /ca/tecreations/PREVIOUS/page_content_151.php HTTP/1.1" 404 4190 "https://tecreations.ca/ca/tecreations/ViewFile.php?path=ca/tecreations/PREVIOUS/page_content_151.php" "Mozilla/5.0 (Linux; Android 7.0;) AppleWebKit/537.36 (KHTML, like Gecko) Mobile Safari/537.36 (compatible; PetalBot;+https://webmaster.petalsearch.com/site/petalbot)"
47.128.62.42 - - [06/Jan/2026:18:07:48 -0700] "GET /ca/tecreations/UnicodeTest2.php?z=D&a=8&b=E&method=decimalBOLD HTTP/1.1" 404 4274 "-" "Mozilla/5.0 (compatible; Bytespider; spider-feedback@bytedance.com) AppleWebKit/537.36 (KHTML, like Gecko) Chrome/70.0.0.0 Safari/537.36"
47.128.46.153 - - [06/Jan/2026:18:07:48 -0700] "GET /ca/tecreations/UnicodeTest2.php?a=1&b=6&method=entity&z=E HTTP/1.1" 404 4274 "-" "Mozilla/5.0 (compatible; Bytespider; spider-feedback@bytedance.com) AppleWebKit/537.36 (KHTML, like Gecko) Chrome/70.0.0.0 Safari/537.36"
114.119.144.15 - - [06/Jan/2026:18:07:58 -0700] "GET /ca/tecreations/PREVIOUS/page_content_131.php HTTP/1.1" 404 4190 "https://tecreations.ca/ca/tecreations/ViewFile.php?path=ca/tecreations/PREVIOUS/page_content_131.php" "Mozilla/5.0 (Linux; Android 7.0;) AppleWebKit/537.36 (KHTML, like Gecko) Mobile Safari/537.36 (compatible; PetalBot;+https://webmaster.petalsearch.com/site/petalbot)"
66.249.66.76 - - [06/Jan/2026:18:08:11 -0700] "GET /ca/tecreations/UnicodeTest2.php?z=E&a=B&b=3&method=mb_chr HTTP/1.1" 404 4227 "-" "Mozilla/5.0 (Linux; Android 6.0.1; Nexus 5X Build/MMB29P) AppleWebKit/537.36 (KHTML, like Gecko) Chrome/143.0.7499.169 Mobile Safari/537.36 (compatible; Googlebot/2.1; +http://www.google.com/bot.html)"
64.62.158.121 - - [06/Jan/2026:18:08:45 -0700] "GET /robots.txt HTTP/1.1" 404 4227 "-" "Mozilla/5.0 (Windows NT 10.0; Win64; x64) AppleWebKit/537.36 (KHTML, like Gecko) Chrome/143.0.7499.40 Safari/537.36"
64.62.158.121 - - [06/Jan/2026:18:08:45 -0700] "GET /ca/tecreations/jethro.jar HTTP/1.1" 404 4227 "-" "Mozilla/5.0 (Windows NT 10.0; Win64; x64) AppleWebKit/537.36 (KHTML, like Gecko) Chrome/143.0.7499.40 Safari/537.36"
114.119.152.47 - - [06/Jan/2026:18:09:22 -0700] "GET /ca/tecreations/PREVIOUS/page_content_130.php HTTP/1.1" 404 4190 "https://tecreations.ca/ca/tecreations/ViewFile.php?path=ca/tecreations/PREVIOUS/page_content_130.php" "Mozilla/5.0 (Linux; Android 7.0;) AppleWebKit/537.36 (KHTML, like Gecko) Mobile Safari/537.36 (compatible; PetalBot;+https://webmaster.petalsearch.com/site/petalbot)"
66.249.66.44 - - [06/Jan/2026:18:09:26 -0700] "GET /ca/tecreations/UnicodeViewer.php?z=3&a=A&b=0&method=mb_chr HTTP/1.1" 404 4263 "-" "Mozilla/5.0 (Linux; Android 6.0.1; Nexus 5X Build/MMB29P) AppleWebKit/537.36 (KHTML, like Gecko) Chrome/143.0.7499.169 Mobile Safari/537.36 (compatible; Googlebot/2.1; +http://www.google.com/bot.html)"
66.249.66.33 - - [06/Jan/2026:18:09:27 -0700] "GET /ca/tecreations/UnicodeViewer.php?z=F&a=E&b=4&method=entity HTTP/1.1" 404 4227 "-" "Mozilla/5.0 (Linux; Android 6.0.1; Nexus 5X Build/MMB29P) AppleWebKit/537.36 (KHTML, like Gecko) Chrome/143.0.7499.169 Mobile Safari/537.36 (compatible; Googlebot/2.1; +http://www.google.com/bot.html)"
95.214.55.117 - - [06/Jan/2026:18:09:43 -0700] "PROPFIND / HTTP/1.1" 302 3931 "-" "-"
114.119.144.15 - - [06/Jan/2026:18:10:45 -0700] "GET /ca/tecreations/PREVIOUS/page_content_129.php HTTP/1.1" 404 4190 "https://tecreations.ca/ca/tecreations/ViewFile.php?path=ca/tecreations/PREVIOUS/page_content_129.php" "Mozilla/5.0 (Linux; Android 7.0;) AppleWebKit/537.36 (KHTML, like Gecko) Mobile Safari/537.36 (compatible; PetalBot;+https://webmaster.petalsearch.com/site/petalbot)"
66.249.66.45 - - [06/Jan/2026:18:11:07 -0700] "GET /ca/tecreations/UnicodeTest2.php?z=6&a=D&b=C&method=decimal HTTP/1.1" 404 4227 "-" "Mozilla/5.0 (Linux; Android 6.0.1; Nexus 5X Build/MMB29P) AppleWebKit/537.36 (KHTML, like Gecko) Chrome/143.0.7499.169 Mobile Safari/537.36 (compatible; Googlebot/2.1; +http://www.google.com/bot.html)"
114.119.135.63 - - [06/Jan/2026:18:12:09 -0700] "GET /ca/tecreations/PREVIOUS/ca/tecreations/contact.php HTTP/1.1" 404 4190 "https://tecreations.ca/ca/tecreations/PREVIOUS/List.php" "Mozilla/5.0 (Linux; Android 7.0;) AppleWebKit/537.36 (KHTML, like Gecko) Mobile Safari/537.36 (compatible; PetalBot;+https://webmaster.petalsearch.com/site/petalbot)"
92.63.197.50 - - [06/Jan/2026:18:12:21 -0700] "GET / HTTP/1.1" 302 3894 "-" "Mozilla/5.0 (Windows NT 10.0; Win64; x64) AppleWebKit/537.36 (KHTML, like Gecko) Chrome/140.0.0.0 Safari/537.36"
92.63.197.50 - - [06/Jan/2026:18:12:21 -0700] "GET /ca/tecreations/ HTTP/1.1" 200 7866 "-" "Mozilla/5.0 (Windows NT 10.0; Win64; x64) AppleWebKit/537.36 (KHTML, like Gecko) Chrome/140.0.0.0 Safari/537.36"
92.63.197.50 - - [06/Jan/2026:18:12:21 -0700] "GET / HTTP/1.0" 400 625 "-" "-"
216.244.66.227 - - [06/Jan/2026:18:13:02 -0700] "GET /ca/tecreations/snapshots/2025/10/26/?C=N;O=A HTTP/1.1" 200 5309 "-" "Mozilla/5.0 (compatible; DotBot/1.2; +https://opensiteexplorer.org/dotbot; help@moz.com)"
114.119.154.166 - - [06/Jan/2026:18:13:33 -0700] "GET /ca/tecreations/PREVIOUS/List.php HTTP/1.1" 404 4190 "https://tecreations.ca/ca/tecreations/ViewFile.php?path=ca/tecreations/PREVIOUS/List.php" "Mozilla/5.0 (Linux; Android 7.0;) AppleWebKit/537.36 (KHTML, like Gecko) Mobile Safari/537.36 (compatible; PetalBot;+https://webmaster.petalsearch.com/site/petalbot)"
95.214.55.117 - - [06/Jan/2026:18:13:34 -0700] "PROPFIND / HTTP/1.1" 302 3931 "-" "-"
66.249.66.78 - - [06/Jan/2026:18:14:04 -0700] "GET /ca/tecreations/UnicodeTest2.php?z=F&a=1&b=0&method=decimal HTTP/1.1" 404 4227 "-" "Mozilla/5.0 (Linux; Android 6.0.1; Nexus 5X Build/MMB29P) AppleWebKit/537.36 (KHTML, like Gecko) Chrome/143.0.7499.169 Mobile Safari/537.36 (compatible; Googlebot/2.1; +http://www.google.com/bot.html)"
114.119.154.166 - - [06/Jan/2026:18:14:57 -0700] "GET /ca/tecreations/PARTS/ByYear/?C=S%3BO%3DA HTTP/1.1" 404 4190 "https://tecreations.ca/ca/tecreations/PARTS/ByYear/?C=N%3BO%3DD" "Mozilla/5.0 (Linux; Android 7.0;) AppleWebKit/537.36 (KHTML, like Gecko) Mobile Safari/537.36 (compatible; PetalBot;+https://webmaster.petalsearch.com/site/petalbot)"
47.128.97.150 - - [06/Jan/2026:18:15:11 -0700] "GET /ca/tecreations/UnicodeTest2.php?a=D&b=2&method=decimal&z=7 HTTP/1.1" 404 4274 "-" "Mozilla/5.0 (compatible; Bytespider; spider-feedback@bytedance.com) AppleWebKit/537.36 (KHTML, like Gecko) Chrome/70.0.0.0 Safari/537.36"
61.238.27.209 - - [06/Jan/2026:18:15:28 -0700] "GET /robots.txt HTTP/1.1" 404 493 "-" "Mozilla/5.0 (compatible; MJ12bot/v1.4.8; http://mj12bot.com/)"
61.238.27.209 - - [06/Jan/2026:18:15:30 -0700] "GET /ca/tecreations/progress/2025/desk/lol_login___that's%20upstairs/%00http HTTP/1.1" 404 437 "-" "Mozilla/5.0 (compatible; MJ12bot/v1.4.8; http://mj12bot.com/)"
61.238.27.209 - - [06/Jan/2026:18:15:32 -0700] "GET /ca/tecreations/snapshots/2025/10/21/4.06.51%20-%20User%20Initiated/%00http HTTP/1.1" 404 437 "-" "Mozilla/5.0 (compatible; MJ12bot/v1.4.8; http://mj12bot.com/)"
61.238.27.209 - - [06/Jan/2026:18:15:34 -0700] "GET /ca/tecreations/snapshots/2025/10/24/16.34.02%20-%20User%20Initiated/%00http HTTP/1.1" 404 437 "-" "Mozilla/5.0 (compatible; MJ12bot/v1.4.8; http://mj12bot.com/)"
61.238.27.209 - - [06/Jan/2026:18:15:36 -0700] "GET /ca/tecreations/snapshots/2025/10/25/1.25.28%20-%20User%20Initiated/%00http HTTP/1.1" 404 437 "-" "Mozilla/5.0 (compatible; MJ12bot/v1.4.8; http://mj12bot.com/)"
61.238.27.209 - - [06/Jan/2026:18:15:38 -0700] "GET /ca/tecreations/snapshots/2025/10/25/1.45.37%20-%20User%20Initiated/%00http HTTP/1.1" 404 437 "-" "Mozilla/5.0 (compatible; MJ12bot/v1.4.8; http://mj12bot.com/)"
61.238.27.209 - - [06/Jan/2026:18:15:40 -0700] "GET /ca/tecreations/snapshots/2025/10/25/4.46.00%20-%20User%20Initiated/%00http HTTP/1.1" 404 437 "-" "Mozilla/5.0 (compatible; MJ12bot/v1.4.8; http://mj12bot.com/)"
61.238.27.209 - - [06/Jan/2026:18:15:42 -0700] "GET /ca/tecreations/snapshots/2025/10/25/Evening%20-%2023.59.59/%00http HTTP/1.1" 404 437 "-" "Mozilla/5.0 (compatible; MJ12bot/v1.4.8; http://mj12bot.com/)"
61.238.27.209 - - [06/Jan/2026:18:15:44 -0700] "GET /ca/tecreations/snapshots/2025/10/25/Morning%20-%2011.59.59/%00http HTTP/1.1" 404 437 "-" "Mozilla/5.0 (compatible; MJ12bot/v1.4.8; http://mj12bot.com/)"
61.238.27.209 - - [06/Jan/2026:18:15:46 -0700] "GET /ca/tecreations/snapshots/2025/10/26/12.43.46%20-%20User%20Initiated/%00http HTTP/1.1" 404 437 "-" "Mozilla/5.0 (compatible; MJ12bot/v1.4.8; http://mj12bot.com/)"
61.238.27.209 - - [06/Jan/2026:18:15:48 -0700] "GET /ca/tecreations/snapshots/2025/10/26/2.36.35%20-%20User%20Initiated/%00http HTTP/1.1" 404 437 "-" "Mozilla/5.0 (compatible; MJ12bot/v1.4.8; http://mj12bot.com/)"
61.238.27.209 - - [06/Jan/2026:18:15:50 -0700] "GET /ca/tecreations/snapshots/2025/10/26/8.53.54%20-%20User%20Initiated/%00http HTTP/1.1" 404 437 "-" "Mozilla/5.0 (compatible; MJ12bot/v1.4.8; http://mj12bot.com/)"
61.238.27.209 - - [06/Jan/2026:18:15:52 -0700] "GET /ca/tecreations/snapshots/2025/10/26/Evening%20-%2023.59.59/%00http HTTP/1.1" 404 437 "-" "Mozilla/5.0 (compatible; MJ12bot/v1.4.8; http://mj12bot.com/)"
61.238.27.209 - - [06/Jan/2026:18:15:54 -0700] "GET /ca/tecreations/snapshots/2025/10/28/19.59.25%20-%20User%20Initiated/%00http HTTP/1.1" 404 437 "-" "Mozilla/5.0 (compatible; MJ12bot/v1.4.8; http://mj12bot.com/)"
61.238.27.209 - - [06/Jan/2026:18:15:56 -0700] "GET /ca/tecreations/snapshots/2025/10/28/Evening%20-%2023.59.59/%00http HTTP/1.1" 404 437 "-" "Mozilla/5.0 (compatible; MJ12bot/v1.4.8; http://mj12bot.com/)"
61.238.27.209 - - [06/Jan/2026:18:15:58 -0700] "GET /ca/tecreations/snapshots/2025/10/28/Morning%20-%2011.59.59/%00http HTTP/1.1" 404 437 "-" "Mozilla/5.0 (compatible; MJ12bot/v1.4.8; http://mj12bot.com/)"
61.238.27.209 - - [06/Jan/2026:18:16:00 -0700] "GET /ca/tecreations/snapshots/2025/10/29/00.42.02%20-%20User%20Initiated/%00http HTTP/1.1" 404 437 "-" "Mozilla/5.0 (compatible; MJ12bot/v1.4.8; http://mj12bot.com/)"
61.238.27.209 - - [06/Jan/2026:18:16:02 -0700] "GET /ca/tecreations/snapshots/2025/10/29/18.04.20%20-%20User%20Initiated/%00http HTTP/1.1" 404 437 "-" "Mozilla/5.0 (compatible; MJ12bot/v1.4.8; http://mj12bot.com/)"
61.238.27.209 - - [06/Jan/2026:18:16:05 -0700] "GET /ca/tecreations/snapshots/2025/10/29/18.24.48%20-%20User%20Initiated/%00http HTTP/1.1" 404 437 "-" "Mozilla/5.0 (compatible; MJ12bot/v1.4.8; http://mj12bot.com/)"
61.238.27.209 - - [06/Jan/2026:18:16:07 -0700] "GET /ca/tecreations/snapshots/2025/10/29/5.34.50%20-%20User%20Initiated/%00http HTTP/1.1" 404 437 "-" "Mozilla/5.0 (compatible; MJ12bot/v1.4.8; http://mj12bot.com/)"
61.238.27.209 - - [06/Jan/2026:18:16:09 -0700] "GET /ca/tecreations/snapshots/2025/10/29/5.43.23%20-%20User%20Initiated/%00http HTTP/1.1" 404 437 "-" "Mozilla/5.0 (compatible; MJ12bot/v1.4.8; http://mj12bot.com/)"
61.238.27.209 - - [06/Jan/2026:18:16:11 -0700] "GET /ca/tecreations/snapshots/2025/10/29/Evening%20-%2023.59.59/%00http HTTP/1.1" 404 437 "-" "Mozilla/5.0 (compatible; MJ12bot/v1.4.8; http://mj12bot.com/)"
61.238.27.209 - - [06/Jan/2026:18:16:13 -0700] "GET /ca/tecreations/snapshots/2025/10/29/Morning%20-%2011.59.59/%00http HTTP/1.1" 404 437 "-" "Mozilla/5.0 (compatible; MJ12bot/v1.4.8; http://mj12bot.com/)"
61.238.27.209 - - [06/Jan/2026:18:16:15 -0700] "GET /ca/tecreations/snapshots/2025/10/30/13.51.16%20-%20User%20Initiated/%00http HTTP/1.1" 404 437 "-" "Mozilla/5.0 (compatible; MJ12bot/v1.4.8; http://mj12bot.com/)"
61.238.27.209 - - [06/Jan/2026:18:16:17 -0700] "GET /ca/tecreations/snapshots/2025/10/30/2.20.26%20-%20User%20Initiated/%00http HTTP/1.1" 404 437 "-" "Mozilla/5.0 (compatible; MJ12bot/v1.4.8; http://mj12bot.com/)"
61.238.27.209 - - [06/Jan/2026:18:16:19 -0700] "GET /ca/tecreations/snapshots/2025/10/30/Evening%20-%2023.59.59/%00http HTTP/1.1" 404 437 "-" "Mozilla/5.0 (compatible; MJ12bot/v1.4.8; http://mj12bot.com/)"
114.119.144.15 - - [06/Jan/2026:18:16:21 -0700] "GET /ca/tecreations/trials/SoftwareTrials/?C=D%3BO%3DA HTTP/1.1" 404 4226 "https://www.tecreations.ca/ca/tecreations/trials/SoftwareTrials/?C=D%3BO%3DA" "Mozilla/5.0 (Linux; Android 7.0;) AppleWebKit/537.36 (KHTML, like Gecko) Mobile Safari/537.36 (compatible; PetalBot;+https://webmaster.petalsearch.com/site/petalbot)"
61.238.27.209 - - [06/Jan/2026:18:16:21 -0700] "GET /ca/tecreations/snapshots/2025/10/30/Morning%20-%2011.59.59/%00http HTTP/1.1" 404 437 "-" "Mozilla/5.0 (compatible; MJ12bot/v1.4.8; http://mj12bot.com/)"
61.238.27.209 - - [06/Jan/2026:18:16:23 -0700] "GET /ca/tecreations/snapshots/2025/10/31/14.23.03%20-%20User%20Initiated/%00http HTTP/1.1" 404 437 "-" "Mozilla/5.0 (compatible; MJ12bot/v1.4.8; http://mj12bot.com/)"
61.238.27.209 - - [06/Jan/2026:18:16:25 -0700] "GET /ca/tecreations/snapshots/2025/10/31/Evening%20-%2023.59.59/%00http HTTP/1.1" 404 437 "-" "Mozilla/5.0 (compatible; MJ12bot/v1.4.8; http://mj12bot.com/)"
61.238.27.209 - - [06/Jan/2026:18:16:27 -0700] "GET /ca/tecreations/snapshots/2025/11/1/1.53.55%20-%20User%20Initiated/%00http HTTP/1.1" 404 437 "-" "Mozilla/5.0 (compatible; MJ12bot/v1.4.8; http://mj12bot.com/)"
61.238.27.209 - - [06/Jan/2026:18:16:29 -0700] "GET /ca/tecreations/snapshots/2025/11/1/Evening%20-%2023.59.59/%00http HTTP/1.1" 404 437 "-" "Mozilla/5.0 (compatible; MJ12bot/v1.4.8; http://mj12bot.com/)"
61.238.27.209 - - [06/Jan/2026:18:16:31 -0700] "GET /ca/tecreations/snapshots/2025/11/1/Morning%20-%2010.59.59/%00http HTTP/1.1" 404 437 "-" "Mozilla/5.0 (compatible; MJ12bot/v1.4.8; http://mj12bot.com/)"
61.238.27.209 - - [06/Jan/2026:18:16:33 -0700] "GET /ca/tecreations/snapshots/2025/11/1/Morning%20-%2011.59.59/%00http HTTP/1.1" 404 437 "-" "Mozilla/5.0 (compatible; MJ12bot/v1.4.8; http://mj12bot.com/)"
61.238.27.209 - - [06/Jan/2026:18:16:35 -0700] "GET /ca/tecreations/snapshots/2025/11/2/1.41.05%20-%20User%20Initiated/%00http HTTP/1.1" 404 437 "-" "Mozilla/5.0 (compatible; MJ12bot/v1.4.8; http://mj12bot.com/)"
61.238.27.209 - - [06/Jan/2026:18:16:37 -0700] "GET /ca/tecreations/snapshots/2025/11/2/17.10.14%20-%20User%20Initiated/%00http HTTP/1.1" 404 437 "-" "Mozilla/5.0 (compatible; MJ12bot/v1.4.8; http://mj12bot.com/)"
61.238.27.209 - - [06/Jan/2026:18:16:39 -0700] "GET /ca/tecreations/snapshots/2025/11/2/Evening%20-%2023.59.59/%00http HTTP/1.1" 404 437 "-" "Mozilla/5.0 (compatible; MJ12bot/v1.4.8; http://mj12bot.com/)"
61.238.27.209 - - [06/Jan/2026:18:16:41 -0700] "GET /ca/tecreations/snapshots/2025/11/2/Morning%20-%2011.59.59/%00http HTTP/1.1" 404 437 "-" "Mozilla/5.0 (compatible; MJ12bot/v1.4.8; http://mj12bot.com/)"
61.238.27.209 - - [06/Jan/2026:18:16:43 -0700] "GET /ca/tecreations/snapshots/2025/11/31/4.58.52%20-%20User%20Initiated/%00http HTTP/1.1" 404 437 "-" "Mozilla/5.0 (compatible; MJ12bot/v1.4.8; http://mj12bot.com/)"
61.238.27.209 - - [06/Jan/2026:18:16:44 -0700] "GET /robots.txt HTTP/1.1" 301 603 "-" "Mozilla/5.0 (compatible; MJ12bot/v1.4.8; http://mj12bot.com/)"
61.238.27.209 - - [06/Jan/2026:18:16:45 -0700] "GET /robots.txt HTTP/1.1" 404 3763 "-" "Mozilla/5.0 (compatible; MJ12bot/v1.4.8; http://mj12bot.com/)"
61.238.27.209 - - [06/Jan/2026:18:16:47 -0700] "GET /ca/tecreations/progress/2025/desk/lol_login___that's%20upstairs/%00http HTTP/1.1" 404 441 "-" "Mozilla/5.0 (compatible; MJ12bot/v1.4.8; http://mj12bot.com/)"
66.249.66.161 - - [06/Jan/2026:18:17:01 -0700] "GET /ca/tecreations/UnicodeViewer.php?z=F&a=8&b=7&method=entity HTTP/1.1" 404 4263 "-" "Mozilla/5.0 (Linux; Android 6.0.1; Nexus 5X Build/MMB29P) AppleWebKit/537.36 (KHTML, like Gecko) Chrome/143.0.7499.169 Mobile Safari/537.36 (compatible; Googlebot/2.1; +http://www.google.com/bot.html)"
95.214.55.117 - - [06/Jan/2026:18:17:12 -0700] "PROPFIND / HTTP/1.1" 302 3931 "-" "-"
114.119.148.64 - - [06/Jan/2026:18:17:45 -0700] "GET /ca/tecreations/security2/app/model/ HTTP/1.1" 404 4226 "https://www.tecreations.ca/ca/tecreations/security2/app/?C=D%3BO%3DA" "Mozilla/5.0 (Linux; Android 7.0;) AppleWebKit/537.36 (KHTML, like Gecko) Mobile Safari/537.36 (compatible; PetalBot;+https://webmaster.petalsearch.com/site/petalbot)"
47.128.123.6 - - [06/Jan/2026:18:18:49 -0700] "GET /ca/tecreations/UnicodeTest2.php?a=8&b=E&method=mb_chr&z=E HTTP/1.1" 404 4278 "-" "Mozilla/5.0 (compatible; Bytespider; spider-feedback@bytedance.com) AppleWebKit/537.36 (KHTML, like Gecko) Chrome/70.0.0.0 Safari/537.36"
114.119.152.47 - - [06/Jan/2026:18:19:09 -0700] "GET /ca/tecreations/security2/app/jose/ HTTP/1.1" 404 4226 "https://www.tecreations.ca/ca/tecreations/security2/app/?C=D%3BO%3DA" "Mozilla/5.0 (Linux; Android 7.0;) AppleWebKit/537.36 (KHTML, like Gecko) Mobile Safari/537.36 (compatible; PetalBot;+https://webmaster.petalsearch.com/site/petalbot)"
68.183.194.94 - - [06/Jan/2026:18:19:13 -0700] "GET /config.json HTTP/1.1" 404 493 "-" "Mozilla/5.0 (Windows NT 10.0; Win64; x64) AppleWebKit/537.36"
68.183.194.94 - - [06/Jan/2026:18:19:13 -0700] "GET /settings.json HTTP/1.1" 404 492 "-" "Mozilla/5.0 (Windows NT 10.0; Win64; x64) AppleWebKit/537.36"
68.183.194.94 - - [06/Jan/2026:18:19:13 -0700] "GET /credentials.json HTTP/1.1" 404 492 "-" "Mozilla/5.0 (Windows NT 10.0; Win64; x64) AppleWebKit/537.36"
68.183.194.94 - - [06/Jan/2026:18:19:13 -0700] "GET /secrets.json HTTP/1.1" 404 492 "-" "Mozilla/5.0 (Windows NT 10.0; Win64; x64) AppleWebKit/537.36"
68.183.194.94 - - [06/Jan/2026:18:19:14 -0700] "GET /keys.json HTTP/1.1" 404 492 "-" "Mozilla/5.0 (Windows NT 10.0; Win64; x64) AppleWebKit/537.36"
68.183.194.94 - - [06/Jan/2026:18:19:14 -0700] "GET /database.json HTTP/1.1" 404 492 "-" "Mozilla/5.0 (Windows NT 10.0; Win64; x64) AppleWebKit/537.36"
68.183.194.94 - - [06/Jan/2026:18:19:14 -0700] "GET /env.json HTTP/1.1" 404 492 "-" "Mozilla/5.0 (Windows NT 10.0; Win64; x64) AppleWebKit/537.36"
68.183.194.94 - - [06/Jan/2026:18:19:14 -0700] "GET /package.json HTTP/1.1" 404 492 "-" "Mozilla/5.0 (Windows NT 10.0; Win64; x64) AppleWebKit/537.36"
68.183.194.94 - - [06/Jan/2026:18:19:14 -0700] "GET /composer.json HTTP/1.1" 404 492 "-" "Mozilla/5.0 (Windows NT 10.0; Win64; x64) AppleWebKit/537.36"
68.183.194.94 - - [06/Jan/2026:18:19:14 -0700] "GET /appsettings.json HTTP/1.1" 404 492 "-" "Mozilla/5.0 (Windows NT 10.0; Win64; x64) AppleWebKit/537.36"
68.183.194.94 - - [06/Jan/2026:18:19:14 -0700] "GET /appsettings.Development.json HTTP/1.1" 404 492 "-" "Mozilla/5.0 (Windows NT 10.0; Win64; x64) AppleWebKit/537.36"
68.183.194.94 - - [06/Jan/2026:18:19:14 -0700] "GET /appsettings.Production.json HTTP/1.1" 404 492 "-" "Mozilla/5.0 (Windows NT 10.0; Win64; x64) AppleWebKit/537.36"
68.183.194.94 - - [06/Jan/2026:18:19:14 -0700] "GET /public/config.json HTTP/1.1" 404 492 "-" "Mozilla/5.0 (Windows NT 10.0; Win64; x64) AppleWebKit/537.36"
68.183.194.94 - - [06/Jan/2026:18:19:14 -0700] "GET /assets/config.json HTTP/1.1" 404 492 "-" "Mozilla/5.0 (Windows NT 10.0; Win64; x64) AppleWebKit/537.36"
68.183.194.94 - - [06/Jan/2026:18:19:15 -0700] "GET /data/config.json HTTP/1.1" 404 492 "-" "Mozilla/5.0 (Windows NT 10.0; Win64; x64) AppleWebKit/537.36"
68.183.194.94 - - [06/Jan/2026:18:19:15 -0700] "GET /config/production.json HTTP/1.1" 404 492 "-" "Mozilla/5.0 (Windows NT 10.0; Win64; x64) AppleWebKit/537.36"
68.183.194.94 - - [06/Jan/2026:18:19:15 -0700] "GET /config/development.json HTTP/1.1" 404 492 "-" "Mozilla/5.0 (Windows NT 10.0; Win64; x64) AppleWebKit/537.36"
68.183.194.94 - - [06/Jan/2026:18:19:15 -0700] "GET /config/test.json HTTP/1.1" 404 492 "-" "Mozilla/5.0 (Windows NT 10.0; Win64; x64) AppleWebKit/537.36"
68.183.194.94 - - [06/Jan/2026:18:19:15 -0700] "GET /config/local.json HTTP/1.1" 404 492 "-" "Mozilla/5.0 (Windows NT 10.0; Win64; x64) AppleWebKit/537.36"
195.178.110.162 - - [06/Jan/2026:18:19:54 -0700] "GET /.env HTTP/1.1" 404 4152 "-" "Mozilla/5.0 (Windows NT 6.2; rv:19.0) Gecko/20121129 Firefox/19.0"
114.119.152.47 - - [06/Jan/2026:18:20:32 -0700] "GET /ca/tecreations/security2/app/config/?C=S%3BO%3DA HTTP/1.1" 404 4226 "https://www.tecreations.ca/ca/tecreations/security2/app/config/?C=S%3BO%3DA" "Mozilla/5.0 (Linux; Android 7.0;) AppleWebKit/537.36 (KHTML, like Gecko) Mobile Safari/537.36 (compatible; PetalBot;+https://webmaster.petalsearch.com/site/petalbot)"
95.214.55.117 - - [06/Jan/2026:18:20:44 -0700] "PROPFIND / HTTP/1.1" 302 3931 "-" "-"
66.249.66.65 - - [06/Jan/2026:18:20:57 -0700] "GET /ca/tecreations/UnicodeViewer.php?z=D&a=D&b=A&method=entity HTTP/1.1" 404 4263 "-" "Mozilla/5.0 (Linux; Android 6.0.1; Nexus 5X Build/MMB29P) AppleWebKit/537.36 (KHTML, like Gecko) Chrome/143.0.7499.169 Mobile Safari/537.36 (compatible; Googlebot/2.1; +http://www.google.com/bot.html)"
114.119.135.63 - - [06/Jan/2026:18:21:56 -0700] "GET /ca/tecreations/log/TProperties.java HTTP/1.1" 404 4226 "https://www.tecreations.ca/ca/tecreations/log/log.php" "Mozilla/5.0 (Linux; Android 7.0;) AppleWebKit/537.36 (KHTML, like Gecko) Mobile Safari/537.36 (compatible; PetalBot;+https://webmaster.petalsearch.com/site/petalbot)"
47.128.26.30 - - [06/Jan/2026:18:22:34 -0700] "GET /ca/tecreations/UnicodeTest2.php?a=A&b=2&method=decimalBOLD&z=10 HTTP/1.1" 404 4274 "-" "Mozilla/5.0 (compatible; Bytespider; spider-feedback@bytedance.com) AppleWebKit/537.36 (KHTML, like Gecko) Chrome/70.0.0.0 Safari/537.36"
66.249.66.204 - - [06/Jan/2026:18:22:53 -0700] "GET /ca/tecreations/UnicodeTest2.php?z=7&a=3&b=E&method=decimal HTTP/1.1" 404 4227 "-" "Mozilla/5.0 (Linux; Android 6.0.1; Nexus 5X Build/MMB29P) AppleWebKit/537.36 (KHTML, like Gecko) Chrome/143.0.7499.169 Mobile Safari/537.36 (compatible; Googlebot/2.1; +http://www.google.com/bot.html)"
114.119.148.64 - - [06/Jan/2026:18:23:20 -0700] "GET /ca/tecreations/ViewFile.php?path=ca/tecreations/header_stop.php HTTP/1.1" 200 4330 "https://www.tecreations.ca/ca/tecreations/ViewFile.php?path=ca/tecreations/header_stop.php" "Mozilla/5.0 (Linux; Android 7.0;) AppleWebKit/537.36 (KHTML, like Gecko) Mobile Safari/537.36 (compatible; PetalBot;+https://webmaster.petalsearch.com/site/petalbot)"
95.214.55.117 - - [06/Jan/2026:18:24:26 -0700] "PROPFIND / HTTP/1.1" 302 3931 "-" "-"
114.119.144.15 - - [06/Jan/2026:18:24:44 -0700] "GET /ca/tecreations/SPACE/ENTITIES/Moons/?C=D%3BO%3DA HTTP/1.1" 404 4226 "https://www.tecreations.ca/ca/tecreations/SPACE/ENTITIES/Moons/" "Mozilla/5.0 (Linux; Android 7.0;) AppleWebKit/537.36 (KHTML, like Gecko) Mobile Safari/537.36 (compatible; PetalBot;+https://webmaster.petalsearch.com/site/petalbot)"
66.249.66.65 - - [06/Jan/2026:18:25:50 -0700] "GET /ca/tecreations/UnicodeViewer.php?z=C&a=F&b=1&method=entity HTTP/1.1" 404 4263 "-" "Mozilla/5.0 (Linux; Android 6.0.1; Nexus 5X Build/MMB29P) AppleWebKit/537.36 (KHTML, like Gecko) Chrome/143.0.7499.169 Mobile Safari/537.36 (compatible; Googlebot/2.1; +http://www.google.com/bot.html)"
47.84.22.247 - - [06/Jan/2026:18:25:57 -0700] "POST /cgi-bin/.%2e/.%2e/.%2e/.%2e/.%2e/.%2e/.%2e/.%2e/.%2e/.%2e/bin/sh HTTP/1.1" 400 4184 "-" "libredtail-http"
114.119.144.15 - - [06/Jan/2026:18:26:11 -0700] "GET /ca/tecreations/security2/app/config/SecurityConfig.class HTTP/1.1" 404 4190 "https://tecreations.ca/ca/tecreations/security2/app/config/?C=S%3BO%3DA" "Mozilla/5.0 (Linux; Android 7.0;) AppleWebKit/537.36 (KHTML, like Gecko) Mobile Safari/537.36 (compatible; PetalBot;+https://webmaster.petalsearch.com/site/petalbot)"
47.128.16.209 - - [06/Jan/2026:18:26:13 -0700] "GET /ca/tecreations/UnicodeTest2.php?a=9&b=8&method=entity&z=B HTTP/1.1" 404 4278 "-" "Mozilla/5.0 (compatible; Bytespider; spider-feedback@bytedance.com) AppleWebKit/537.36 (KHTML, like Gecko) Chrome/70.0.0.0 Safari/537.36"
216.244.66.227 - - [06/Jan/2026:18:27:11 -0700] "GET /ca/tecreations/scriptures/NIV/fr-ca/?C=S;O=D HTTP/1.1" 404 437 "-" "Mozilla/5.0 (compatible; DotBot/1.2; +https://opensiteexplorer.org/dotbot; help@moz.com)"
114.119.144.15 - - [06/Jan/2026:18:27:31 -0700] "GET /ca/tecreations/security/?C=N%3BO%3DD HTTP/1.1" 404 4190 "https://tecreations.ca/ca/tecreations/security" "Mozilla/5.0 (Linux; Android 7.0;) AppleWebKit/537.36 (KHTML, like Gecko) Mobile Safari/537.36 (compatible; PetalBot;+https://webmaster.petalsearch.com/site/petalbot)"
95.214.55.117 - - [06/Jan/2026:18:28:08 -0700] "PROPFIND / HTTP/1.1" 302 3931 "-" "-"
66.249.66.169 - - [06/Jan/2026:18:28:18 -0700] "GET /ca/tecreations/UnicodeViewer.php?z=1&a=D&b=5&method=entity HTTP/1.1" 404 4227 "-" "Mozilla/5.0 (Linux; Android 6.0.1; Nexus 5X Build/MMB29P) AppleWebKit/537.36 (KHTML, like Gecko) Chrome/143.0.7499.169 Mobile Safari/537.36 (compatible; Googlebot/2.1; +http://www.google.com/bot.html)"
114.119.152.47 - - [06/Jan/2026:18:28:56 -0700] "GET /ca/tecreations/log/TProperties.java HTTP/1.1" 404 4190 "https://tecreations.ca/ca/tecreations/log/log.php" "Mozilla/5.0 (Linux; Android 7.0;) AppleWebKit/537.36 (KHTML, like Gecko) Mobile Safari/537.36 (compatible; PetalBot;+https://webmaster.petalsearch.com/site/petalbot)"
104.207.40.114 - - [06/Jan/2026:18:29:02 -0700] "GET /ca/tecreations/ViewFile.php?path=ca/tecreations/MySQL.php HTTP/1.1" 200 7255 "-" "Mozilla/5.0 (X11; Linux x86_64; rv:103.0) Gecko/20100101 Firefox/103.0"
104.167.19.60 - - [06/Jan/2026:18:29:03 -0700] "GET /ca/tecreations/ViewFile.php?path=ca/tecreations/MySQL.php%27nvOpzp;%20AND%201=1%20OR%20(%3C%27%22%3EiKO)), HTTP/1.1" 200 3884 "-" "Mozilla/5.0 (X11; Linux x86_64; rv:103.0) Gecko/20100101 Firefox/103.0"
47.128.20.23 - - [06/Jan/2026:18:29:57 -0700] "GET /ca/tecreations/UnicodeTest2.php?a=A&b=7&method=decimal&z=F HTTP/1.1" 404 4278 "-" "Mozilla/5.0 (compatible; Bytespider; spider-feedback@bytedance.com) AppleWebKit/537.36 (KHTML, like Gecko) Chrome/70.0.0.0 Safari/537.36"
114.119.154.166 - - [06/Jan/2026:18:30:18 -0700] "GET /ca/tecreations/ViewFile.php?path=ca/tecreations/FunctionsPHP.php HTTP/1.1" 200 9697 "https://tecreations.ca/ca/tecreations/ViewFile.php?path=ca/tecreations/FunctionsPHP.php" "Mozilla/5.0 (Linux; Android 7.0;) AppleWebKit/537.36 (KHTML, like Gecko) Mobile Safari/537.36 (compatible; PetalBot;+https://webmaster.petalsearch.com/site/petalbot)"
114.119.137.116 - - [06/Jan/2026:18:31:42 -0700] "GET /ca/tecreations/ViewFile.php?path=ca/tecreations/AES256.php HTTP/1.1" 200 6342 "https://tecreations.ca/ca/tecreations/ViewFile.php?path=ca/tecreations/AES256.php" "Mozilla/5.0 (Linux; Android 7.0;) AppleWebKit/537.36 (KHTML, like Gecko) Mobile Safari/537.36 (compatible; PetalBot;+https://webmaster.petalsearch.com/site/petalbot)"
95.214.55.117 - - [06/Jan/2026:18:31:44 -0700] "PROPFIND / HTTP/1.1" 302 3931 "-" "-"
66.249.66.76 - - [06/Jan/2026:18:31:46 -0700] "GET /ca/tecreations/UnicodeViewer.php?z=B&a=E&b=0&method=entity HTTP/1.1" 404 4227 "-" "Mozilla/5.0 (Linux; Android 6.0.1; Nexus 5X Build/MMB29P) AppleWebKit/537.36 (KHTML, like Gecko) Chrome/143.0.7499.169 Mobile Safari/537.36 (compatible; Googlebot/2.1; +http://www.google.com/bot.html)"
114.119.154.166 - - [06/Jan/2026:18:33:08 -0700] "GET /ca/tecreations/ViewFile.php?path=/ca/tecreations/page_prefix.php HTTP/1.1" 200 5927 "https://tecreations.ca/ca/tecreations/ViewFile.php?path=/ca/tecreations/page_prefix.php" "Mozilla/5.0 (Linux; Android 7.0;) AppleWebKit/537.36 (KHTML, like Gecko) Mobile Safari/537.36 (compatible; PetalBot;+https://webmaster.petalsearch.com/site/petalbot)"
66.249.66.42 - - [06/Jan/2026:18:33:14 -0700] "GET /ca/tecreations/UnicodeViewer.php?z=6&a=8&b=3&method=entity HTTP/1.1" 404 4263 "-" "Mozilla/5.0 (Linux; Android 6.0.1; Nexus 5X Build/MMB29P) AppleWebKit/537.36 (KHTML, like Gecko) Chrome/143.0.7499.169 Mobile Safari/537.36 (compatible; Googlebot/2.1; +http://www.google.com/bot.html)"
