47.128.49.53 - - [25/Nov/2025:09:58:24 -0700] "GET /ca/tecreations/UnicodeTest2.php?a=2&b=A&method=entity&z=10 HTTP/1.1" 404 4272 "-" "Mozilla/5.0 (compatible; Bytespider; spider-feedback@bytedance.com) AppleWebKit/537.36 (KHTML, like Gecko) Chrome/70.0.0.0 Safari/537.36"
216.244.66.227 - - [25/Nov/2025:09:58:27 -0700] "GET /ca/tecreations/UnicodeTest2.php?z=D&a=3&b=8&method=decimal HTTP/1.1" 404 3547 "-" "Mozilla/5.0 (compatible; DotBot/1.2; +https://opensiteexplorer.org/dotbot; help@moz.com)"
216.244.66.227 - - [25/Nov/2025:09:58:29 -0700] "GET /ca/tecreations/UnicodeTest2.php?z=D&a=C&b=4&method=mb_chr HTTP/1.1" 404 3547 "-" "Mozilla/5.0 (compatible; DotBot/1.2; +https://opensiteexplorer.org/dotbot; help@moz.com)"
216.244.66.227 - - [25/Nov/2025:09:58:32 -0700] "GET /ca/tecreations/UnicodeTest2.php?z=F&a=6&b=2&method=decimalBOLD HTTP/1.1" 404 3547 "-" "Mozilla/5.0 (compatible; DotBot/1.2; +https://opensiteexplorer.org/dotbot; help@moz.com)"
114.119.148.64 - - [25/Nov/2025:09:58:45 -0700] "GET /ca/tecreations/UnicodeViewer.php?z=7&a=9&b=4&method=mb_chr HTTP/1.1" 404 4184 "https://tecreations.ca/ca/tecreations/UnicodeViewer.php?z=7&a=9&b=4&method=GET" "Mozilla/5.0 (Linux; Android 7.0;) AppleWebKit/537.36 (KHTML, like Gecko) Mobile Safari/537.36 (compatible; PetalBot;+https://webmaster.petalsearch.com/site/petalbot)"
142.44.233.42 - - [25/Nov/2025:10:00:07 -0700] "GET /ca/tecreations/UnicodeViewer.php?z=B&a=F&b=A&method=decimalBOLD HTTP/1.1" 404 4216 "-" "Mozilla/5.0 (compatible; AhrefsBot/7.0; +http://ahrefs.com/robot/)"
114.119.152.47 - - [25/Nov/2025:10:00:14 -0700] "GET /ca/tecreations/UnicodeViewer.php?z=7&a=9&b=4&method=entity HTTP/1.1" 404 4184 "https://tecreations.ca/ca/tecreations/UnicodeViewer.php?z=7&a=9&b=4&method=GET" "Mozilla/5.0 (Linux; Android 7.0;) AppleWebKit/537.36 (KHTML, like Gecko) Mobile Safari/537.36 (compatible; PetalBot;+https://webmaster.petalsearch.com/site/petalbot)"
114.119.144.15 - - [25/Nov/2025:10:01:32 -0700] "GET /ca/tecreations/UnicodeViewer.php?z=7&a=9&b=4&method=GET HTTP/1.1" 404 4184 "https://tecreations.ca/ca/tecreations/UnicodeViewer.php?z=7&a=9&b=4&method=GET" "Mozilla/5.0 (Linux; Android 7.0;) AppleWebKit/537.36 (KHTML, like Gecko) Mobile Safari/537.36 (compatible; PetalBot;+https://webmaster.petalsearch.com/site/petalbot)"
152.53.22.30 - - [25/Nov/2025:10:01:48 -0700] "-" 408 3669 "-" "-"
114.119.142.39 - - [25/Nov/2025:10:03:00 -0700] "GET /ca/tecreations/documentation/index.php HTTP/1.1" 200 6993 "https://www.tecreations.ca/ca/tecreations/ViewFile.php?path=ca/tecreations/documentation/index.php" "Mozilla/5.0 (Linux; Android 7.0;) AppleWebKit/537.36 (KHTML, like Gecko) Mobile Safari/537.36 (compatible; PetalBot;+https://webmaster.petalsearch.com/site/petalbot)"
52.90.3.139 - - [25/Nov/2025:10:03:19 -0700] "GET / HTTP/1.1" 301 515 "-" "Opera/7.50 (Windows ME; U) [en]"
52.90.3.139 - - [25/Nov/2025:10:03:19 -0700] "GET / HTTP/1.1" 302 3905 "-" "Mozilla/5.0 (OS/2; Warp 4.5; rv:24.0) Gecko/20100101 Firefox/24.0"
52.90.3.139 - - [25/Nov/2025:10:03:19 -0700] "GET /ca/tecreations/ HTTP/1.1" 200 4296 "-" "Mozilla/5.0 (X11; Linux x86_64) AppleWebKit/537.36 (KHTML, like Gecko) Chrome/100.0.4896.75 Safari/537.36"
52.3.104.214 - - [25/Nov/2025:10:04:03 -0700] "GET /ca/tecreations/menu/old_php/home.php HTTP/1.1" 200 3433 "-" "Mozilla/5.0 AppleWebKit/537.36 (KHTML, like Gecko; compatible; Amazonbot/0.1; +https://developer.amazon.com/support/amazonbot) Chrome/119.0.6045.214 Safari/537.36"
34.206.193.60 - - [25/Nov/2025:10:04:07 -0700] "GET /ca/tecreations/menu/old_php/?C=M;O%3DA HTTP/1.1" 200 3865 "-" "Mozilla/5.0 AppleWebKit/537.36 (KHTML, like Gecko; compatible; Amazonbot/0.1; +https://developer.amazon.com/support/amazonbot) Chrome/119.0.6045.214 Safari/537.36"
114.119.152.47 - - [25/Nov/2025:10:04:19 -0700] "GET /ca/tecreations/RequestGroupBingoCardDatabase.php HTTP/1.1" 200 4211 "https://www.tecreations.ca/ca/tecreations/Proverbs.php" "Mozilla/5.0 (Linux; Android 7.0;) AppleWebKit/537.36 (KHTML, like Gecko) Mobile Safari/537.36 (compatible; PetalBot;+https://webmaster.petalsearch.com/site/petalbot)"
114.119.148.64 - - [25/Nov/2025:10:05:42 -0700] "GET /ca/tecreations/php_stuff/php_login/Login/List.php HTTP/1.1" 200 5958 "https://tecreations.ca/ca/tecreations/php_stuff/php_login/Login/index.php" "Mozilla/5.0 (Linux; Android 7.0;) AppleWebKit/537.36 (KHTML, like Gecko) Mobile Safari/537.36 (compatible; PetalBot;+https://webmaster.petalsearch.com/site/petalbot)"
47.128.28.153 - - [25/Nov/2025:10:05:47 -0700] "GET /ca/tecreations/UnicodeTest2.php?a=A&b=A&method=entity&z=10 HTTP/1.1" 404 4272 "-" "Mozilla/5.0 (compatible; Bytespider; spider-feedback@bytedance.com) AppleWebKit/537.36 (KHTML, like Gecko) Chrome/70.0.0.0 Safari/537.36"
47.128.59.83 - - [25/Nov/2025:10:05:47 -0700] "GET /ca/tecreations/UnicodeTest2.php?a=9&b=9&method=mb_chr&z=6 HTTP/1.1" 404 4268 "-" "Mozilla/5.0 (compatible; Bytespider; spider-feedback@bytedance.com) AppleWebKit/537.36 (KHTML, like Gecko) Chrome/70.0.0.0 Safari/537.36"
54.39.136.13 - - [25/Nov/2025:10:06:00 -0700] "GET /ca/tecreations/UnicodeViewer.php?z=5&a=F&b=5&method=decimalBOLD HTTP/1.1" 404 4216 "-" "Mozilla/5.0 (compatible; AhrefsBot/7.0; +http://ahrefs.com/robot/)"
114.119.158.46 - - [25/Nov/2025:10:07:13 -0700] "GET /ca/tecreations/ViewFile.php?path=ca/tecreations/ccm.php HTTP/1.1" 200 4287 "https://tecreations.ca/ca/tecreations/ViewFile.php?path=ca/tecreations/ccm.php" "Mozilla/5.0 (Linux; Android 7.0;) AppleWebKit/537.36 (KHTML, like Gecko) Mobile Safari/537.36 (compatible; PetalBot;+https://webmaster.petalsearch.com/site/petalbot)"
114.119.137.116 - - [25/Nov/2025:10:09:05 -0700] "GET /ca/tecreations/UnicodeViewer.php?z=F&a=F&b=0&method=GET HTTP/1.1" 404 4184 "https://tecreations.ca/ca/tecreations/UnicodeViewer.php?z=F&a=4&b=0&method=GET" "Mozilla/5.0 (Linux; Android 7.0;) AppleWebKit/537.36 (KHTML, like Gecko) Mobile Safari/537.36 (compatible; PetalBot;+https://webmaster.petalsearch.com/site/petalbot)"
45.135.193.9 - - [25/Nov/2025:10:09:12 -0700] "GET http://ip-api.com/json/ HTTP/1.1" 404 433 "-" "Go-http-client/1.1"
5.187.35.21 - - [25/Nov/2025:10:10:05 -0700] "GET / HTTP/1.1" 302 178 "-" "-"
114.119.158.46 - - [25/Nov/2025:10:10:07 -0700] "GET /ca/tecreations/UnicodeViewer.php?z=D&a=F&b=5&method=GET HTTP/1.1" 404 4184 "https://tecreations.ca/ca/tecreations/UnicodeViewer.php?z=D&a=4&b=5&method=GET" "Mozilla/5.0 (Linux; Android 7.0;) AppleWebKit/537.36 (KHTML, like Gecko) Mobile Safari/537.36 (compatible; PetalBot;+https://webmaster.petalsearch.com/site/petalbot)"
104.152.52.63 - - [25/Nov/2025:10:10:10 -0700] "GET / HTTP/1.1" 302 3888 "-" "curl/7.61.1"
142.44.233.183 - - [25/Nov/2025:10:10:47 -0700] "GET /ca/tecreations/UnicodeViewer.php?z=5&a=F&b=9&method=decimalBOLD HTTP/1.1" 404 4216 "-" "Mozilla/5.0 (compatible; AhrefsBot/7.0; +http://ahrefs.com/robot/)"
114.119.154.166 - - [25/Nov/2025:10:11:18 -0700] "GET /ca/tecreations/UnicodeViewer.php?z=C&a=4&b=9&method=GET HTTP/1.1" 404 4184 "https://tecreations.ca/ca/tecreations/UnicodeViewer.php?z=C&a=4&b=0&method=GET" "Mozilla/5.0 (Linux; Android 7.0;) AppleWebKit/537.36 (KHTML, like Gecko) Mobile Safari/537.36 (compatible; PetalBot;+https://webmaster.petalsearch.com/site/petalbot)"
114.119.154.166 - - [25/Nov/2025:10:12:41 -0700] "GET /ca/tecreations/UnicodeViewer.php?z=9&a=8&b=C&method=GET HTTP/1.1" 404 4184 "https://tecreations.ca/ca/tecreations/UnicodeViewer.php?z=B&a=8&b=C&method=GET" "Mozilla/5.0 (Linux; Android 7.0;) AppleWebKit/537.36 (KHTML, like Gecko) Mobile Safari/537.36 (compatible; PetalBot;+https://webmaster.petalsearch.com/site/petalbot)"
47.128.127.4 - - [25/Nov/2025:10:13:10 -0700] "GET /ca/tecreations/UnicodeTest2.php?a=6&b=B&method=mb_chr&z=8 HTTP/1.1" 404 4272 "-" "Mozilla/5.0 (compatible; Bytespider; spider-feedback@bytedance.com) AppleWebKit/537.36 (KHTML, like Gecko) Chrome/70.0.0.0 Safari/537.36"
47.128.59.87 - - [25/Nov/2025:10:13:10 -0700] "GET /ca/tecreations/UnicodeTest2.php?a=F&b=A&method=entity&z=D HTTP/1.1" 404 4268 "-" "Mozilla/5.0 (compatible; Bytespider; spider-feedback@bytedance.com) AppleWebKit/537.36 (KHTML, like Gecko) Chrome/70.0.0.0 Safari/537.36"
66.249.66.202 - - [25/Nov/2025:10:13:10 -0700] "GET /ca/tecreations/UnicodeViewer.php?z=2&a=B&b=3&method=decimal HTTP/1.1" 404 4221 "-" "Mozilla/5.0 (Linux; Android 6.0.1; Nexus 5X Build/MMB29P) AppleWebKit/537.36 (KHTML, like Gecko) Chrome/141.0.7390.122 Mobile Safari/537.36 (compatible; Googlebot/2.1; +http://www.google.com/bot.html)"
114.119.148.64 - - [25/Nov/2025:10:14:04 -0700] "GET /ca/tecreations/UnicodeViewer.php?z=8&a=C&b=0&method=GET HTTP/1.1" 404 4184 "https://tecreations.ca/ca/tecreations/UnicodeViewer.php?z=8&a=2&b=0&method=GET" "Mozilla/5.0 (Linux; Android 7.0;) AppleWebKit/537.36 (KHTML, like Gecko) Mobile Safari/537.36 (compatible; PetalBot;+https://webmaster.petalsearch.com/site/petalbot)"
51.161.37.68 - - [25/Nov/2025:10:15:10 -0700] "GET /ca/tecreations/UnicodeViewer.php?z=5&a=F&b=D&method=decimalBOLD HTTP/1.1" 404 4216 "-" "Mozilla/5.0 (compatible; AhrefsBot/7.0; +http://ahrefs.com/robot/)"
114.119.154.166 - - [25/Nov/2025:10:15:30 -0700] "GET /ca/tecreations/UnicodeViewer.php?z=7&a=9&b=0&method=entity HTTP/1.1" 404 4184 "https://tecreations.ca/ca/tecreations/UnicodeViewer.php?z=7&a=1&b=0&method=entity" "Mozilla/5.0 (Linux; Android 7.0;) AppleWebKit/537.36 (KHTML, like Gecko) Mobile Safari/537.36 (compatible; PetalBot;+https://webmaster.petalsearch.com/site/petalbot)"
114.119.144.15 - - [25/Nov/2025:10:16:54 -0700] "GET /ca/tecreations/UnicodeViewer.php?z=7&a=9&b=0&method=decimal HTTP/1.1" 404 4184 "https://tecreations.ca/ca/tecreations/UnicodeViewer.php?z=7&a=4&b=0&method=decimal" "Mozilla/5.0 (Linux; Android 7.0;) AppleWebKit/537.36 (KHTML, like Gecko) Mobile Safari/537.36 (compatible; PetalBot;+https://webmaster.petalsearch.com/site/petalbot)"
204.76.203.212 - - [25/Nov/2025:10:16:55 -0700] "GET / HTTP/1.1" 302 234 "-" "Mozilla/5.0 (Windows NT 10.0; Win64; x64) AppleWebKit/537.36 (KHTML, like Gecko) Chrome/90.0.4430.85 Safari/537.36 Edg/90.0.818.46"
51.75.116.202 - - [25/Nov/2025:10:17:06 -0700] "GET /robots.txt HTTP/1.1" 301 591 "-" "Mozilla/5.0 (compatible; MJ12bot/v1.4.8; http://mj12bot.com/)"
51.75.116.202 - - [25/Nov/2025:10:17:07 -0700] "GET /robots.txt HTTP/1.1" 404 3753 "-" "Mozilla/5.0 (compatible; MJ12bot/v1.4.8; http://mj12bot.com/)"
51.75.116.202 - - [25/Nov/2025:10:17:09 -0700] "GET /ca/tecreations/public/North%20America/%00http HTTP/1.1" 404 437 "-" "Mozilla/5.0 (compatible; MJ12bot/v1.4.8; http://mj12bot.com/)"
51.75.116.202 - - [25/Nov/2025:10:17:10 -0700] "GET /ca/tecreations/snapshots/2025/8/28/13.38.50%20-%20User%20Initiated/%00http HTTP/1.1" 404 437 "-" "Mozilla/5.0 (compatible; MJ12bot/v1.4.8; http://mj12bot.com/)"
51.75.116.202 - - [25/Nov/2025:10:17:13 -0700] "GET /ca/tecreations/snapshots/2025/8/28/14.06.44%20-%20User%20Initiated/%00http HTTP/1.1" 404 437 "-" "Mozilla/5.0 (compatible; MJ12bot/v1.4.8; http://mj12bot.com/)"
51.75.116.202 - - [25/Nov/2025:10:17:15 -0700] "GET /ca/tecreations/snapshots/2025/8/29/4.55.34%20-%20User%20Initiated/%00http HTTP/1.1" 404 437 "-" "Mozilla/5.0 (compatible; MJ12bot/v1.4.8; http://mj12bot.com/)"
51.75.116.202 - - [25/Nov/2025:10:17:17 -0700] "GET /ca/tecreations/snapshots/2025/8/3/00.48.19%20-%20User%20Initiated/biblegateway.org HTTP/1.1" 404 3697 "-" "Mozilla/5.0 (compatible; MJ12bot/v1.4.8; http://mj12bot.com/)"
51.75.116.202 - - [25/Nov/2025:10:17:19 -0700] "GET /ca/tecreations/snapshots/2025/8/3/21.58.21%20-%20User%20Initiated/biblegateway.org HTTP/1.1" 404 459 "-" "Mozilla/5.0 (compatible; MJ12bot/v1.4.8; http://mj12bot.com/)"
51.75.116.202 - - [25/Nov/2025:10:17:21 -0700] "GET /ca/tecreations/snapshots/2025/8/3/Evening%20-%2023.59.59/biblegateway.org HTTP/1.1" 404 459 "-" "Mozilla/5.0 (compatible; MJ12bot/v1.4.8; http://mj12bot.com/)"
51.75.116.202 - - [25/Nov/2025:10:17:23 -0700] "GET /ca/tecreations/snapshots/2025/8/8/Evening%20-%2023.59.59/%00http HTTP/1.1" 404 437 "-" "Mozilla/5.0 (compatible; MJ12bot/v1.4.8; http://mj12bot.com/)"
51.75.116.202 - - [25/Nov/2025:10:17:25 -0700] "GET /ca/tecreations/snapshots/2025/9/1/00.42.26%20-%20User%20Initiated/%00http HTTP/1.1" 404 437 "-" "Mozilla/5.0 (compatible; MJ12bot/v1.4.8; http://mj12bot.com/)"
51.75.116.202 - - [25/Nov/2025:10:17:27 -0700] "GET /ca/tecreations/snapshots/2025/9/1/13.13.40%20-%20User%20Initiated/%00http HTTP/1.1" 404 437 "-" "Mozilla/5.0 (compatible; MJ12bot/v1.4.8; http://mj12bot.com/)"
51.75.116.202 - - [25/Nov/2025:10:17:29 -0700] "GET /ca/tecreations/snapshots/2025/9/1/17.51.35%20-%20User%20Initiated/%00http HTTP/1.1" 404 437 "-" "Mozilla/5.0 (compatible; MJ12bot/v1.4.8; http://mj12bot.com/)"
51.75.116.202 - - [25/Nov/2025:10:17:30 -0700] "GET /ca/tecreations/snapshots/2025/9/1/Evening%20-%2023.59.59/%00http HTTP/1.1" 404 437 "-" "Mozilla/5.0 (compatible; MJ12bot/v1.4.8; http://mj12bot.com/)"
51.75.116.202 - - [25/Nov/2025:10:17:32 -0700] "GET /ca/tecreations/snapshots/2025/9/1/Morning%20-%2011.59.59/%00http HTTP/1.1" 404 437 "-" "Mozilla/5.0 (compatible; MJ12bot/v1.4.8; http://mj12bot.com/)"
51.75.116.202 - - [25/Nov/2025:10:17:34 -0700] "GET /ca/tecreations/snapshots/2025/9/2/18.18.39%20-%20User%20Initiated/%00http HTTP/1.1" 404 437 "-" "Mozilla/5.0 (compatible; MJ12bot/v1.4.8; http://mj12bot.com/)"
51.75.116.202 - - [25/Nov/2025:10:17:36 -0700] "GET /ca/tecreations/snapshots/2025/9/2/20.25.23%20-%20User%20Initiated/%00http HTTP/1.1" 404 437 "-" "Mozilla/5.0 (compatible; MJ12bot/v1.4.8; http://mj12bot.com/)"
51.75.116.202 - - [25/Nov/2025:10:17:38 -0700] "GET /ca/tecreations/snapshots/2025/9/2/6.17.18%20-%20User%20Initiated/%00http HTTP/1.1" 404 437 "-" "Mozilla/5.0 (compatible; MJ12bot/v1.4.8; http://mj12bot.com/)"
51.75.116.202 - - [25/Nov/2025:10:17:39 -0700] "GET /ca/tecreations/snapshots/2025/9/2/8.32.30%20-%20User%20Initiated/%00http HTTP/1.1" 404 437 "-" "Mozilla/5.0 (compatible; MJ12bot/v1.4.8; http://mj12bot.com/)"
51.75.116.202 - - [25/Nov/2025:10:17:41 -0700] "GET /ca/tecreations/snapshots/2025/9/2/Evening%20-%2023.59.59/%00http HTTP/1.1" 404 437 "-" "Mozilla/5.0 (compatible; MJ12bot/v1.4.8; http://mj12bot.com/)"
51.75.116.202 - - [25/Nov/2025:10:17:43 -0700] "GET /ca/tecreations/snapshots/2025/9/2/Morning%20-%2011.59.59/%00http HTTP/1.1" 404 437 "-" "Mozilla/5.0 (compatible; MJ12bot/v1.4.8; http://mj12bot.com/)"
51.75.116.202 - - [25/Nov/2025:10:17:44 -0700] "GET /ca/tecreations/snapshots/2025/9/3/1.10.28%20-%20User%20Initiated/%00http HTTP/1.1" 404 437 "-" "Mozilla/5.0 (compatible; MJ12bot/v1.4.8; http://mj12bot.com/)"
66.249.66.66 - - [25/Nov/2025:10:18:10 -0700] "GET /ca/tecreations/scriptures/Genesis_1-2.3.php HTTP/1.1" 200 5493 "-" "Mozilla/5.0 (Linux; Android 6.0.1; Nexus 5X Build/MMB29P) AppleWebKit/537.36 (KHTML, like Gecko) Chrome/141.0.7390.122 Mobile Safari/537.36 (compatible; Googlebot/2.1; +http://www.google.com/bot.html)"
114.119.148.64 - - [25/Nov/2025:10:18:15 -0700] "GET /ca/tecreations/UnicodeViewer.php?z=7&a=9&b=0&method=GET HTTP/1.1" 404 4184 "https://tecreations.ca/ca/tecreations/UnicodeViewer.php?z=7&a=9&b=4&method=GET" "Mozilla/5.0 (Linux; Android 7.0;) AppleWebKit/537.36 (KHTML, like Gecko) Mobile Safari/537.36 (compatible; PetalBot;+https://webmaster.petalsearch.com/site/petalbot)"
54.39.136.232 - - [25/Nov/2025:10:18:59 -0700] "GET /ca/tecreations/UnicodeViewer.php?z=5&a=F&b=8&method=decimalBOLD HTTP/1.1" 404 4216 "-" "Mozilla/5.0 (compatible; AhrefsBot/7.0; +http://ahrefs.com/robot/)"
114.119.137.116 - - [25/Nov/2025:10:19:39 -0700] "GET /ca/tecreations/UnicodeViewer.php?z=7&a=8&b=F&method=GET HTTP/1.1" 404 4184 "https://tecreations.ca/ca/tecreations/UnicodeViewer.php?z=9&a=8&b=F&method=GET" "Mozilla/5.0 (Linux; Android 7.0;) AppleWebKit/537.36 (KHTML, like Gecko) Mobile Safari/537.36 (compatible; PetalBot;+https://webmaster.petalsearch.com/site/petalbot)"
47.128.118.16 - - [25/Nov/2025:10:20:33 -0700] "GET /ca/tecreations/UnicodeTest2.php?a=3&b=C&method=decimal&z=D HTTP/1.1" 404 4268 "-" "Mozilla/5.0 (compatible; Bytespider; spider-feedback@bytedance.com) AppleWebKit/537.36 (KHTML, like Gecko) Chrome/70.0.0.0 Safari/537.36"
47.128.62.183 - - [25/Nov/2025:10:20:33 -0700] "GET /ca/tecreations/UnicodeTest2.php?a=C&b=8&method=entity&z=8 HTTP/1.1" 404 4272 "-" "Mozilla/5.0 (compatible; Bytespider; spider-feedback@bytedance.com) AppleWebKit/537.36 (KHTML, like Gecko) Chrome/70.0.0.0 Safari/537.36"
34.145.113.14 - - [25/Nov/2025:10:20:54 -0700] "HEAD /blog/ HTTP/1.1" 301 188 "-" "Mozilla/5.0 (Macintosh; Intel Mac OS X 13_6) AppleWebKit/537.36 (KHTML, like Gecko) Chrome/122.0.6280.88 Safari/537.36"
34.145.113.14 - - [25/Nov/2025:10:20:54 -0700] "HEAD /blog/ HTTP/1.1" 404 3914 "http://tecreations.ca/blog/" "Mozilla/5.0 (Macintosh; Intel Mac OS X 13_6) AppleWebKit/537.36 (KHTML, like Gecko) Chrome/122.0.6280.88 Safari/537.36"
34.145.113.14 - - [25/Nov/2025:10:20:54 -0700] "HEAD /wp/ HTTP/1.1" 301 186 "-" "Mozilla/5.0 (Linux; Android 13; SAMSUNG SM-S918B) AppleWebKit/537.36 (KHTML, like Gecko) SamsungBrowser/24.0 Chrome/120.0.6099.144 Mobile Safari/537.36"
34.145.113.14 - - [25/Nov/2025:10:20:54 -0700] "HEAD /wp/ HTTP/1.1" 404 162 "http://tecreations.ca/wp/" "Mozilla/5.0 (Linux; Android 13; SAMSUNG SM-S918B) AppleWebKit/537.36 (KHTML, like Gecko) SamsungBrowser/24.0 Chrome/120.0.6099.144 Mobile Safari/537.36"
34.145.113.14 - - [25/Nov/2025:10:20:54 -0700] "HEAD / HTTP/1.1" 301 183 "-" "Mozilla/5.0 (X11; Linux x86_64) AppleWebKit/537.36 (KHTML, like Gecko) Chrome/121.0.6167.85 Safari/537.36"
34.145.113.14 - - [25/Nov/2025:10:20:54 -0700] "HEAD / HTTP/1.1" 302 181 "http://tecreations.ca/" "Mozilla/5.0 (X11; Linux x86_64) AppleWebKit/537.36 (KHTML, like Gecko) Chrome/121.0.6167.85 Safari/537.36"
34.145.113.14 - - [25/Nov/2025:10:20:54 -0700] "HEAD /ca/tecreations/ HTTP/1.1" 200 231 "https://tecreations.ca/" "Mozilla/5.0 (X11; Linux x86_64) AppleWebKit/537.36 (KHTML, like Gecko) Chrome/121.0.6167.85 Safari/537.36"
34.145.113.14 - - [25/Nov/2025:10:20:54 -0700] "HEAD /new/ HTTP/1.1" 301 187 "-" "Mozilla/5.0 (Windows NT 11.0; Win64; x64; rv:126.0) Gecko/20100101 Firefox/126.0"
34.145.113.14 - - [25/Nov/2025:10:20:54 -0700] "HEAD /new/ HTTP/1.1" 404 162 "http://tecreations.ca/new/" "Mozilla/5.0 (Windows NT 11.0; Win64; x64; rv:126.0) Gecko/20100101 Firefox/126.0"
34.145.113.14 - - [25/Nov/2025:10:20:54 -0700] "HEAD /wordpress/ HTTP/1.1" 301 193 "-" "Mozilla/5.0 (iPad; CPU OS 16_6 like Mac OS X) AppleWebKit/605.1.15 (KHTML, like Gecko) Version/16.6 Mobile/15E148 Safari/604.1"
34.145.113.14 - - [25/Nov/2025:10:20:54 -0700] "HEAD /wordpress/ HTTP/1.1" 404 162 "http://tecreations.ca/wordpress/" "Mozilla/5.0 (iPad; CPU OS 16_6 like Mac OS X) AppleWebKit/605.1.15 (KHTML, like Gecko) Version/16.6 Mobile/15E148 Safari/604.1"
34.145.113.14 - - [25/Nov/2025:10:20:54 -0700] "HEAD /old/ HTTP/1.1" 301 187 "-" "Mozilla/5.0 (iPad; CPU OS 16_6 like Mac OS X) AppleWebKit/605.1.15 (KHTML, like Gecko) Version/16.6 Mobile/15E148 Safari/604.1"
34.145.113.14 - - [25/Nov/2025:10:20:54 -0700] "HEAD /old/ HTTP/1.1" 404 162 "http://tecreations.ca/old/" "Mozilla/5.0 (iPad; CPU OS 16_6 like Mac OS X) AppleWebKit/605.1.15 (KHTML, like Gecko) Version/16.6 Mobile/15E148 Safari/604.1"
34.145.113.14 - - [25/Nov/2025:10:20:55 -0700] "HEAD /backup/ HTTP/1.1" 301 190 "-" "Mozilla/5.0 (Macintosh; Intel Mac OS X 14_2) AppleWebKit/537.36 (KHTML, like Gecko) Chrome/121.0.6167.86 Safari/537.36 Brave/1.62.162"
34.145.113.14 - - [25/Nov/2025:10:20:55 -0700] "HEAD /backup/ HTTP/1.1" 404 162 "http://tecreations.ca/backup/" "Mozilla/5.0 (Macintosh; Intel Mac OS X 14_2) AppleWebKit/537.36 (KHTML, like Gecko) Chrome/121.0.6167.86 Safari/537.36 Brave/1.62.162"
114.119.148.64 - - [25/Nov/2025:10:21:04 -0700] "GET /ca/tecreations/UnicodeViewer.php?z=7&a=8&b=D&method=GET HTTP/1.1" 404 4184 "https://tecreations.ca/ca/tecreations/UnicodeViewer.php?z=6&a=8&b=D&method=GET" "Mozilla/5.0 (Linux; Android 7.0;) AppleWebKit/537.36 (KHTML, like Gecko) Mobile Safari/537.36 (compatible; PetalBot;+https://webmaster.petalsearch.com/site/petalbot)"
114.119.135.63 - - [25/Nov/2025:10:22:27 -0700] "GET /ca/tecreations/UnicodeViewer.php?z=7&a=8&b=B&method=GET HTTP/1.1" 404 4184 "https://tecreations.ca/ca/tecreations/UnicodeViewer.php?z=7&a=8&b=0&method=GET" "Mozilla/5.0 (Linux; Android 7.0;) AppleWebKit/537.36 (KHTML, like Gecko) Mobile Safari/537.36 (compatible; PetalBot;+https://webmaster.petalsearch.com/site/petalbot)"
51.222.95.15 - - [25/Nov/2025:10:22:34 -0700] "GET /ca/tecreations/UnicodeViewer.php?z=A&a=F&b=2&method=decimalBOLD HTTP/1.1" 404 4216 "-" "Mozilla/5.0 (compatible; AhrefsBot/7.0; +http://ahrefs.com/robot/)"
114.119.144.15 - - [25/Nov/2025:10:23:50 -0700] "GET /ca/tecreations/UnicodeViewer.php?z=7&a=8&b=6&method=GET HTTP/1.1" 404 4184 "https://tecreations.ca/ca/tecreations/UnicodeViewer.php?z=B&a=8&b=6&method=GET" "Mozilla/5.0 (Linux; Android 7.0;) AppleWebKit/537.36 (KHTML, like Gecko) Mobile Safari/537.36 (compatible; PetalBot;+https://webmaster.petalsearch.com/site/petalbot)"
114.119.135.63 - - [25/Nov/2025:10:25:24 -0700] "GET /ca/tecreations/page_prefix.php HTTP/1.1" 200 3952 "https://www.tecreations.ca/ca/tecreations/Proverbs.php" "Mozilla/5.0 (Linux; Android 7.0;) AppleWebKit/537.36 (KHTML, like Gecko) Mobile Safari/537.36 (compatible; PetalBot;+https://webmaster.petalsearch.com/site/petalbot)"
54.39.136.80 - - [25/Nov/2025:10:26:11 -0700] "GET /ca/tecreations/UnicodeViewer.php?z=A&a=F&b=4&method=decimalBOLD HTTP/1.1" 404 4216 "-" "Mozilla/5.0 (compatible; AhrefsBot/7.0; +http://ahrefs.com/robot/)"
114.119.152.47 - - [25/Nov/2025:10:26:38 -0700] "GET /ca/tecreations/ViewFile.php?path=ca/tecreations/html_brand_menu_start.php HTTP/1.1" 200 6095 "https://www.tecreations.ca/ca/tecreations/ViewFile.php?path=ca/tecreations/html_brand_menu_start.php" "Mozilla/5.0 (Linux; Android 7.0;) AppleWebKit/537.36 (KHTML, like Gecko) Mobile Safari/537.36 (compatible; PetalBot;+https://webmaster.petalsearch.com/site/petalbot)"
213.209.157.94 - - [25/Nov/2025:10:27:40 -0700] "GET /.git/config HTTP/1.1" 404 4146 "-" "Mozilla/5.0 (Linux; Android 9; VTR-AL00 Build/HUAWEIVTR-AL00; wv) AppleWebKit/537.36 (KHTML, like Gecko) Version/4.0 Chrome/66.0.3359.126 MQQBrowser/6.2 TBS/044807 Mobile Safari/537.36 MMWEBID/6475 MicroMessenger/7.0.6.1460(0x27000634) Process/tools NetType/4G Language/zh_CN"
47.128.61.155 - - [25/Nov/2025:10:27:55 -0700] "GET /ca/tecreations/UnicodeTest2.php?a=2&b=A&method=entity&z=F HTTP/1.1" 404 4272 "-" "Mozilla/5.0 (compatible; Bytespider; spider-feedback@bytedance.com) AppleWebKit/537.36 (KHTML, like Gecko) Chrome/70.0.0.0 Safari/537.36"
47.128.32.230 - - [25/Nov/2025:10:27:55 -0700] "GET /ca/tecreations/UnicodeTest2.php?a=1&b=2&method=entity&z=10 HTTP/1.1" 404 4272 "-" "Mozilla/5.0 (compatible; Bytespider; spider-feedback@bytedance.com) AppleWebKit/537.36 (KHTML, like Gecko) Chrome/70.0.0.0 Safari/537.36"
114.119.152.47 - - [25/Nov/2025:10:28:09 -0700] "GET /ca/tecreations/ViewFile.php?path=ca/tecreations/api/who.php HTTP/1.1" 200 5955 "https://www.tecreations.ca/ca/tecreations/api/List.php" "Mozilla/5.0 (Linux; Android 7.0;) AppleWebKit/537.36 (KHTML, like Gecko) Mobile Safari/537.36 (compatible; PetalBot;+https://webmaster.petalsearch.com/site/petalbot)"
216.244.66.227 - - [25/Nov/2025:10:29:20 -0700] "GET /robots.txt HTTP/1.1" 301 535 "-" "Mozilla/5.0 (compatible; DotBot/1.2; +https://opensiteexplorer.org/dotbot; help@moz.com)"
216.244.66.227 - - [25/Nov/2025:10:29:20 -0700] "GET /robots.txt HTTP/1.1" 404 3547 "-" "Mozilla/5.0 (compatible; DotBot/1.2; +https://opensiteexplorer.org/dotbot; help@moz.com)"
114.119.144.15 - - [25/Nov/2025:10:29:25 -0700] "GET /ca/tecreations/contact.php HTTP/1.1" 200 6122 "https://tecreations.ca/ca/tecreations/ViewFile.php?path=/ca/tecreations/incrementProjectJarsDownloads.php" "Mozilla/5.0 (Linux; Android 7.0;) AppleWebKit/537.36 (KHTML, like Gecko) Mobile Safari/537.36 (compatible; PetalBot;+https://webmaster.petalsearch.com/site/petalbot)"
142.44.233.6 - - [25/Nov/2025:10:29:29 -0700] "GET /ca/tecreations/UnicodeViewer.php?z=A&a=F&b=6&method=decimalBOLD HTTP/1.1" 404 4216 "-" "Mozilla/5.0 (compatible; AhrefsBot/7.0; +http://ahrefs.com/robot/)"
51.68.111.242 - - [25/Nov/2025:10:29:38 -0700] "GET /robots.txt HTTP/1.1" 404 4221 "-" "Mozilla/5.0 (compatible; MJ12bot/v2.0.4; http://mj12bot.com/)"
51.68.111.242 - - [25/Nov/2025:10:29:39 -0700] "GET / HTTP/1.1" 302 255 "-" "Mozilla/5.0 (compatible; MJ12bot/v2.0.4; http://mj12bot.com/)"
51.68.111.242 - - [25/Nov/2025:10:29:39 -0700] "GET /ca/tecreations/ HTTP/1.1" 200 4351 "-" "Mozilla/5.0 (compatible; MJ12bot/v2.0.4; http://mj12bot.com/)"
114.119.137.116 - - [25/Nov/2025:10:30:48 -0700] "GET /ca/tecreations/ViewFile.php?path=ca/tecreations/postNextPHP.php HTTP/1.1" 200 4291 "https://tecreations.ca/ca/tecreations/ViewFile.php?path=ca/tecreations/postNextPHP.php" "Mozilla/5.0 (Linux; Android 7.0;) AppleWebKit/537.36 (KHTML, like Gecko) Mobile Safari/537.36 (compatible; PetalBot;+https://webmaster.petalsearch.com/site/petalbot)"
114.119.154.166 - - [25/Nov/2025:10:32:15 -0700] "GET /ca/tecreations/ViewFile.php?path=ca/tecreations/music_non-ccm.php HTTP/1.1" 200 4295 "https://tecreations.ca/ca/tecreations/ViewFile.php?path=ca/tecreations/music_non-ccm.php" "Mozilla/5.0 (Linux; Android 7.0;) AppleWebKit/537.36 (KHTML, like Gecko) Mobile Safari/537.36 (compatible; PetalBot;+https://webmaster.petalsearch.com/site/petalbot)"
185.242.226.113 - - [25/Nov/2025:10:32:22 -0700] "GET / HTTP/1.1" 302 178 "-" "Mozilla/5.0 (Windows NT 10.0; Win64; x64) AppleWebKit/537.36 (KHTML, like Gecko) Chrome/88.0.4324.190 Safari/537.36"
185.242.226.113 - - [25/Nov/2025:10:32:22 -0700] "GET /ca/tecreations/ HTTP/1.1" 200 4312 "http://134.122.41.0:80/" "Mozilla/5.0 (Windows NT 10.0; Win64; x64) AppleWebKit/537.36 (KHTML, like Gecko) Chrome/88.0.4324.190 Safari/537.36"
54.39.0.64 - - [25/Nov/2025:10:32:23 -0700] "GET /ca/tecreations/UnicodeViewer.php?z=A&a=F&b=7&method=decimalBOLD HTTP/1.1" 404 4216 "-" "Mozilla/5.0 (compatible; AhrefsBot/7.0; +http://ahrefs.com/robot/)"
185.242.226.113 - - [25/Nov/2025:10:32:59 -0700] "GET /favicon.png HTTP/1.1" 200 1293 "-" "Python/3.7 aiohttp/3.8.1"
114.119.158.46 - - [25/Nov/2025:10:33:41 -0700] "GET /ca/tecreations/ViewFile.php?path=ca/tecreations/NetworkTime.php HTTP/1.1" 200 8300 "https://tecreations.ca/ca/tecreations/ViewFile.php?path=ca/tecreations/NetworkTime.php" "Mozilla/5.0 (Linux; Android 7.0;) AppleWebKit/537.36 (KHTML, like Gecko) Mobile Safari/537.36 (compatible; PetalBot;+https://webmaster.petalsearch.com/site/petalbot)"
114.119.152.47 - - [25/Nov/2025:10:35:04 -0700] "GET /ca/tecreations/UnicodeViewer.php?z=E&a=8&b=0&method=GET HTTP/1.1" 404 4184 "https://tecreations.ca/ca/tecreations/UnicodeViewer.php?z=8&a=8&b=0&method=GET" "Mozilla/5.0 (Linux; Android 7.0;) AppleWebKit/537.36 (KHTML, like Gecko) Mobile Safari/537.36 (compatible; PetalBot;+https://webmaster.petalsearch.com/site/petalbot)"
47.128.115.24 - - [25/Nov/2025:10:35:19 -0700] "GET /ca/tecreations/UnicodeTest2.php?z=8&a=E&b=B&method=decimalBOLD HTTP/1.1" 404 4268 "-" "Mozilla/5.0 (compatible; Bytespider; spider-feedback@bytedance.com) AppleWebKit/537.36 (KHTML, like Gecko) Chrome/70.0.0.0 Safari/537.36"
47.128.40.154 - - [25/Nov/2025:10:35:19 -0700] "GET /ca/tecreations/UnicodeTest2.php?a=A&b=5&method=mb_chr&z=E HTTP/1.1" 404 4268 "-" "Mozilla/5.0 (compatible; Bytespider; spider-feedback@bytedance.com) AppleWebKit/537.36 (KHTML, like Gecko) Chrome/70.0.0.0 Safari/537.36"
54.39.203.193 - - [25/Nov/2025:10:35:25 -0700] "GET /ca/tecreations/UnicodeViewer.php?z=9&a=F&b=2&method=decimalBOLD HTTP/1.1" 404 4216 "-" "Mozilla/5.0 (compatible; AhrefsBot/7.0; +http://ahrefs.com/robot/)"
193.142.147.209 - - [25/Nov/2025:10:35:29 -0700] "GET /cgi-bin/luci/;stok=/locale HTTP/1.1" 404 454 "-" "-"
114.119.152.47 - - [25/Nov/2025:10:36:23 -0700] "GET /ca/tecreations/UnicodeViewer.php?z=A&a=8&b=6&method=GET HTTP/1.1" 404 4184 "https://tecreations.ca/ca/tecreations/UnicodeViewer.php?z=B&a=8&b=6&method=GET" "Mozilla/5.0 (Linux; Android 7.0;) AppleWebKit/537.36 (KHTML, like Gecko) Mobile Safari/537.36 (compatible; PetalBot;+https://webmaster.petalsearch.com/site/petalbot)"
114.119.137.116 - - [25/Nov/2025:10:37:47 -0700] "GET /ca/tecreations/UnicodeViewer.php?z=7&a=8&b=5&method=GET HTTP/1.1" 404 4184 "https://tecreations.ca/ca/tecreations/UnicodeViewer.php?z=7&a=8&b=0&method=GET" "Mozilla/5.0 (Linux; Android 7.0;) AppleWebKit/537.36 (KHTML, like Gecko) Mobile Safari/537.36 (compatible; PetalBot;+https://webmaster.petalsearch.com/site/petalbot)"
114.119.142.39 - - [25/Nov/2025:10:39:11 -0700] "GET /ca/tecreations/UnicodeViewer.php?z=7&a=8&b=2&method=GET HTTP/1.1" 404 4184 "https://tecreations.ca/ca/tecreations/UnicodeViewer.php?z=7&a=C&b=2&method=GET" "Mozilla/5.0 (Linux; Android 7.0;) AppleWebKit/537.36 (KHTML, like Gecko) Mobile Safari/537.36 (compatible; PetalBot;+https://webmaster.petalsearch.com/site/petalbot)"
15.235.98.133 - - [25/Nov/2025:10:40:02 -0700] "GET /ca/tecreations/UnicodeViewer.php?z=7&a=F&b=2&method=decimalBOLD HTTP/1.1" 404 4216 "-" "Mozilla/5.0 (compatible; AhrefsBot/7.0; +http://ahrefs.com/robot/)"
52.54.157.23 - - [25/Nov/2025:10:40:11 -0700] "GET /ca/tecreations/ViewFile.php?path=/ca/tecreations/api/saveEnglishFrench.php HTTP/1.1" 200 5668 "-" "Mozilla/5.0 AppleWebKit/537.36 (KHTML, like Gecko; compatible; Amazonbot/0.1; +https://developer.amazon.com/support/amazonbot) Chrome/119.0.6045.214 Safari/537.36"
34.193.2.57 - - [25/Nov/2025:10:40:14 -0700] "GET /ca/tecreations/ViewFile.php?path=/ca/tecreations/incrementProjectDownloads.php HTTP/1.1" 200 5714 "-" "Mozilla/5.0 AppleWebKit/537.36 (KHTML, like Gecko; compatible; Amazonbot/0.1; +https://developer.amazon.com/support/amazonbot) Chrome/119.0.6045.214 Safari/537.36"
52.23.112.144 - - [25/Nov/2025:10:40:17 -0700] "GET /ca/tecreations/ViewFile.php?path=ca/tecreations/documentation/databases.php HTTP/1.1" 200 5309 "-" "Mozilla/5.0 AppleWebKit/537.36 (KHTML, like Gecko; compatible; Amazonbot/0.1; +https://developer.amazon.com/support/amazonbot) Chrome/119.0.6045.214 Safari/537.36"
44.223.116.149 - - [25/Nov/2025:10:40:21 -0700] "GET /ca/tecreations/ViewAccessLog.php HTTP/1.1" 200 3668 "-" "Mozilla/5.0 AppleWebKit/537.36 (KHTML, like Gecko; compatible; Amazonbot/0.1; +https://developer.amazon.com/support/amazonbot) Chrome/119.0.6045.214 Safari/537.36"
114.119.158.46 - - [25/Nov/2025:10:40:44 -0700] "GET /ca/tecreations/UnicodeViewer.php?z=7&a=8&b=1&method=GET HTTP/1.1" 404 4184 "https://tecreations.ca/ca/tecreations/UnicodeViewer.php?z=B&a=8&b=1&method=GET" "Mozilla/5.0 (Linux; Android 7.0;) AppleWebKit/537.36 (KHTML, like Gecko) Mobile Safari/537.36 (compatible; PetalBot;+https://webmaster.petalsearch.com/site/petalbot)"
66.249.66.33 - - [25/Nov/2025:10:41:10 -0700] "GET /ca/tecreations/UnicodeViewer.php?z=D&a=7&b=B&method=entity HTTP/1.1" 404 4221 "-" "Mozilla/5.0 (Linux; Android 6.0.1; Nexus 5X Build/MMB29P) AppleWebKit/537.36 (KHTML, like Gecko) Chrome/141.0.7390.122 Mobile Safari/537.36 (compatible; Googlebot/2.1; +http://www.google.com/bot.html)"
114.119.148.64 - - [25/Nov/2025:10:41:57 -0700] "GET /ca/tecreations/UnicodeViewer.php?z=7&a=8&b=0&method=entity HTTP/1.1" 404 4184 "https://tecreations.ca/ca/tecreations/UnicodeViewer.php?z=7&a=1&b=0&method=entity" "Mozilla/5.0 (Linux; Android 7.0;) AppleWebKit/537.36 (KHTML, like Gecko) Mobile Safari/537.36 (compatible; PetalBot;+https://webmaster.petalsearch.com/site/petalbot)"
47.128.43.168 - - [25/Nov/2025:10:42:44 -0700] "GET /ca/tecreations/UnicodeTest2.php?z=1&a=0&b=A&method=entity HTTP/1.1" 404 4268 "-" "Mozilla/5.0 (compatible; Bytespider; spider-feedback@bytedance.com) AppleWebKit/537.36 (KHTML, like Gecko) Chrome/70.0.0.0 Safari/537.36"
47.128.18.240 - - [25/Nov/2025:10:42:44 -0700] "GET /ca/tecreations/UnicodeTest2.php?a=4&b=4&method=mb_chr&z=6 HTTP/1.1" 404 4272 "-" "Mozilla/5.0 (compatible; Bytespider; spider-feedback@bytedance.com) AppleWebKit/537.36 (KHTML, like Gecko) Chrome/70.0.0.0 Safari/537.36"
114.119.135.63 - - [25/Nov/2025:10:43:24 -0700] "GET /ca/tecreations/UnicodeViewer.php?z=7&a=8&b=0&method=GET HTTP/1.1" 404 4184 "https://tecreations.ca/ca/tecreations/UnicodeViewer.php?z=7&a=0&b=0&method=GET" "Mozilla/5.0 (Linux; Android 7.0;) AppleWebKit/537.36 (KHTML, like Gecko) Mobile Safari/537.36 (compatible; PetalBot;+https://webmaster.petalsearch.com/site/petalbot)"
51.222.95.194 - - [25/Nov/2025:10:44:24 -0700] "GET /ca/tecreations/UnicodeViewer.php?z=2&a=F&b=2&method=decimalBOLD HTTP/1.1" 404 4216 "-" "Mozilla/5.0 (compatible; AhrefsBot/7.0; +http://ahrefs.com/robot/)"
114.119.152.47 - - [25/Nov/2025:10:44:45 -0700] "GET /ca/tecreations/UnicodeViewer.php?z=7&a=7&b=C&method=GET HTTP/1.1" 404 4184 "https://tecreations.ca/ca/tecreations/UnicodeViewer.php?z=7&a=4&b=C&method=GET" "Mozilla/5.0 (Linux; Android 7.0;) AppleWebKit/537.36 (KHTML, like Gecko) Mobile Safari/537.36 (compatible; PetalBot;+https://webmaster.petalsearch.com/site/petalbot)"
45.156.128.109 - - [25/Nov/2025:10:45:19 -0700] "GET / HTTP/1.1" 302 3283 "-" "Mozilla/5.0 (Windows NT 10.0; Win64; x64) AppleWebKit/537.36 (KHTML, like Gecko) Chrome/60.0.3112.113 Safari/537.36"
45.156.128.109 - - [25/Nov/2025:10:45:19 -0700] "GET /ca/tecreations/ HTTP/1.1" 200 4328 "https://134.122.41.0/" "Mozilla/5.0 (Windows NT 10.0; Win64; x64) AppleWebKit/537.36 (KHTML, like Gecko) Chrome/60.0.3112.113 Safari/537.36"
45.156.128.106 - - [25/Nov/2025:10:45:27 -0700] "GET / HTTP/1.1" 302 3283 "-" "Mozilla/5.0 (Windows NT 10.0; Win64; x64) AppleWebKit/537.36 (KHTML, like Gecko) Chrome/60.0.3112.113 Safari/537.36"
45.156.128.108 - - [25/Nov/2025:10:45:27 -0700] "GET /aspera/faspex/ HTTP/1.1" 404 3541 "-" "Mozilla/5.0 (Windows NT 10.0; Win64; x64) AppleWebKit/537.36 (KHTML, like Gecko) Chrome/60.0.3112.113 Safari/537.36"
45.156.128.109 - - [25/Nov/2025:10:45:28 -0700] "GET /static/historypage.js HTTP/1.1" 404 3541 "-" "Mozilla/5.0 (Windows NT 10.0; Win64; x64) AppleWebKit/537.36 (KHTML, like Gecko) Chrome/60.0.3112.113 Safari/537.36"
45.156.128.108 - - [25/Nov/2025:10:45:37 -0700] "GET /login/login HTTP/1.1" 404 3541 "-" "Mozilla/5.0 (Windows NT 10.0; Win64; x64) AppleWebKit/537.36 (KHTML, like Gecko) Chrome/60.0.3112.113 Safari/537.36"
45.156.128.106 - - [25/Nov/2025:10:45:38 -0700] "GET /owa/ HTTP/1.1" 404 3541 "-" "Mozilla/5.0 (Windows NT 10.0; Win64; x64) AppleWebKit/537.36 (KHTML, like Gecko) Chrome/60.0.3112.113 Safari/537.36"
45.156.128.107 - - [25/Nov/2025:10:45:39 -0700] "GET /WebInterface/ HTTP/1.1" 404 3541 "-" "Mozilla/5.0 (Windows NT 10.0; Win64; x64) AppleWebKit/537.36 (KHTML, like Gecko) Chrome/60.0.3112.113 Safari/537.36"
45.156.128.106 - - [25/Nov/2025:10:45:51 -0700] "GET /zabbix/favicon.ico HTTP/1.1" 404 3541 "-" "Mozilla/5.0 (Windows NT 10.0; Win64; x64) AppleWebKit/537.36 (KHTML, like Gecko) Chrome/60.0.3112.113 Safari/537.36"
45.156.128.109 - - [25/Nov/2025:10:46:02 -0700] "GET /favicon.ico HTTP/1.1" 200 107381 "-" "Mozilla/5.0 (Windows NT 10.0; Win64; x64) AppleWebKit/537.36 (KHTML, like Gecko) Chrome/60.0.3112.113 Safari/537.36"
114.119.144.15 - - [25/Nov/2025:10:46:08 -0700] "GET /ca/tecreations/ViewFile.php?path=ca/tecreations/GetPrimeAtIndex.php HTTP/1.1" 200 5842 "https://tecreations.ca/ca/tecreations/ViewFile.php?path=ca/tecreations/GetPrimeAtIndex.php" "Mozilla/5.0 (Linux; Android 7.0;) AppleWebKit/537.36 (KHTML, like Gecko) Mobile Safari/537.36 (compatible; PetalBot;+https://webmaster.petalsearch.com/site/petalbot)"
45.156.128.109 - - [25/Nov/2025:10:46:11 -0700] "GET /partymgr/control/main HTTP/1.1" 404 3541 "-" "Mozilla/5.0 (Windows NT 10.0; Win64; x64) AppleWebKit/537.36 (KHTML, like Gecko) Chrome/60.0.3112.113 Safari/537.36"
45.156.128.108 - - [25/Nov/2025:10:46:19 -0700] "GET /login.do HTTP/1.1" 404 3541 "-" "Mozilla/5.0 (Windows NT 10.0; Win64; x64) AppleWebKit/537.36 (KHTML, like Gecko) Chrome/60.0.3112.113 Safari/537.36"
45.156.128.107 - - [25/Nov/2025:10:46:24 -0700] "GET /helpdesk/WebObjects/Helpdesk.woa HTTP/1.1" 404 3541 "-" "Mozilla/5.0 (Windows NT 10.0; Win64; x64) AppleWebKit/537.36 (KHTML, like Gecko) Chrome/60.0.3112.113 Safari/537.36"
45.156.128.108 - - [25/Nov/2025:10:46:30 -0700] "GET /solr/ HTTP/1.1" 404 3541 "-" "Mozilla/5.0 (Windows NT 10.0; Win64; x64) AppleWebKit/537.36 (KHTML, like Gecko) Chrome/60.0.3112.113 Safari/537.36"
45.156.128.107 - - [25/Nov/2025:10:46:35 -0700] "GET /cgi-bin/authLogin.cgi HTTP/1.1" 404 3541 "-" "Mozilla/5.0 (Windows NT 10.0; Win64; x64) AppleWebKit/537.36 (KHTML, like Gecko) Chrome/60.0.3112.113 Safari/537.36"
185.242.226.113 - - [25/Nov/2025:10:46:41 -0700] "\x16\x03\x01" 400 488 "-" "-"
45.156.128.106 - - [25/Nov/2025:10:46:42 -0700] "GET /php/login.php HTTP/1.1" 404 3541 "-" "Mozilla/5.0 (Windows NT 10.0; Win64; x64) AppleWebKit/537.36 (KHTML, like Gecko) Chrome/60.0.3112.113 Safari/537.36"
45.156.128.109 - - [25/Nov/2025:10:46:55 -0700] "GET /ssi.cgi/Login.htm HTTP/1.1" 404 3541 "-" "Mozilla/5.0 (Windows NT 10.0; Win64; x64) AppleWebKit/537.36 (KHTML, like Gecko) Chrome/60.0.3112.113 Safari/537.36"
45.156.128.108 - - [25/Nov/2025:10:47:03 -0700] "GET /Telerik.Web.UI.WebResource.axd?type=rau HTTP/1.1" 404 3541 "-" "Mozilla/5.0 (Windows NT 10.0; Win64; x64) AppleWebKit/537.36 (KHTML, like Gecko) Chrome/60.0.3112.113 Safari/537.36"
45.156.128.109 - - [25/Nov/2025:10:47:10 -0700] "GET /favicon-32x32.png HTTP/1.1" 404 3541 "-" "Mozilla/5.0 (Windows NT 10.0; Win64; x64) AppleWebKit/537.36 (KHTML, like Gecko) Chrome/60.0.3112.113 Safari/537.36"
45.156.128.107 - - [25/Nov/2025:10:47:12 -0700] "GET /internal_forms_authentication HTTP/1.1" 404 3541 "-" "Mozilla/5.0 (Windows NT 10.0; Win64; x64) AppleWebKit/537.36 (KHTML, like Gecko) Chrome/60.0.3112.113 Safari/537.36"
45.156.128.106 - - [25/Nov/2025:10:47:20 -0700] "GET /api/session/properties HTTP/1.1" 404 3541 "-" "Mozilla/5.0 (Windows NT 10.0; Win64; x64) AppleWebKit/537.36 (KHTML, like Gecko) Chrome/60.0.3112.113 Safari/537.36"
45.156.128.108 - - [25/Nov/2025:10:47:26 -0700] "GET /sugar_version.json HTTP/1.1" 404 3541 "-" "Mozilla/5.0 (Windows NT 10.0; Win64; x64) AppleWebKit/537.36 (KHTML, like Gecko) Chrome/60.0.3112.113 Safari/537.36"
114.119.137.116 - - [25/Nov/2025:10:47:32 -0700] "GET /ca/tecreations/UnicodeViewer.php?z=E&a=0&b=2&method=decimalBOLD HTTP/1.1" 404 4184 "https://tecreations.ca/ca/tecreations/UnicodeViewer.php?z=E&a=0&b=2&method=GET" "Mozilla/5.0 (Linux; Android 7.0;) AppleWebKit/537.36 (KHTML, like Gecko) Mobile Safari/537.36 (compatible; PetalBot;+https://webmaster.petalsearch.com/site/petalbot)"
45.156.128.108 - - [25/Nov/2025:10:47:34 -0700] "GET /admin/ HTTP/1.1" 404 3541 "-" "Mozilla/5.0 (Windows NT 10.0; Win64; x64) AppleWebKit/537.36 (KHTML, like Gecko) Chrome/60.0.3112.113 Safari/537.36"
45.156.128.106 - - [25/Nov/2025:10:47:34 -0700] "GET /console HTTP/1.1" 404 3541 "-" "Mozilla/5.0 (Windows NT 10.0; Win64; x64) AppleWebKit/537.36 (KHTML, like Gecko) Chrome/60.0.3112.113 Safari/537.36"
45.156.128.108 - - [25/Nov/2025:10:47:42 -0700] "GET /license.txt HTTP/1.1" 404 3541 "-" "Mozilla/5.0 (Windows NT 10.0; Win64; x64) AppleWebKit/537.36 (KHTML, like Gecko) Chrome/60.0.3112.113 Safari/537.36"
54.39.210.214 - - [25/Nov/2025:10:47:49 -0700] "GET /ca/tecreations/UnicodeViewer.php?z=1&a=F&b=2&method=decimalBOLD HTTP/1.1" 404 4216 "-" "Mozilla/5.0 (compatible; AhrefsBot/7.0; +http://ahrefs.com/robot/)"
45.156.128.109 - - [25/Nov/2025:10:47:54 -0700] "GET /wp-json HTTP/1.1" 404 3541 "-" "Mozilla/5.0 (Windows NT 10.0; Win64; x64) AppleWebKit/537.36 (KHTML, like Gecko) Chrome/60.0.3112.113 Safari/537.36"
45.156.128.106 - - [25/Nov/2025:10:48:03 -0700] "GET /favicon.ico HTTP/1.1" 200 108021 "-" "Mozilla/5.0 (Windows NT 10.0; WOW64) AppleWebKit/537.36 (KHTML, like Gecko) Chrome/66.0.3359.117 Safari/537.36"
45.156.128.107 - - [25/Nov/2025:10:48:04 -0700] "GET /css/images/PTZOptics_powerby.png HTTP/1.1" 404 3541 "-" "Mozilla/5.0 (Windows NT 10.0; Win64; x64) AppleWebKit/537.36 (KHTML, like Gecko) Chrome/60.0.3112.113 Safari/537.36"
45.156.128.108 - - [25/Nov/2025:10:48:04 -0700] "GET /showLogin.cc HTTP/1.1" 404 3541 "-" "Mozilla/5.0 (Windows NT 10.0; Win64; x64) AppleWebKit/537.36 (KHTML, like Gecko) Chrome/60.0.3112.113 Safari/537.36"
45.156.128.108 - - [25/Nov/2025:10:48:17 -0700] "GET /login.html HTTP/1.1" 404 3541 "-" "Mozilla/5.0 (Windows NT 10.0; Win64; x64) AppleWebKit/537.36 (KHTML, like Gecko) Chrome/60.0.3112.113 Safari/537.36"
45.156.128.106 - - [25/Nov/2025:10:48:33 -0700] "GET /jasperserver/login.html HTTP/1.1" 404 3541 "-" "Mozilla/5.0 (Windows NT 10.0; Win64; x64) AppleWebKit/537.36 (KHTML, like Gecko) Chrome/60.0.3112.113 Safari/537.36"
114.119.152.47 - - [25/Nov/2025:10:48:55 -0700] "GET /ca/tecreations/UnicodeViewer.php?z=D&a=8&b=9&method=GET HTTP/1.1" 404 4184 "https://tecreations.ca/ca/tecreations/UnicodeViewer.php?z=D&a=8&b=8&method=GET" "Mozilla/5.0 (Linux; Android 7.0;) AppleWebKit/537.36 (KHTML, like Gecko) Mobile Safari/537.36 (compatible; PetalBot;+https://webmaster.petalsearch.com/site/petalbot)"
5.102.173.71 - - [25/Nov/2025:10:48:58 -0700] "GET /robots.txt HTTP/1.1" 404 3517 "-" "Mozilla/5.0 (compatible; MojeekBot/0.11; +https://www.mojeek.com/bot.html)"
5.102.173.71 - - [25/Nov/2025:10:48:58 -0700] "GET /java/downloads/?C=D;O=A HTTP/1.1" 200 672 "-" "Mozilla/5.0 (compatible; MojeekBot/0.11; +https://www.mojeek.com/bot.html)"
45.156.128.107 - - [25/Nov/2025:10:49:17 -0700] "GET /jasperserver-pro/login.html HTTP/1.1" 404 3541 "-" "Mozilla/5.0 (Windows NT 10.0; Win64; x64) AppleWebKit/537.36 (KHTML, like Gecko) Chrome/60.0.3112.113 Safari/537.36"
45.156.128.109 - - [25/Nov/2025:10:49:35 -0700] "GET /jasperserverTest/login.html HTTP/1.1" 404 3541 "-" "Mozilla/5.0 (Windows NT 10.0; Win64; x64) AppleWebKit/537.36 (KHTML, like Gecko) Chrome/60.0.3112.113 Safari/537.36"
47.128.20.197 - - [25/Nov/2025:10:50:06 -0700] "GET /ca/tecreations/UnicodeTest2.php?a=1&b=9&method=decimal&z=9 HTTP/1.1" 404 4268 "-" "Mozilla/5.0 (compatible; Bytespider; spider-feedback@bytedance.com) AppleWebKit/537.36 (KHTML, like Gecko) Chrome/70.0.0.0 Safari/537.36"
47.128.43.179 - - [25/Nov/2025:10:50:06 -0700] "GET /ca/tecreations/UnicodeTest2.php?z=5&a=A&b=9&method=mb_chr HTTP/1.1" 404 4268 "-" "Mozilla/5.0 (compatible; Bytespider; spider-feedback@bytedance.com) AppleWebKit/537.36 (KHTML, like Gecko) Chrome/70.0.0.0 Safari/537.36"
45.156.128.108 - - [25/Nov/2025:10:50:09 -0700] "GET /cf_scripts/scripts/ajax/ckeditor/ckeditor.js HTTP/1.1" 404 3541 "-" "Mozilla/5.0 (Windows NT 10.0; Win64; x64) AppleWebKit/537.36 (KHTML, like Gecko) Chrome/60.0.3112.113 Safari/537.36"
45.156.128.109 - - [25/Nov/2025:10:50:10 -0700] "GET /sitecore/shell/sitecore.version.xml HTTP/1.1" 404 3541 "-" "Mozilla/5.0 (Windows NT 10.0; Win64; x64) AppleWebKit/537.36 (KHTML, like Gecko) Chrome/60.0.3112.113 Safari/537.36"
40.77.167.116 - - [25/Nov/2025:10:50:13 -0700] "GET /sitemaps.xml HTTP/1.1" 404 435 "-" "Mozilla/5.0 AppleWebKit/537.36 (KHTML, like Gecko; compatible; bingbot/2.0; +http://www.bing.com/bingbot.htm) Chrome/116.0.1938.76 Safari/537.36"
45.156.128.109 - - [25/Nov/2025:10:50:18 -0700] "GET /webfig/ HTTP/1.1" 404 3541 "-" "Mozilla/5.0 (Windows NT 10.0; Win64; x64) AppleWebKit/537.36 (KHTML, like Gecko) Chrome/60.0.3112.113 Safari/537.36"
114.119.135.63 - - [25/Nov/2025:10:50:21 -0700] "GET /ca/tecreations/UnicodeViewer.php?z=D&a=4&b=1&method=GET HTTP/1.1" 404 4184 "https://tecreations.ca/ca/tecreations/UnicodeViewer.php?z=D&a=4&b=5&method=GET" "Mozilla/5.0 (Linux; Android 7.0;) AppleWebKit/537.36 (KHTML, like Gecko) Mobile Safari/537.36 (compatible; PetalBot;+https://webmaster.petalsearch.com/site/petalbot)"
45.156.128.106 - - [25/Nov/2025:10:50:24 -0700] "GET /owncloud/status.php HTTP/1.1" 404 3541 "-" "Mozilla/5.0 (Windows NT 10.0; Win64; x64) AppleWebKit/537.36 (KHTML, like Gecko) Chrome/60.0.3112.113 Safari/537.36"
45.156.128.107 - - [25/Nov/2025:10:50:28 -0700] "GET /status.php HTTP/1.1" 404 3541 "-" "Mozilla/5.0 (Windows NT 10.0; Win64; x64) AppleWebKit/537.36 (KHTML, like Gecko) Chrome/60.0.3112.113 Safari/537.36"
45.156.128.106 - - [25/Nov/2025:10:50:37 -0700] "GET /js/NewWindow_2_all.js HTTP/1.1" 404 3541 "-" "Mozilla/5.0 (Windows NT 10.0; Win64; x64) AppleWebKit/537.36 (KHTML, like Gecko) Chrome/60.0.3112.113 Safari/537.36"
45.156.128.108 - - [25/Nov/2025:10:50:37 -0700] "GET /identity HTTP/1.1" 404 3541 "-" "Mozilla/5.0 (Windows NT 10.0; Win64; x64) AppleWebKit/537.36 (KHTML, like Gecko) Chrome/60.0.3112.113 Safari/537.36"
45.156.128.106 - - [25/Nov/2025:10:50:42 -0700] "GET / HTTP/1.1" 302 3283 "-" "Mozilla/5.0 (Windows NT 10.0; Win64; x64) AppleWebKit/537.36 (KHTML, like Gecko) Chrome/60.0.3112.113 Safari/537.36"
45.156.128.106 - - [25/Nov/2025:10:50:42 -0700] "GET /ca/tecreations/ HTTP/1.1" 200 4328 "https://134.122.41.0/" "Mozilla/5.0 (Windows NT 10.0; Win64; x64) AppleWebKit/537.36 (KHTML, like Gecko) Chrome/60.0.3112.113 Safari/537.36"
45.156.128.106 - - [25/Nov/2025:10:50:43 -0700] "GET / HTTP/1.1" 302 3283 "-" "Mozilla/5.0 (Windows NT 10.0; Win64; x64) AppleWebKit/537.36 (KHTML, like Gecko) Chrome/60.0.3112.113 Safari/537.36"
45.156.128.106 - - [25/Nov/2025:10:50:43 -0700] "GET /ca/tecreations/ HTTP/1.1" 200 4328 "https://134.122.41.0/" "Mozilla/5.0 (Windows NT 10.0; Win64; x64) AppleWebKit/537.36 (KHTML, like Gecko) Chrome/60.0.3112.113 Safari/537.36"
45.156.128.106 - - [25/Nov/2025:10:50:43 -0700] "GET /index.jsp HTTP/1.1" 404 3541 "-" "Mozilla/5.0 (Windows NT 10.0; Win64; x64) AppleWebKit/537.36 (KHTML, like Gecko) Chrome/60.0.3112.113 Safari/537.36"
45.156.128.109 - - [25/Nov/2025:10:50:49 -0700] "GET / HTTP/1.1" 302 3283 "-" "Mozilla/5.0 (Windows NT 10.0; Win64; x64) AppleWebKit/537.36 (KHTML, like Gecko) Chrome/60.0.3112.113 Safari/537.36"
45.156.128.109 - - [25/Nov/2025:10:50:49 -0700] "GET /ca/tecreations/ HTTP/1.1" 200 4328 "https://134.122.41.0/" "Mozilla/5.0 (Windows NT 10.0; Win64; x64) AppleWebKit/537.36 (KHTML, like Gecko) Chrome/60.0.3112.113 Safari/537.36"
45.156.128.109 - - [25/Nov/2025:10:50:49 -0700] "GET /OA_HTML/AppsLocalLogin.jsp HTTP/1.1" 404 3541 "-" "Mozilla/5.0 (Windows NT 10.0; Win64; x64) AppleWebKit/537.36 (KHTML, like Gecko) Chrome/60.0.3112.113 Safari/537.36"
45.156.128.108 - - [25/Nov/2025:10:51:02 -0700] "HEAD /icons/sphere1.png HTTP/1.1" 200 3333 "-" "Mozilla/5.0 (Windows NT 10.0; Win64; x64) AppleWebKit/537.36 (KHTML, like Gecko) Chrome/60.0.3112.113 Safari/537.36"
45.156.128.109 - - [25/Nov/2025:10:51:02 -0700] "HEAD /icons/.%%32%65/.%%32%65/apache2/icons/non-existant-image.png HTTP/1.1" 400 3266 "-" "Mozilla/5.0 (Windows NT 10.0; Win64; x64) AppleWebKit/537.36 (KHTML, like Gecko) Chrome/60.0.3112.113 Safari/537.36"
45.156.128.106 - - [25/Nov/2025:10:51:03 -0700] "HEAD /icons/.%2e/%2e%2e/apache2/icons/sphere1.png HTTP/1.1" 400 3266 "-" "Mozilla/5.0 (Windows NT 10.0; Win64; x64) AppleWebKit/537.36 (KHTML, like Gecko) Chrome/60.0.3112.113 Safari/537.36"
45.156.128.109 - - [25/Nov/2025:10:51:03 -0700] "HEAD /icons/.%%32%65/.%%32%65/apache2/icons/sphere1.png HTTP/1.1" 400 3266 "-" "Mozilla/5.0 (Windows NT 10.0; Win64; x64) AppleWebKit/537.36 (KHTML, like Gecko) Chrome/60.0.3112.113 Safari/537.36"
45.156.128.109 - - [25/Nov/2025:10:51:04 -0700] "GET /xmldata?item=all HTTP/1.1" 404 3541 "-" "Mozilla/5.0 (Windows NT 10.0; Win64; x64) AppleWebKit/537.36 (KHTML, like Gecko) Chrome/60.0.3112.113 Safari/537.36"
45.156.128.108 - - [25/Nov/2025:10:51:04 -0700] "GET /ext-js/app/common/zld_product_spec.js HTTP/1.1" 404 3541 "-" "Mozilla/5.0 (Windows NT 10.0; Win64; x64) AppleWebKit/537.36 (KHTML, like Gecko) Chrome/60.0.3112.113 Safari/537.36"
45.156.128.109 - - [25/Nov/2025:10:51:05 -0700] "GET /cgi-bin/config.exp HTTP/1.1" 404 3541 "-" "Mozilla/5.0 (Windows NT 10.0; Win64; x64) AppleWebKit/537.36 (KHTML, like Gecko) Chrome/60.0.3112.113 Safari/537.36"
167.114.139.159 - - [25/Nov/2025:10:51:28 -0700] "GET /ca/tecreations/UnicodeViewer.php?z=8&a=F&b=2&method=decimalBOLD HTTP/1.1" 404 4216 "-" "Mozilla/5.0 (compatible; AhrefsBot/7.0; +http://ahrefs.com/robot/)"
216.244.66.227 - - [25/Nov/2025:10:51:33 -0700] "GET /ca/tecreations/UnicodeTest2.php?z=1&a=0&b=1&method=decimalBOLD HTTP/1.1" 404 3547 "-" "Mozilla/5.0 (compatible; DotBot/1.2; +https://opensiteexplorer.org/dotbot; help@moz.com)"
216.244.66.227 - - [25/Nov/2025:10:51:39 -0700] "GET /ca/tecreations/UnicodeTest2.php?z=2&a=F&b=6&method=decimal HTTP/1.1" 404 3547 "-" "Mozilla/5.0 (compatible; DotBot/1.2; +https://opensiteexplorer.org/dotbot; help@moz.com)"
114.119.135.63 - - [25/Nov/2025:10:51:41 -0700] "GET /ca/tecreations/UnicodeViewer.php?z=C&a=E&b=1&method=GET HTTP/1.1" 404 4184 "https://tecreations.ca/ca/tecreations/UnicodeViewer.php?z=0&a=E&b=1&method=GET" "Mozilla/5.0 (Linux; Android 7.0;) AppleWebKit/537.36 (KHTML, like Gecko) Mobile Safari/537.36 (compatible; PetalBot;+https://webmaster.petalsearch.com/site/petalbot)"
216.244.66.227 - - [25/Nov/2025:10:51:43 -0700] "GET /ca/tecreations/UnicodeTest2.php?z=5&a=E&b=5&method=mb_chr HTTP/1.1" 404 3547 "-" "Mozilla/5.0 (compatible; DotBot/1.2; +https://opensiteexplorer.org/dotbot; help@moz.com)"
216.244.66.227 - - [25/Nov/2025:10:51:47 -0700] "GET /ca/tecreations/UnicodeTest2.php?z=8&a=C&b=C&method=decimal HTTP/1.1" 404 3547 "-" "Mozilla/5.0 (compatible; DotBot/1.2; +https://opensiteexplorer.org/dotbot; help@moz.com)"
216.244.66.227 - - [25/Nov/2025:10:51:50 -0700] "GET /ca/tecreations/UnicodeTest2.php?z=9&a=2&b=6&method=decimalBOLD HTTP/1.1" 404 3547 "-" "Mozilla/5.0 (compatible; DotBot/1.2; +https://opensiteexplorer.org/dotbot; help@moz.com)"
216.244.66.227 - - [25/Nov/2025:10:51:52 -0700] "GET /ca/tecreations/UnicodeTest2.php?z=D&a=5&b=B&method=decimal HTTP/1.1" 404 3547 "-" "Mozilla/5.0 (compatible; DotBot/1.2; +https://opensiteexplorer.org/dotbot; help@moz.com)"
