147.135.252.148 - - [06/Jan/2026:10:02:39 -0700] "GET /ca/tecreations/snapshots/2025/11/9/12.35.11%20-%20User%20Initiated/ HTTP/1.1" 200 4263 "-" "Mozilla/5.0 (compatible; MJ12bot/v1.4.8; http://mj12bot.com/)"
147.135.252.148 - - [06/Jan/2026:10:02:41 -0700] "GET /ca/tecreations/snapshots/2025/11/9/13.05.55%20-%20User%20Initiated/ HTTP/1.1" 200 4263 "-" "Mozilla/5.0 (compatible; MJ12bot/v1.4.8; http://mj12bot.com/)"
147.135.252.148 - - [06/Jan/2026:10:02:42 -0700] "GET /ca/tecreations/snapshots/2025/11/9/Evening%20-%2023.59.59/ HTTP/1.1" 200 4263 "-" "Mozilla/5.0 (compatible; MJ12bot/v1.4.8; http://mj12bot.com/)"
147.135.252.148 - - [06/Jan/2026:10:02:45 -0700] "GET /ca/tecreations/snapshots/2025/11/9/Morning%20-%2011.59.59/ HTTP/1.1" 200 4263 "-" "Mozilla/5.0 (compatible; MJ12bot/v1.4.8; http://mj12bot.com/)"
147.135.252.148 - - [06/Jan/2026:10:02:47 -0700] "GET /ca/tecreations/snapshots/2025/5/14/20.18.08/%20--%20User%20Initiatedlibrary.php HTTP/1.1" 404 459 "-" "Mozilla/5.0 (compatible; MJ12bot/v1.4.8; http://mj12bot.com/)"
147.135.252.148 - - [06/Jan/2026:10:02:49 -0700] "GET /ca/tecreations/snapshots/2025/5/14/20.18.40/%20--%20User%20Initiatedlibrary.php HTTP/1.1" 404 459 "-" "Mozilla/5.0 (compatible; MJ12bot/v1.4.8; http://mj12bot.com/)"
147.135.252.148 - - [06/Jan/2026:10:02:50 -0700] "GET /robots.txt HTTP/1.1" 404 493 "-" "Mozilla/5.0 (compatible; MJ12bot/v1.4.8; http://mj12bot.com/)"
147.135.252.148 - - [06/Jan/2026:10:02:52 -0700] "GET /ca/tecreations/snapshots/2025/8/1/Evening%20-%2023.59.59/%00http HTTP/1.1" 404 437 "-" "Mozilla/5.0 (compatible; MJ12bot/v1.4.8; http://mj12bot.com/)"
147.135.252.148 - - [06/Jan/2026:10:02:54 -0700] "GET /ca/tecreations/snapshots/2025/8/16/15.44.40%20-%20User%20Initiated/%00http HTTP/1.1" 404 437 "-" "Mozilla/5.0 (compatible; MJ12bot/v1.4.8; http://mj12bot.com/)"
114.119.148.64 - - [06/Jan/2026:10:03:30 -0700] "GET /ca/tecreations/PARTS/ByManufacturer/?C=M%3BO%3DA HTTP/1.1" 404 4226 "https://www.tecreations.ca/ca/tecreations/PARTS/ByManufacturer/?C=D%3BO%3DA" "Mozilla/5.0 (Linux; Android 7.0;) AppleWebKit/537.36 (KHTML, like Gecko) Mobile Safari/537.36 (compatible; PetalBot;+https://webmaster.petalsearch.com/site/petalbot)"
170.106.113.159 - - [06/Jan/2026:10:03:31 -0700] "GET /ca/tecreations/ViewFile.php?path=ca/tecreations/api/List.php HTTP/1.1" 200 6416 "-" "Mozilla/5.0 (iPhone; CPU iPhone OS 13_2_3 like Mac OS X) AppleWebKit/605.1.15 (KHTML, like Gecko) Version/13.0.3 Mobile/15E148 Safari/604.1"
114.119.152.47 - - [06/Jan/2026:10:04:55 -0700] "GET /ca/tecreations/MasterDate.php HTTP/1.1" 404 4226 "https://www.tecreations.ca/ca/tecreations/ViewFile.php?path=ca/tecreations/MasterDate.php" "Mozilla/5.0 (Linux; Android 7.0;) AppleWebKit/537.36 (KHTML, like Gecko) Mobile Safari/537.36 (compatible; PetalBot;+https://webmaster.petalsearch.com/site/petalbot)"
95.214.55.117 - - [06/Jan/2026:10:04:57 -0700] "PROPFIND / HTTP/1.1" 302 3931 "-" "-"
47.128.46.245 - - [06/Jan/2026:10:05:52 -0700] "GET /ca/tecreations/menu/old_php/home.php HTTP/1.1" 200 4137 "-" "Mozilla/5.0 (Linux; Android 5.0) AppleWebKit/537.36 (KHTML, like Gecko) Mobile Safari/537.36 (compatible; Bytespider; spider-feedback@bytedance.com)"
114.119.148.64 - - [06/Jan/2026:10:06:15 -0700] "GET /ca/tecreations/LANG/Etymology/?C=S%3BO%3DA HTTP/1.1" 404 4226 "https://www.tecreations.ca/ca/tecreations/LANG/Etymology/?C=M%3BO%3DA" "Mozilla/5.0 (Linux; Android 7.0;) AppleWebKit/537.36 (KHTML, like Gecko) Mobile Safari/537.36 (compatible; PetalBot;+https://webmaster.petalsearch.com/site/petalbot)"
176.65.148.66 - - [06/Jan/2026:10:07:28 -0700] "HEAD / HTTP/1.1" 404 140 "-" "Mozilla/5.0 (compatible; Let's Encrypt validation server; +https://www.letsencrypt.org  )"
176.65.148.66 - - [06/Jan/2026:10:07:29 -0700] "GET / HTTP/1.1" 404 435 "-" "Mozilla/5.0 (compatible; Let's Encrypt validation server; +https://www.letsencrypt.org  )"
176.65.148.66 - - [06/Jan/2026:10:07:30 -0700] "HEAD /_next HTTP/1.1" 404 140 "-" "Mozilla/5.0 (compatible; Let's Encrypt validation server; +https://www.letsencrypt.org  )"
176.65.148.66 - - [06/Jan/2026:10:07:32 -0700] "POST / HTTP/1.1" 404 435 "-" "Mozilla/5.0 (compatible; Let's Encrypt validation server; +https://www.letsencrypt.org  )"
176.65.148.66 - - [06/Jan/2026:10:07:33 -0700] "POST /_next HTTP/1.1" 404 435 "-" "Mozilla/5.0 (compatible; Let's Encrypt validation server; +https://www.letsencrypt.org  )"
114.119.158.46 - - [06/Jan/2026:10:07:42 -0700] "GET /ca/tecreations/LANG/Etymology/?C=M%3BO%3DA HTTP/1.1" 404 4226 "https://www.tecreations.ca/ca/tecreations/LANG/Etymology/?C=M%3BO%3DA" "Mozilla/5.0 (Linux; Android 7.0;) AppleWebKit/537.36 (KHTML, like Gecko) Mobile Safari/537.36 (compatible; PetalBot;+https://webmaster.petalsearch.com/site/petalbot)"
95.214.55.117 - - [06/Jan/2026:10:08:43 -0700] "PROPFIND / HTTP/1.1" 302 3931 "-" "-"
114.119.158.46 - - [06/Jan/2026:10:09:04 -0700] "GET /ca/tecreations/CURATED/?C=M%3BO%3DA HTTP/1.1" 404 4226 "https://www.tecreations.ca/ca/tecreations/CURATED" "Mozilla/5.0 (Linux; Android 7.0;) AppleWebKit/537.36 (KHTML, like Gecko) Mobile Safari/537.36 (compatible; PetalBot;+https://webmaster.petalsearch.com/site/petalbot)"
47.128.44.238 - - [06/Jan/2026:10:09:37 -0700] "GET /ca/tecreations/UnicodeTest2.php?a=4&b=4&method=decimal&z=8 HTTP/1.1" 404 4274 "-" "Mozilla/5.0 (compatible; Bytespider; spider-feedback@bytedance.com) AppleWebKit/537.36 (KHTML, like Gecko) Chrome/70.0.0.0 Safari/537.36"
114.119.144.15 - - [06/Jan/2026:10:11:51 -0700] "GET /phpmyadmin/doc/html/user.html HTTP/1.1" 200 5840 "https://tecreations.ca/phpmyadmin/doc/html/user.html" "Mozilla/5.0 (Linux; Android 7.0;) AppleWebKit/537.36 (KHTML, like Gecko) Mobile Safari/537.36 (compatible; PetalBot;+https://webmaster.petalsearch.com/site/petalbot)"
95.214.55.117 - - [06/Jan/2026:10:12:26 -0700] "PROPFIND / HTTP/1.1" 302 3931 "-" "-"
47.128.62.177 - - [06/Jan/2026:10:13:15 -0700] "GET /ca/tecreations/UnicodeTest2.php?z=5&a=1&b=7&method=mb_chr HTTP/1.1" 404 4274 "-" "Mozilla/5.0 (compatible; Bytespider; spider-feedback@bytedance.com) AppleWebKit/537.36 (KHTML, like Gecko) Chrome/70.0.0.0 Safari/537.36"
114.119.137.116 - - [06/Jan/2026:10:13:15 -0700] "GET /phpmyadmin/doc/html/_sources/user.rst.txt HTTP/1.1" 200 4141 "https://tecreations.ca/phpmyadmin/doc/html/user.html" "Mozilla/5.0 (Linux; Android 7.0;) AppleWebKit/537.36 (KHTML, like Gecko) Mobile Safari/537.36 (compatible; PetalBot;+https://webmaster.petalsearch.com/site/petalbot)"
129.226.213.145 - - [06/Jan/2026:10:13:27 -0700] "GET /ca/tecreations/ViewFile.php?path=ca/tecreations/api/get_tims_time.php HTTP/1.1" 200 5974 "-" "Mozilla/5.0 (iPhone; CPU iPhone OS 13_2_3 like Mac OS X) AppleWebKit/605.1.15 (KHTML, like Gecko) Version/13.0.3 Mobile/15E148 Safari/604.1"
114.119.152.47 - - [06/Jan/2026:10:14:38 -0700] "GET /java/downloads/release/net/?C=D%3BO%3DA HTTP/1.1" 404 4190 "https://tecreations.ca/java/downloads/release/net/?C=M%3BO%3DA" "Mozilla/5.0 (Linux; Android 7.0;) AppleWebKit/537.36 (KHTML, like Gecko) Mobile Safari/537.36 (compatible; PetalBot;+https://webmaster.petalsearch.com/site/petalbot)"
106.227.49.113 - - [06/Jan/2026:10:14:45 -0700] "GET / HTTP/1.1" 301 546 "-" "Mozilla/5.0 (iPhone; CPU iPhone OS 13_2_3 like Mac OS X) AppleWebKit/605.1.15 (KHTML, like Gecko) Version/13.0.3 Mobile/15E148 Safari/604.1"
106.227.49.113 - - [06/Jan/2026:10:14:47 -0700] "GET / HTTP/1.1" 302 3962 "http://www.tecreations.ca" "Mozilla/5.0 (iPhone; CPU iPhone OS 13_2_3 like Mac OS X) AppleWebKit/605.1.15 (KHTML, like Gecko) Version/13.0.3 Mobile/15E148 Safari/604.1"
106.227.49.113 - - [06/Jan/2026:10:14:48 -0700] "GET /ca/tecreations/ HTTP/1.1" 200 7925 "https://www.tecreations.ca/" "Mozilla/5.0 (iPhone; CPU iPhone OS 13_2_3 like Mac OS X) AppleWebKit/605.1.15 (KHTML, like Gecko) Version/13.0.3 Mobile/15E148 Safari/604.1"
114.119.148.64 - - [06/Jan/2026:10:16:03 -0700] "GET /java/downloads/release/CodeEditor.jar HTTP/1.1" 404 4190 "https://tecreations.ca/java/downloads/release/" "Mozilla/5.0 (Linux; Android 7.0;) AppleWebKit/537.36 (KHTML, like Gecko) Mobile Safari/537.36 (compatible; PetalBot;+https://webmaster.petalsearch.com/site/petalbot)"
95.214.55.117 - - [06/Jan/2026:10:16:15 -0700] "PROPFIND / HTTP/1.1" 302 3931 "-" "-"
47.128.50.182 - - [06/Jan/2026:10:17:01 -0700] "GET /ca/tecreations/UnicodeTest2.php?z=3&a=3&b=B&method=decimalBOLD HTTP/1.1" 404 4274 "-" "Mozilla/5.0 (compatible; Bytespider; spider-feedback@bytedance.com) AppleWebKit/537.36 (KHTML, like Gecko) Chrome/70.0.0.0 Safari/537.36"
52.204.37.237 - - [06/Jan/2026:10:17:05 -0700] "GET /ca/tecreations/ViewFile.php?path=ca/tecreations/api/list.php HTTP/1.1" 200 5777 "-" "Mozilla/5.0 AppleWebKit/537.36 (KHTML, like Gecko; compatible; Amazonbot/0.1; +https://developer.amazon.com/support/amazonbot) Chrome/119.0.6045.214 Safari/537.36"
54.157.99.244 - - [06/Jan/2026:10:17:09 -0700] "GET /ca/tecreations/documentation/databases.php HTTP/1.1" 200 3451 "-" "Mozilla/5.0 AppleWebKit/537.36 (KHTML, like Gecko; compatible; Amazonbot/0.1; +https://developer.amazon.com/support/amazonbot) Chrome/119.0.6045.214 Safari/537.36"
3.224.205.25 - - [06/Jan/2026:10:17:14 -0700] "GET /ca/tecreations/ViewFile.php?path=/ca/tecreations/MySQLSessionHandler.php HTTP/1.1" 200 6463 "-" "Mozilla/5.0 AppleWebKit/537.36 (KHTML, like Gecko; compatible; Amazonbot/0.1; +https://developer.amazon.com/support/amazonbot) Chrome/119.0.6045.214 Safari/537.36"
54.225.199.17 - - [06/Jan/2026:10:17:17 -0700] "GET /ca/tecreations/ViewFile.php?path=/ca/tecreations/scriptures/Proverbs_7.php HTTP/1.1" 200 3692 "-" "Mozilla/5.0 AppleWebKit/537.36 (KHTML, like Gecko; compatible; Amazonbot/0.1; +https://developer.amazon.com/support/amazonbot) Chrome/119.0.6045.214 Safari/537.36"
18.208.11.93 - - [06/Jan/2026:10:17:22 -0700] "GET /ca/tecreations/snippets.htm HTTP/1.1" 200 4577 "-" "Mozilla/5.0 AppleWebKit/537.36 (KHTML, like Gecko; compatible; Amazonbot/0.1; +https://developer.amazon.com/support/amazonbot) Chrome/119.0.6045.214 Safari/537.36"
114.119.152.47 - - [06/Jan/2026:10:17:25 -0700] "GET /java/downloads/release/CaptureTool.jar HTTP/1.1" 404 4190 "https://tecreations.ca/java/downloads/release/" "Mozilla/5.0 (Linux; Android 7.0;) AppleWebKit/537.36 (KHTML, like Gecko) Mobile Safari/537.36 (compatible; PetalBot;+https://webmaster.petalsearch.com/site/petalbot)"
18.232.36.1 - - [06/Jan/2026:10:17:25 -0700] "GET /ca/tecreations/ViewFile.php?path=ca/tecreations/documentation/testbeds.php HTTP/1.1" 200 5294 "-" "Mozilla/5.0 AppleWebKit/537.36 (KHTML, like Gecko; compatible; Amazonbot/0.1; +https://developer.amazon.com/support/amazonbot) Chrome/119.0.6045.214 Safari/537.36"
3.227.180.70 - - [06/Jan/2026:10:17:31 -0700] "GET /ca/tecreations/Proverbs.php HTTP/1.1" 200 6488 "-" "Mozilla/5.0 AppleWebKit/537.36 (KHTML, like Gecko; compatible; Amazonbot/0.1; +https://developer.amazon.com/support/amazonbot) Chrome/119.0.6045.214 Safari/537.36"
52.203.237.170 - - [06/Jan/2026:10:17:34 -0700] "GET /ca/tecreations/documentation/JavaBasicTraining.php HTTP/1.1" 200 7613 "-" "Mozilla/5.0 AppleWebKit/537.36 (KHTML, like Gecko; compatible; Amazonbot/0.1; +https://developer.amazon.com/support/amazonbot) Chrome/119.0.6045.214 Safari/537.36"
114.119.158.46 - - [06/Jan/2026:10:18:49 -0700] "GET /ca/tecreations/yearly.php HTTP/1.1" 404 4190 "https://tecreations.ca/ca/tecreations/ViewFile.php?path=ca/tecreations/yearly.php" "Mozilla/5.0 (Linux; Android 7.0;) AppleWebKit/537.36 (KHTML, like Gecko) Mobile Safari/537.36 (compatible; PetalBot;+https://webmaster.petalsearch.com/site/petalbot)"
216.244.66.227 - - [06/Jan/2026:10:19:35 -0700] "GET /robots.txt HTTP/1.1" 301 547 "-" "Mozilla/5.0 (compatible; DotBot/1.2; +https://opensiteexplorer.org/dotbot; help@moz.com)"
216.244.66.227 - - [06/Jan/2026:10:19:35 -0700] "GET /robots.txt HTTP/1.1" 404 437 "-" "Mozilla/5.0 (compatible; DotBot/1.2; +https://opensiteexplorer.org/dotbot; help@moz.com)"
216.244.66.227 - - [06/Jan/2026:10:19:35 -0700] "GET /robots.txt HTTP/1.1" 404 3557 "-" "Mozilla/5.0 (compatible; DotBot/1.2; +https://opensiteexplorer.org/dotbot; help@moz.com)"
95.214.55.117 - - [06/Jan/2026:10:19:35 -0700] "PROPFIND / HTTP/1.1" 302 3931 "-" "-"
114.119.137.116 - - [06/Jan/2026:10:20:13 -0700] "GET /ca/tecreations/trials/?C=S%3BO%3DA HTTP/1.1" 404 4190 "https://tecreations.ca/ca/tecreations/trials/?C=M%3BO%3DA" "Mozilla/5.0 (Linux; Android 7.0;) AppleWebKit/537.36 (KHTML, like Gecko) Mobile Safari/537.36 (compatible; PetalBot;+https://webmaster.petalsearch.com/site/petalbot)"
47.128.123.161 - - [06/Jan/2026:10:20:38 -0700] "GET /ca/tecreations/UnicodeTest2.php?a=D&b=C&method=mb_chr&z=B HTTP/1.1" 404 4278 "-" "Mozilla/5.0 (compatible; Bytespider; spider-feedback@bytedance.com) AppleWebKit/537.36 (KHTML, like Gecko) Chrome/70.0.0.0 Safari/537.36"
114.119.148.64 - - [06/Jan/2026:10:21:39 -0700] "GET /ca/tecreations/snapshots/2025-04-11_1818/ HTTP/1.1" 404 4190 "https://tecreations.ca/ca/tecreations/snapshots/?C=S%3BO%3DA" "Mozilla/5.0 (Linux; Android 7.0;) AppleWebKit/537.36 (KHTML, like Gecko) Mobile Safari/537.36 (compatible; PetalBot;+https://webmaster.petalsearch.com/site/petalbot)"
193.142.147.209 - - [06/Jan/2026:10:22:18 -0700] "POST / HTTP/1.1" 302 3894 "-" "Mozilla/5.0 (Windows NT 10.0; Win64; x64) AppleWebKit/537.36"
193.142.147.209 - - [06/Jan/2026:10:22:18 -0700] "GET /ca/tecreations/ HTTP/1.1" 200 7864 "https://134.122.41.0:443" "Mozilla/5.0 (Windows NT 10.0; Win64; x64) AppleWebKit/537.36"
114.119.154.166 - - [06/Jan/2026:10:22:59 -0700] "GET /ca/tecreations/security2/config/?C=M%3BO%3DA HTTP/1.1" 404 4190 "https://tecreations.ca/ca/tecreations/security2/config/?C=D%3BO%3DA" "Mozilla/5.0 (Linux; Android 7.0;) AppleWebKit/537.36 (KHTML, like Gecko) Mobile Safari/537.36 (compatible; PetalBot;+https://webmaster.petalsearch.com/site/petalbot)"
95.214.55.117 - - [06/Jan/2026:10:23:19 -0700] "PROPFIND / HTTP/1.1" 302 3931 "-" "-"
170.106.192.208 - - [06/Jan/2026:10:23:59 -0700] "GET /ca/tecreations/$files[$i] HTTP/1.1" 404 4226 "-" "Mozilla/5.0 (iPhone; CPU iPhone OS 13_2_3 like Mac OS X) AppleWebKit/605.1.15 (KHTML, like Gecko) Version/13.0.3 Mobile/15E148 Safari/604.1"
47.128.54.202 - - [06/Jan/2026:10:24:07 -0700] "GET /ca/tecreations/UnicodeViewer.php?a=E&b=D&method=entity&z=7 HTTP/1.1" 404 4278 "-" "Mozilla/5.0 (Linux; Android 5.0) AppleWebKit/537.36 (KHTML, like Gecko) Mobile Safari/537.36 (compatible; Bytespider; spider-feedback@bytedance.com)"
47.128.54.232 - - [06/Jan/2026:10:24:07 -0700] "GET /ca/tecreations/UnicodeViewer.php?a=9&b=C&method=decimal&z=E HTTP/1.1" 404 4278 "-" "Mozilla/5.0 (Linux; Android 5.0) AppleWebKit/537.36 (KHTML, like Gecko) Mobile Safari/537.36 (compatible; Bytespider; spider-feedback@bytedance.com)"
204.76.203.219 - - [06/Jan/2026:10:25:01 -0700] "GET / HTTP/1.1" 404 491 "-" "Mozilla/5.0 (Windows NT 10.0; Win64; x64) AppleWebKit/537.36 (KHTML, like Gecko) Chrome/90.0.4430.85 Safari/537.36 Edg/90.0.818.46"
162.248.156.38 - - [06/Jan/2026:10:25:03 -0700] "-" 408 3758 "-" "-"
185.12.59.118 - - [06/Jan/2026:10:25:50 -0700] "GET / HTTP/1.1" 302 3875 "-" "Mozilla/5.0 (Windows NT 10.0; Win64; x64; rv:132.0) Gecko/20100101 Firefox/132.0"
95.214.55.117 - - [06/Jan/2026:10:27:09 -0700] "PROPFIND / HTTP/1.1" 302 3931 "-" "-"
66.249.66.32 - - [06/Jan/2026:10:27:38 -0700] "GET /ca/tecreations/UnicodeViewer.php?z=4&a=6&b=5&method=entity HTTP/1.1" 404 4227 "-" "Mozilla/5.0 (Linux; Android 6.0.1; Nexus 5X Build/MMB29P) AppleWebKit/537.36 (KHTML, like Gecko) Chrome/141.0.7390.122 Mobile Safari/537.36 (compatible; Googlebot/2.1; +http://www.google.com/bot.html)"
66.249.66.198 - - [06/Jan/2026:10:27:39 -0700] "GET /ca/tecreations/UnicodeViewer.php?z=C&a=4&b=2&method=entity HTTP/1.1" 404 4263 "-" "Mozilla/5.0 (Linux; Android 6.0.1; Nexus 5X Build/MMB29P) AppleWebKit/537.36 (KHTML, like Gecko) Chrome/141.0.7390.122 Mobile Safari/537.36 (compatible; Googlebot/2.1; +http://www.google.com/bot.html)"
47.128.127.128 - - [06/Jan/2026:10:28:00 -0700] "GET /ca/tecreations/UnicodeViewer.php?a=8&b=B&method=GET&z=F HTTP/1.1" 404 4278 "-" "Mozilla/5.0 (Linux; Android 5.0) AppleWebKit/537.36 (KHTML, like Gecko) Mobile Safari/537.36 (compatible; Bytespider; spider-feedback@bytedance.com)"
57.141.4.64 - - [06/Jan/2026:10:29:21 -0700] "GET /ca/tecreations/scriptures/NIV/en/Proverbs/Proverbs_7.php HTTP/1.1" 200 6479 "-" "meta-externalagent/1.1 (+https://developers.facebook.com/docs/sharing/webmasters/crawler)"
114.119.144.15 - - [06/Jan/2026:10:30:06 -0700] "GET /ca/tecreations/security2/app/service/?C=D%3BO%3DA HTTP/1.1" 404 4190 "https://tecreations.ca/ca/tecreations/security2/app/service/?C=S%3BO%3DA" "Mozilla/5.0 (Linux; Android 7.0;) AppleWebKit/537.36 (KHTML, like Gecko) Mobile Safari/537.36 (compatible; PetalBot;+https://webmaster.petalsearch.com/site/petalbot)"
66.249.66.202 - - [06/Jan/2026:10:30:25 -0700] "GET /ca/tecreations/UnicodeTest2.php?z=7&a=6&b=7&method=mb_chr HTTP/1.1" 404 4227 "-" "Mozilla/5.0 (Linux; Android 6.0.1; Nexus 5X Build/MMB29P) AppleWebKit/537.36 (KHTML, like Gecko) Chrome/141.0.7390.122 Mobile Safari/537.36 (compatible; Googlebot/2.1; +http://www.google.com/bot.html)"
95.214.55.117 - - [06/Jan/2026:10:30:55 -0700] "PROPFIND / HTTP/1.1" 302 3931 "-" "-"
216.244.66.227 - - [06/Jan/2026:10:30:59 -0700] "GET /ca/tecreations/snapshots/2025/11/6/?C=N;O=A HTTP/1.1" 200 4804 "-" "Mozilla/5.0 (compatible; DotBot/1.2; +https://opensiteexplorer.org/dotbot; help@moz.com)"
114.119.137.116 - - [06/Jan/2026:10:31:10 -0700] "GET /ca/tecreations/security2/app/model/ HTTP/1.1" 404 4190 "https://tecreations.ca/ca/tecreations/security2/app/?C=N%3BO%3DD" "Mozilla/5.0 (Linux; Android 7.0;) AppleWebKit/537.36 (KHTML, like Gecko) Mobile Safari/537.36 (compatible; PetalBot;+https://webmaster.petalsearch.com/site/petalbot)"
47.128.50.146 - - [06/Jan/2026:10:31:30 -0700] "GET /ca/tecreations/UnicodeTest2.php?a=3&b=6&method=decimal&z=7 HTTP/1.1" 404 4274 "-" "Mozilla/5.0 (compatible; Bytespider; spider-feedback@bytedance.com) AppleWebKit/537.36 (KHTML, like Gecko) Chrome/70.0.0.0 Safari/537.36"
47.128.29.45 - - [06/Jan/2026:10:31:30 -0700] "GET /ca/tecreations/UnicodeTest2.php?a=D&b=A&method=decimalBOLD&z=0 HTTP/1.1" 404 4274 "-" "Mozilla/5.0 (compatible; Bytespider; spider-feedback@bytedance.com) AppleWebKit/537.36 (KHTML, like Gecko) Chrome/70.0.0.0 Safari/537.36"
216.244.66.227 - - [06/Jan/2026:10:31:32 -0700] "GET /ca/tecreations/snapshots/2025/10/31/?C=D;O=A HTTP/1.1" 200 4586 "-" "Mozilla/5.0 (compatible; DotBot/1.2; +https://opensiteexplorer.org/dotbot; help@moz.com)"
198.235.24.19 - - [06/Jan/2026:10:32:23 -0700] "GET / HTTP/1.1" 302 3943 "-" "Hello from Palo Alto Networks, find out more about our scans in https://docs-cortex.paloaltonetworks.com/r/1/Cortex-Xpanse/Scanning-activity"
114.119.154.166 - - [06/Jan/2026:10:32:33 -0700] "GET /ca/tecreations/security2/app/error/ApiExceptionHandler.java HTTP/1.1" 404 4190 "https://tecreations.ca/ca/tecreations/security2/app/error/?C=N%3BO%3DD" "Mozilla/5.0 (Linux; Android 7.0;) AppleWebKit/537.36 (KHTML, like Gecko) Mobile Safari/537.36 (compatible; PetalBot;+https://webmaster.petalsearch.com/site/petalbot)"
216.244.66.227 - - [06/Jan/2026:10:33:13 -0700] "GET /ca/tecreations/snapshots/2025/10/27/?C=N;O=A HTTP/1.1" 200 4808 "-" "Mozilla/5.0 (compatible; DotBot/1.2; +https://opensiteexplorer.org/dotbot; help@moz.com)"
114.119.154.166 - - [06/Jan/2026:10:33:50 -0700] "GET /ca/tecreations/security2/app/config/?C=N%3BO%3DD HTTP/1.1" 404 4190 "https://tecreations.ca/ca/tecreations/security2/app/config/?C=S%3BO%3DA" "Mozilla/5.0 (Linux; Android 7.0;) AppleWebKit/537.36 (KHTML, like Gecko) Mobile Safari/537.36 (compatible; PetalBot;+https://webmaster.petalsearch.com/site/petalbot)"
95.214.55.117 - - [06/Jan/2026:10:34:09 -0700] "PROPFIND / HTTP/1.1" 302 3931 "-" "-"
78.37.17.89 - - [06/Jan/2026:10:34:27 -0700] "GET /ca/tecreations/ViewFile.php?path=/ca/tecreations/html_brand_menu_start.php HTTP/1.1" 200 6149 "-" "Mozilla/5.0 (X11; U; Linux i686; en-US) AppleWebKit/534.1 (KHTML, like Gecko) Chrome/6.0.416.0 Safari/534.1"
114.119.144.15 - - [06/Jan/2026:10:34:32 -0700] "GET /ca/tecreations/security/tecreations-0.3.0/FileAccessMonitor.java HTTP/1.1" 404 4190 "https://tecreations.ca/ca/tecreations/security/tecreations-0.3.0/?C=M%3BO%3DA" "Mozilla/5.0 (Linux; Android 7.0;) AppleWebKit/537.36 (KHTML, like Gecko) Mobile Safari/537.36 (compatible; PetalBot;+https://webmaster.petalsearch.com/site/petalbot)"
216.244.66.227 - - [06/Jan/2026:10:35:09 -0700] "GET /ca/tecreations/snapshots/2025/8/1/1.55.32%20-%20User%20Initiated/biblegateway.org HTTP/1.1" 404 437 "-" "Mozilla/5.0 (compatible; DotBot/1.2; +https://opensiteexplorer.org/dotbot; help@moz.com)"
114.119.148.64 - - [06/Jan/2026:10:35:13 -0700] "GET /ca/tecreations/scriptures/Psalm_1.php HTTP/1.1" 404 4190 "https://tecreations.ca/ca/tecreations/documentation/tec_web" "Mozilla/5.0 (Linux; Android 7.0;) AppleWebKit/537.36 (KHTML, like Gecko) Mobile Safari/537.36 (compatible; PetalBot;+https://webmaster.petalsearch.com/site/petalbot)"
40.77.167.44 - - [06/Jan/2026:10:35:17 -0700] "GET /ca/tecreations/library_en.php HTTP/1.1" 404 437 "-" "Mozilla/5.0 AppleWebKit/537.36 (KHTML, like Gecko; compatible; bingbot/2.0; +http://www.bing.com/bingbot.htm) Chrome/116.0.1938.76 Safari/537.36"
57.141.4.10 - - [06/Jan/2026:10:35:33 -0700] "GET /ca/tecreations/scriptures/NIV/en/Proverbs/Proverbs_15.php HTTP/1.1" 200 7190 "-" "meta-externalagent/1.1 (+https://developers.facebook.com/docs/sharing/webmasters/crawler)"
114.119.148.64 - - [06/Jan/2026:10:36:14 -0700] "GET /ca/tecreations/scriptures/Proverbs_6.php HTTP/1.1" 404 4190 "https://www.tecreations.ca/" "Mozilla/5.0 (Linux; Android 7.0;) AppleWebKit/537.36 (KHTML, like Gecko) Mobile Safari/537.36 (compatible; PetalBot;+https://webmaster.petalsearch.com/site/petalbot)"
114.119.152.47 - - [06/Jan/2026:10:37:37 -0700] "GET /ca/tecreations/php_stuff/php_login/Login/index.php HTTP/1.1" 302 3922 "https://tecreations.ca/ca/tecreations/php_stuff/php_login/Login/index.php" "Mozilla/5.0 (Linux; Android 7.0;) AppleWebKit/537.36 (KHTML, like Gecko) Mobile Safari/537.36 (compatible; PetalBot;+https://webmaster.petalsearch.com/site/petalbot)"
114.119.152.47 - - [06/Jan/2026:10:37:38 -0700] "GET /ca/tecreations/php_stuff/php_login/Login/List.php HTTP/1.1" 200 5964 "https://tecreations.ca/ca/tecreations/php_stuff/php_login/Login/index.php" "Mozilla/5.0 (Linux; Android 7.0;) AppleWebKit/537.36 (KHTML, like Gecko) Mobile Safari/537.36 (compatible; PetalBot;+https://webmaster.petalsearch.com/site/petalbot)"
95.214.55.117 - - [06/Jan/2026:10:37:46 -0700] "PROPFIND / HTTP/1.1" 302 3931 "-" "-"
114.119.135.63 - - [06/Jan/2026:10:38:56 -0700] "GET /ca/tecreations/menu/tim.php HTTP/1.1" 404 4190 "https://tecreations.ca/ca/tecreations/menu/?C=M%3BO%3DA" "Mozilla/5.0 (Linux; Android 7.0;) AppleWebKit/537.36 (KHTML, like Gecko) Mobile Safari/537.36 (compatible; PetalBot;+https://webmaster.petalsearch.com/site/petalbot)"
114.119.154.166 - - [06/Jan/2026:10:40:22 -0700] "GET /ca/tecreations/ebay/ HTTP/1.1" 404 4190 "https://tecreations.ca/ca/tecreations/ebay/best-autoparts/?C=N%3BO%3DD" "Mozilla/5.0 (Linux; Android 7.0;) AppleWebKit/537.36 (KHTML, like Gecko) Mobile Safari/537.36 (compatible; PetalBot;+https://webmaster.petalsearch.com/site/petalbot)"
37.187.226.30 - - [06/Jan/2026:10:40:51 -0700] "GET /robots.txt HTTP/1.1" 404 493 "-" "Mozilla/5.0 (compatible; MJ12bot/v1.4.8; http://mj12bot.com/)"
37.187.226.30 - - [06/Jan/2026:10:40:52 -0700] "GET /ca/tecreations/snapshots/2025/10/21/Morning%20-%2011.59.59/%00http HTTP/1.1" 404 437 "-" "Mozilla/5.0 (compatible; MJ12bot/v1.4.8; http://mj12bot.com/)"
37.187.226.30 - - [06/Jan/2026:10:40:56 -0700] "GET /ca/tecreations/snapshots/2025/7/29/Evening%20-%2015.55.21/%00http HTTP/1.1" 404 437 "-" "Mozilla/5.0 (compatible; MJ12bot/v1.4.8; http://mj12bot.com/)"
37.187.226.30 - - [06/Jan/2026:10:40:58 -0700] "GET /robots.txt HTTP/1.1" 404 3759 "-" "Mozilla/5.0 (compatible; MJ12bot/v1.4.8; http://mj12bot.com/)"
37.187.226.30 - - [06/Jan/2026:10:41:02 -0700] "GET /ca/tecreations/snapshots/2025/7/29/Evening%20-%2015.56.15/biblegateway.org HTTP/1.1" 404 459 "-" "Mozilla/5.0 (compatible; MJ12bot/v1.4.8; http://mj12bot.com/)"
37.187.226.30 - - [06/Jan/2026:10:41:06 -0700] "GET /ca/tecreations/snapshots/2025/7/29/Evening%20-%2016.08.13/biblegateway.org HTTP/1.1" 404 459 "-" "Mozilla/5.0 (compatible; MJ12bot/v1.4.8; http://mj12bot.com/)"
43.157.38.228 - - [06/Jan/2026:10:41:06 -0700] "GET / HTTP/1.1" 404 454 "-" "Mozilla/5.0 (iPhone; CPU iPhone OS 13_2_3 like Mac OS X) AppleWebKit/605.1.15 (KHTML, like Gecko) Version/13.0.3 Mobile/15E148 Safari/604.1"
37.187.226.30 - - [06/Jan/2026:10:41:08 -0700] "GET /ca/tecreations/snapshots/2025/7/29/Evening%20-%2016.19.57/biblegateway.org HTTP/1.1" 404 459 "-" "Mozilla/5.0 (compatible; MJ12bot/v1.4.8; http://mj12bot.com/)"
37.187.226.30 - - [06/Jan/2026:10:41:12 -0700] "GET /ca/tecreations/snapshots/2025/7/29/Evening%20-%2016.22.22/biblegateway.org HTTP/1.1" 404 459 "-" "Mozilla/5.0 (compatible; MJ12bot/v1.4.8; http://mj12bot.com/)"
37.187.226.30 - - [06/Jan/2026:10:41:15 -0700] "GET /ca/tecreations/snapshots/2025/7/29/Evening%20-%2016.27.52/biblegateway.org HTTP/1.1" 404 459 "-" "Mozilla/5.0 (compatible; MJ12bot/v1.4.8; http://mj12bot.com/)"
37.187.226.30 - - [06/Jan/2026:10:41:17 -0700] "GET /ca/tecreations/snapshots/2025/7/29/Evening%20-%2016.30.50/biblegateway.org HTTP/1.1" 404 459 "-" "Mozilla/5.0 (compatible; MJ12bot/v1.4.8; http://mj12bot.com/)"
37.187.226.30 - - [06/Jan/2026:10:41:20 -0700] "GET /ca/tecreations/snapshots/2025/7/29/Evening%20-%2016.33.08/biblegateway.org HTTP/1.1" 404 459 "-" "Mozilla/5.0 (compatible; MJ12bot/v1.4.8; http://mj12bot.com/)"
37.187.226.30 - - [06/Jan/2026:10:41:23 -0700] "GET /ca/tecreations/snapshots/2025/7/29/Evening%20-%2016.44.57/biblegateway.org HTTP/1.1" 404 459 "-" "Mozilla/5.0 (compatible; MJ12bot/v1.4.8; http://mj12bot.com/)"
37.187.226.30 - - [06/Jan/2026:10:41:25 -0700] "GET /ca/tecreations/snapshots/2025/7/29/Evening%20-%2016.48.31/biblegateway.org HTTP/1.1" 404 459 "-" "Mozilla/5.0 (compatible; MJ12bot/v1.4.8; http://mj12bot.com/)"
37.187.226.30 - - [06/Jan/2026:10:41:27 -0700] "GET /ca/tecreations/snapshots/2025/7/29/Evening%20-%2023.59.59/%00http HTTP/1.1" 404 437 "-" "Mozilla/5.0 (compatible; MJ12bot/v1.4.8; http://mj12bot.com/)"
37.187.226.30 - - [06/Jan/2026:10:41:29 -0700] "GET /ca/tecreations/snapshots/2025/7/29/Morning%20-%2011.59.59/%00http HTTP/1.1" 404 437 "-" "Mozilla/5.0 (compatible; MJ12bot/v1.4.8; http://mj12bot.com/)"
37.187.226.30 - - [06/Jan/2026:10:41:31 -0700] "GET /ca/tecreations/snapshots/2025/7/30/9.27.31%20-%20User%20Initiated/%00http HTTP/1.1" 404 437 "-" "Mozilla/5.0 (compatible; MJ12bot/v1.4.8; http://mj12bot.com/)"
37.187.226.30 - - [06/Jan/2026:10:41:33 -0700] "GET /ca/tecreations/snapshots/2025/7/30/Morning%20-%2011.59.59/%00http HTTP/1.1" 404 437 "-" "Mozilla/5.0 (compatible; MJ12bot/v1.4.8; http://mj12bot.com/)"
37.187.226.30 - - [06/Jan/2026:10:41:35 -0700] "GET /ca/tecreations/snapshots/2025/8/1/1.55.32%20-%20User%20Initiated/biblegateway.org HTTP/1.1" 404 3703 "-" "Mozilla/5.0 (compatible; MJ12bot/v1.4.8; http://mj12bot.com/)"
37.187.226.30 - - [06/Jan/2026:10:41:37 -0700] "GET /ca/tecreations/snapshots/2025/8/1/15.59.39%20-%20User%20Initiated/%00http HTTP/1.1" 404 437 "-" "Mozilla/5.0 (compatible; MJ12bot/v1.4.8; http://mj12bot.com/)"
37.187.226.30 - - [06/Jan/2026:10:41:39 -0700] "GET /ca/tecreations/snapshots/2025/8/1/2.02.22%20-%20User%20Initiated/%00http HTTP/1.1" 404 437 "-" "Mozilla/5.0 (compatible; MJ12bot/v1.4.8; http://mj12bot.com/)"
37.187.226.30 - - [06/Jan/2026:10:41:41 -0700] "GET /ca/tecreations/snapshots/2025/8/1/23.42.54%20-%20User%20Initiated/%00http HTTP/1.1" 404 437 "-" "Mozilla/5.0 (compatible; MJ12bot/v1.4.8; http://mj12bot.com/)"
37.187.226.30 - - [06/Jan/2026:10:41:43 -0700] "GET /ca/tecreations/snapshots/2025/8/1/Morning%20-%2011.29.14/biblegateway.org HTTP/1.1" 404 3703 "-" "Mozilla/5.0 (compatible; MJ12bot/v1.4.8; http://mj12bot.com/)"
37.187.226.30 - - [06/Jan/2026:10:41:44 -0700] "GET /ca/tecreations/snapshots/2025/8/1/Morning%20-%2011.59.59/%00http HTTP/1.1" 404 437 "-" "Mozilla/5.0 (compatible; MJ12bot/v1.4.8; http://mj12bot.com/)"
37.187.226.30 - - [06/Jan/2026:10:41:46 -0700] "GET /ca/tecreations/snapshots/2025/8/11/14.54.50%20-%20User%20Initiated/%00http HTTP/1.1" 404 437 "-" "Mozilla/5.0 (compatible; MJ12bot/v1.4.8; http://mj12bot.com/)"
167.172.89.95 - - [06/Jan/2026:10:41:47 -0700] "GET / HTTP/1.1" 404 437 "-" "curl/7.83.1"
37.187.226.30 - - [06/Jan/2026:10:41:48 -0700] "GET /ca/tecreations/snapshots/2025/8/13/Evening%20-%2023.02.37/%00http HTTP/1.1" 404 437 "-" "Mozilla/5.0 (compatible; MJ12bot/v1.4.8; http://mj12bot.com/)"
167.172.89.95 - - [06/Jan/2026:10:41:48 -0700] "GET /wordpress/ HTTP/1.1" 404 437 "-" "curl/7.83.1"
37.187.226.30 - - [06/Jan/2026:10:41:49 -0700] "GET /ca/tecreations/snapshots/2025/8/13/Evening%20-%2023.59.59/%00http HTTP/1.1" 404 437 "-" "Mozilla/5.0 (compatible; MJ12bot/v1.4.8; http://mj12bot.com/)"
95.214.55.117 - - [06/Jan/2026:10:41:50 -0700] "PROPFIND / HTTP/1.1" 302 3931 "-" "-"
37.187.226.30 - - [06/Jan/2026:10:41:51 -0700] "GET /ca/tecreations/snapshots/2025/8/16/Morning%20-%2011.59.59/%00http HTTP/1.1" 404 437 "-" "Mozilla/5.0 (compatible; MJ12bot/v1.4.8; http://mj12bot.com/)"
37.187.226.30 - - [06/Jan/2026:10:41:53 -0700] "GET /ca/tecreations/snapshots/2025/8/17/13.50.30%20-%20User%20Initiated/%00http HTTP/1.1" 404 437 "-" "Mozilla/5.0 (compatible; MJ12bot/v1.4.8; http://mj12bot.com/)"
37.187.226.30 - - [06/Jan/2026:10:41:55 -0700] "GET /ca/tecreations/snapshots/2025/8/17/2.39.24%20-%20User%20Initiated/%00http HTTP/1.1" 404 437 "-" "Mozilla/5.0 (compatible; MJ12bot/v1.4.8; http://mj12bot.com/)"
37.187.226.30 - - [06/Jan/2026:10:41:56 -0700] "GET /ca/tecreations/snapshots/2025/8/17/Evening%20-%2023.59.58/%00http HTTP/1.1" 404 437 "-" "Mozilla/5.0 (compatible; MJ12bot/v1.4.8; http://mj12bot.com/)"
37.187.226.30 - - [06/Jan/2026:10:41:58 -0700] "GET /ca/tecreations/snapshots/2025/8/18/3.25.51%20-%20User%20Initiated/%00http HTTP/1.1" 404 437 "-" "Mozilla/5.0 (compatible; MJ12bot/v1.4.8; http://mj12bot.com/)"
37.187.226.30 - - [06/Jan/2026:10:41:59 -0700] "GET /ca/tecreations/snapshots/2025/8/18/Evening%20-%2023.59.59/%00http HTTP/1.1" 404 437 "-" "Mozilla/5.0 (compatible; MJ12bot/v1.4.8; http://mj12bot.com/)"
37.187.226.30 - - [06/Jan/2026:10:42:00 -0700] "GET /robots.txt HTTP/1.1" 404 3763 "-" "Mozilla/5.0 (compatible; MJ12bot/v1.4.8; http://mj12bot.com/)"
37.187.226.30 - - [06/Jan/2026:10:42:02 -0700] "GET /ca/tecreations/progress/2025/vps/login/Build.class HTTP/1.1" 200 892 "-" "Mozilla/5.0 (compatible; MJ12bot/v1.4.8; http://mj12bot.com/)"
37.187.226.30 - - [06/Jan/2026:10:42:04 -0700] "GET /ca/tecreations/progress/2025/vps/login/Build.java HTTP/1.1" 200 550 "-" "Mozilla/5.0 (compatible; MJ12bot/v1.4.8; http://mj12bot.com/)"
37.187.226.30 - - [06/Jan/2026:10:42:05 -0700] "GET /ca/tecreations/progress/2025/vps/login/DBReset.class HTTP/1.1" 200 1012 "-" "Mozilla/5.0 (compatible; MJ12bot/v1.4.8; http://mj12bot.com/)"
37.187.226.30 - - [06/Jan/2026:10:42:07 -0700] "GET /ca/tecreations/progress/2025/vps/login/DBReset.java HTTP/1.1" 200 809 "-" "Mozilla/5.0 (compatible; MJ12bot/v1.4.8; http://mj12bot.com/)"
37.187.226.30 - - [06/Jan/2026:10:42:08 -0700] "GET /ca/tecreations/progress/2025/vps/login/DBSetup.class HTTP/1.1" 200 7034 "-" "Mozilla/5.0 (compatible; MJ12bot/v1.4.8; http://mj12bot.com/)"
114.119.152.47 - - [06/Jan/2026:10:42:12 -0700] "GET /ca/tecreations/documentation/dependency_viewer.php HTTP/1.1" 200 3964 "https://tecreations.ca/ca/tecreations/documentation/?C=S%3BO%3DA" "Mozilla/5.0 (Linux; Android 7.0;) AppleWebKit/537.36 (KHTML, like Gecko) Mobile Safari/537.36 (compatible; PetalBot;+https://webmaster.petalsearch.com/site/petalbot)"
47.128.44.23 - - [06/Jan/2026:10:42:30 -0700] "GET /ca/tecreations/UnicodeTest2.php?a=6&b=3&method=decimalBOLD&z=8 HTTP/1.1" 404 4274 "-" "Mozilla/5.0 (compatible; Bytespider; spider-feedback@bytedance.com) AppleWebKit/537.36 (KHTML, like Gecko) Chrome/70.0.0.0 Safari/537.36"
47.128.55.192 - - [06/Jan/2026:10:42:31 -0700] "GET /ca/tecreations/UnicodeTest2.php?a=9&b=D&method=decimal&z=6 HTTP/1.1" 404 4274 "-" "Mozilla/5.0 (compatible; Bytespider; spider-feedback@bytedance.com) AppleWebKit/537.36 (KHTML, like Gecko) Chrome/70.0.0.0 Safari/537.36"
114.119.154.166 - - [06/Jan/2026:10:43:10 -0700] "GET /ca/tecreations/cangro.php HTTP/1.1" 404 4190 "https://tecreations.ca/ca/tecreations/ViewFile.php?path=ca/tecreations/cangro.php" "Mozilla/5.0 (Linux; Android 7.0;) AppleWebKit/537.36 (KHTML, like Gecko) Mobile Safari/537.36 (compatible; PetalBot;+https://webmaster.petalsearch.com/site/petalbot)"
114.119.152.47 - - [06/Jan/2026:10:44:31 -0700] "GET /ca/tecreations/cangro-statement.php HTTP/1.1" 404 4190 "https://tecreations.ca/ca/tecreations/ViewFile.php?path=ca/tecreations/cangro-statement.php" "Mozilla/5.0 (Linux; Android 7.0;) AppleWebKit/537.36 (KHTML, like Gecko) Mobile Safari/537.36 (compatible; PetalBot;+https://webmaster.petalsearch.com/site/petalbot)"
95.214.55.117 - - [06/Jan/2026:10:45:26 -0700] "PROPFIND / HTTP/1.1" 302 3931 "-" "-"
114.119.137.116 - - [06/Jan/2026:10:45:54 -0700] "GET /ca/tecreations/blogs/tims_blog_index.php HTTP/1.1" 404 4190 "https://tecreations.ca/ca/tecreations/games/bingo/Bingo.php" "Mozilla/5.0 (Linux; Android 7.0;) AppleWebKit/537.36 (KHTML, like Gecko) Mobile Safari/537.36 (compatible; PetalBot;+https://webmaster.petalsearch.com/site/petalbot)"
114.119.154.166 - - [06/Jan/2026:10:47:19 -0700] "GET /ca/tecreations/ViewFile.php?path=ca/tecreations/locations.php HTTP/1.1" 200 7745 "https://tecreations.ca/ca/tecreations/ViewFile.php?path=ca/tecreations/locations.php" "Mozilla/5.0 (Linux; Android 7.0;) AppleWebKit/537.36 (KHTML, like Gecko) Mobile Safari/537.36 (compatible; PetalBot;+https://webmaster.petalsearch.com/site/petalbot)"
216.244.66.227 - - [06/Jan/2026:10:48:09 -0700] "GET /ca/tecreations/snapshots/2025/8/?C=M;O=D HTTP/1.1" 200 9334 "-" "Mozilla/5.0 (compatible; DotBot/1.2; +https://opensiteexplorer.org/dotbot; help@moz.com)"
114.119.137.116 - - [06/Jan/2026:10:48:47 -0700] "GET /ca/tecreations/ViewFile.php?path=ca/tecreations/PREVIOUS/page_content_7.php HTTP/1.1" 200 4312 "https://tecreations.ca/ca/tecreations/ViewFile.php?path=ca/tecreations/PREVIOUS/page_content_7.php" "Mozilla/5.0 (Linux; Android 7.0;) AppleWebKit/537.36 (KHTML, like Gecko) Mobile Safari/537.36 (compatible; PetalBot;+https://webmaster.petalsearch.com/site/petalbot)"
95.214.55.117 - - [06/Jan/2026:10:48:54 -0700] "PROPFIND / HTTP/1.1" 302 3931 "-" "-"
47.128.99.114 - - [06/Jan/2026:10:49:54 -0700] "GET /ca/tecreations/UnicodeTest2.php?a=7&b=D&method=mb_chr&z=6 HTTP/1.1" 404 4278 "-" "Mozilla/5.0 (compatible; Bytespider; spider-feedback@bytedance.com) AppleWebKit/537.36 (KHTML, like Gecko) Chrome/70.0.0.0 Safari/537.36"
47.128.109.90 - - [06/Jan/2026:10:49:54 -0700] "GET /ca/tecreations/UnicodeTest2.php?z=10&a=C&b=4&method=decimal HTTP/1.1" 404 4274 "-" "Mozilla/5.0 (compatible; Bytespider; spider-feedback@bytedance.com) AppleWebKit/537.36 (KHTML, like Gecko) Chrome/70.0.0.0 Safari/537.36"
114.119.154.166 - - [06/Jan/2026:10:50:04 -0700] "GET /ca/tecreations/ViewFile.php?path=ca/tecreations/CHARITIES/CanGro/cangro-statement.php HTTP/1.1" 200 4317 "https://tecreations.ca/ca/tecreations/ViewFile.php?path=ca/tecreations/CHARITIES/CanGro/cangro-statement.php" "Mozilla/5.0 (Linux; Android 7.0;) AppleWebKit/537.36 (KHTML, like Gecko) Mobile Safari/537.36 (compatible; PetalBot;+https://webmaster.petalsearch.com/site/petalbot)"
114.119.152.47 - - [06/Jan/2026:10:51:29 -0700] "GET /ca/tecreations/ViewFile.php?path=/ca/tecreations/page_content.php HTTP/1.1" 200 5894 "https://tecreations.ca/ca/tecreations/List.php" "Mozilla/5.0 (Linux; Android 7.0;) AppleWebKit/537.36 (KHTML, like Gecko) Mobile Safari/537.36 (compatible; PetalBot;+https://webmaster.petalsearch.com/site/petalbot)"
95.214.55.117 - - [06/Jan/2026:10:52:17 -0700] "PROPFIND / HTTP/1.1" 302 3931 "-" "-"
114.119.148.64 - - [06/Jan/2026:10:53:05 -0700] "GET /ca/tecreations/ViewFile.php?path=/ca/tecreations/UnicodeGrapheme1.php HTTP/1.1" 200 6109 "https://tecreations.ca/ca/tecreations/ViewFile.php?path=/ca/tecreations/UnicodeGrapheme1.php" "Mozilla/5.0 (Linux; Android 7.0;) AppleWebKit/537.36 (KHTML, like Gecko) Mobile Safari/537.36 (compatible; PetalBot;+https://webmaster.petalsearch.com/site/petalbot)"
57.129.69.77 - - [06/Jan/2026:10:53:58 -0700] "GET /ca/tecreations/ViewFile.php?path=ca/tecreations/tims_today_scriptures.php HTTP/1.1" 200 7077 "-" "Mozilla/5.0 (Windows NT 10.0; Win64; x64) AppleWebKit/537.36 (KHTML, like Gecko) Chrome/139.0.0.0 Safari/537.36"
114.119.152.47 - - [06/Jan/2026:10:54:22 -0700] "GET /ca/tecreations/ViewFile.php?path=/ca/tecreations/MySQL.php HTTP/1.1" 200 7742 "https://tecreations.ca/ca/tecreations/ViewFile.php?path=/ca/tecreations/MySQL.php" "Mozilla/5.0 (Linux; Android 7.0;) AppleWebKit/537.36 (KHTML, like Gecko) Mobile Safari/537.36 (compatible; PetalBot;+https://webmaster.petalsearch.com/site/petalbot)"
51.75.21.177 - - [06/Jan/2026:10:54:50 -0700] "GET /ca/tecreations/ViewFile.php?path=ca/tecreations/html_start_no_includes.php HTTP/1.1" 200 5986 "-" "Mozilla/5.0 (Windows NT 10.0; Win64; x64) AppleWebKit/537.36 (KHTML, like Gecko) Chrome/139.0.0.0 Safari/537.36"
102.97.219.134 - - [06/Jan/2026:10:55:01 -0700] "GET /ca/tecreations/Apps/IsAdmin.php HTTP/1.1" 500 3918 "https://tecreations.ca/" "Mozilla/5.0 (Windows NT 10.0; Win64; x64) AppleWebKit/537.36 (KHTML, like Gecko) Chrome/135.0.0.0 Safari/537.36"
114.119.144.15 - - [06/Jan/2026:10:55:41 -0700] "GET /ca/tecreations/ViewFile.php HTTP/1.1" 200 5847 "https://tecreations.ca/ca/tecreations/ViewFile.php?path=/ca/tecreations/ViewFile.php" "Mozilla/5.0 (Linux; Android 7.0;) AppleWebKit/537.36 (KHTML, like Gecko) Mobile Safari/537.36 (compatible; PetalBot;+https://webmaster.petalsearch.com/site/petalbot)"
95.214.55.117 - - [06/Jan/2026:10:55:59 -0700] "PROPFIND / HTTP/1.1" 302 3931 "-" "-"
207.244.227.72 - - [06/Jan/2026:10:56:18 -0700] "POST /cgi-bin/.%2e/.%2e/.%2e/.%2e/.%2e/.%2e/.%2e/.%2e/.%2e/.%2e/bin/sh HTTP/1.1" 400 486 "-" "libredtail-http"
207.244.227.72 - - [06/Jan/2026:10:56:18 -0700] "POST /cgi-bin/%%32%65%%32%65/%%32%65%%32%65/%%32%65%%32%65/%%32%65%%32%65/%%32%65%%32%65/%%32%65%%32%65/%%32%65%%32%65/bin/sh HTTP/1.1" 400 486 "-" "libredtail-http"
207.244.227.72 - - [06/Jan/2026:10:56:18 -0700] "POST /hello.world?%ADd+allow_url_include%3d1+%ADd+auto_prepend_file%3dphp://input HTTP/1.1" 404 491 "-" "libredtail-http"
207.244.227.72 - - [06/Jan/2026:10:56:18 -0700] "POST /?%ADd+allow_url_include%3d1+%ADd+auto_prepend_file%3dphp://input HTTP/1.1" 404 490 "-" "libredtail-http"
207.244.227.72 - - [06/Jan/2026:10:56:18 -0700] "GET /vendor/phpunit/phpunit/src/Util/PHP/eval-stdin.php HTTP/1.1" 404 490 "-" "libredtail-http"
207.244.227.72 - - [06/Jan/2026:10:56:18 -0700] "GET /vendor/phpunit/phpunit/Util/PHP/eval-stdin.php HTTP/1.1" 404 490 "-" "libredtail-http"
207.244.227.72 - - [06/Jan/2026:10:56:18 -0700] "GET /vendor/phpunit/src/Util/PHP/eval-stdin.php HTTP/1.1" 404 490 "-" "libredtail-http"
207.244.227.72 - - [06/Jan/2026:10:56:18 -0700] "GET /vendor/phpunit/Util/PHP/eval-stdin.php HTTP/1.1" 404 490 "-" "libredtail-http"
207.244.227.72 - - [06/Jan/2026:10:56:18 -0700] "GET /vendor/phpunit/phpunit/LICENSE/eval-stdin.php HTTP/1.1" 404 490 "-" "libredtail-http"
207.244.227.72 - - [06/Jan/2026:10:56:18 -0700] "GET /vendor/vendor/phpunit/phpunit/src/Util/PHP/eval-stdin.php HTTP/1.1" 404 490 "-" "libredtail-http"
207.244.227.72 - - [06/Jan/2026:10:56:19 -0700] "GET /phpunit/phpunit/src/Util/PHP/eval-stdin.php HTTP/1.1" 404 490 "-" "libredtail-http"
207.244.227.72 - - [06/Jan/2026:10:56:19 -0700] "GET /phpunit/phpunit/Util/PHP/eval-stdin.php HTTP/1.1" 404 490 "-" "libredtail-http"
207.244.227.72 - - [06/Jan/2026:10:56:19 -0700] "GET /phpunit/src/Util/PHP/eval-stdin.php HTTP/1.1" 404 490 "-" "libredtail-http"
207.244.227.72 - - [06/Jan/2026:10:56:19 -0700] "GET /phpunit/Util/PHP/eval-stdin.php HTTP/1.1" 404 490 "-" "libredtail-http"
207.244.227.72 - - [06/Jan/2026:10:56:19 -0700] "GET /lib/phpunit/phpunit/src/Util/PHP/eval-stdin.php HTTP/1.1" 404 490 "-" "libredtail-http"
207.244.227.72 - - [06/Jan/2026:10:56:19 -0700] "GET /lib/phpunit/phpunit/Util/PHP/eval-stdin.php HTTP/1.1" 404 490 "-" "libredtail-http"
207.244.227.72 - - [06/Jan/2026:10:56:19 -0700] "GET /lib/phpunit/src/Util/PHP/eval-stdin.php HTTP/1.1" 404 490 "-" "libredtail-http"
207.244.227.72 - - [06/Jan/2026:10:56:19 -0700] "GET /lib/phpunit/Util/PHP/eval-stdin.php HTTP/1.1" 404 490 "-" "libredtail-http"
207.244.227.72 - - [06/Jan/2026:10:56:19 -0700] "GET /lib/vendor/phpunit/phpunit/src/Util/PHP/eval-stdin.php HTTP/1.1" 404 490 "-" "libredtail-http"
207.244.227.72 - - [06/Jan/2026:10:56:19 -0700] "GET /laravel/vendor/phpunit/phpunit/src/Util/PHP/eval-stdin.php HTTP/1.1" 404 490 "-" "libredtail-http"
207.244.227.72 - - [06/Jan/2026:10:56:19 -0700] "GET /www/vendor/phpunit/phpunit/src/Util/PHP/eval-stdin.php HTTP/1.1" 404 490 "-" "libredtail-http"
207.244.227.72 - - [06/Jan/2026:10:56:19 -0700] "GET /ws/vendor/phpunit/phpunit/src/Util/PHP/eval-stdin.php HTTP/1.1" 404 490 "-" "libredtail-http"
207.244.227.72 - - [06/Jan/2026:10:56:19 -0700] "GET /yii/vendor/phpunit/phpunit/src/Util/PHP/eval-stdin.php HTTP/1.1" 404 490 "-" "libredtail-http"
207.244.227.72 - - [06/Jan/2026:10:56:19 -0700] "GET /zend/vendor/phpunit/phpunit/src/Util/PHP/eval-stdin.php HTTP/1.1" 404 490 "-" "libredtail-http"
207.244.227.72 - - [06/Jan/2026:10:56:20 -0700] "GET /ws/ec/vendor/phpunit/phpunit/src/Util/PHP/eval-stdin.php HTTP/1.1" 404 490 "-" "libredtail-http"
207.244.227.72 - - [06/Jan/2026:10:56:20 -0700] "GET /V2/vendor/phpunit/phpunit/src/Util/PHP/eval-stdin.php HTTP/1.1" 404 490 "-" "libredtail-http"
207.244.227.72 - - [06/Jan/2026:10:56:20 -0700] "GET /tests/vendor/phpunit/phpunit/src/Util/PHP/eval-stdin.php HTTP/1.1" 404 490 "-" "libredtail-http"
207.244.227.72 - - [06/Jan/2026:10:56:20 -0700] "GET /test/vendor/phpunit/phpunit/src/Util/PHP/eval-stdin.php HTTP/1.1" 404 490 "-" "libredtail-http"
207.244.227.72 - - [06/Jan/2026:10:56:20 -0700] "GET /testing/vendor/phpunit/phpunit/src/Util/PHP/eval-stdin.php HTTP/1.1" 404 490 "-" "libredtail-http"
207.244.227.72 - - [06/Jan/2026:10:56:20 -0700] "GET /api/vendor/phpunit/phpunit/src/Util/PHP/eval-stdin.php HTTP/1.1" 404 490 "-" "libredtail-http"
207.244.227.72 - - [06/Jan/2026:10:56:20 -0700] "GET /demo/vendor/phpunit/phpunit/src/Util/PHP/eval-stdin.php HTTP/1.1" 404 490 "-" "libredtail-http"
207.244.227.72 - - [06/Jan/2026:10:56:20 -0700] "GET /cms/vendor/phpunit/phpunit/src/Util/PHP/eval-stdin.php HTTP/1.1" 404 490 "-" "libredtail-http"
207.244.227.72 - - [06/Jan/2026:10:56:20 -0700] "GET /crm/vendor/phpunit/phpunit/src/Util/PHP/eval-stdin.php HTTP/1.1" 404 490 "-" "libredtail-http"
207.244.227.72 - - [06/Jan/2026:10:56:20 -0700] "GET /admin/vendor/phpunit/phpunit/src/Util/PHP/eval-stdin.php HTTP/1.1" 404 490 "-" "libredtail-http"
207.244.227.72 - - [06/Jan/2026:10:56:20 -0700] "GET /backup/vendor/phpunit/phpunit/src/Util/PHP/eval-stdin.php HTTP/1.1" 404 490 "-" "libredtail-http"
207.244.227.72 - - [06/Jan/2026:10:56:20 -0700] "GET /blog/vendor/phpunit/phpunit/src/Util/PHP/eval-stdin.php HTTP/1.1" 404 490 "-" "libredtail-http"
207.244.227.72 - - [06/Jan/2026:10:56:20 -0700] "GET /workspace/drupal/vendor/phpunit/phpunit/src/Util/PHP/eval-stdin.php HTTP/1.1" 404 490 "-" "libredtail-http"
207.244.227.72 - - [06/Jan/2026:10:56:20 -0700] "GET /panel/vendor/phpunit/phpunit/src/Util/PHP/eval-stdin.php HTTP/1.1" 404 490 "-" "libredtail-http"
207.244.227.72 - - [06/Jan/2026:10:56:20 -0700] "GET /public/vendor/phpunit/phpunit/src/Util/PHP/eval-stdin.php HTTP/1.1" 404 490 "-" "libredtail-http"
207.244.227.72 - - [06/Jan/2026:10:56:21 -0700] "GET /apps/vendor/phpunit/phpunit/src/Util/PHP/eval-stdin.php HTTP/1.1" 404 490 "-" "libredtail-http"
207.244.227.72 - - [06/Jan/2026:10:56:21 -0700] "GET /app/vendor/phpunit/phpunit/src/Util/PHP/eval-stdin.php HTTP/1.1" 404 490 "-" "libredtail-http"
207.244.227.72 - - [06/Jan/2026:10:56:21 -0700] "GET /index.php?s=/index/\\think\\app/invokefunction&function=call_user_func_array&vars[0]=md5&vars[1][]=Hello HTTP/1.1" 404 490 "-" "libredtail-http"
207.244.227.72 - - [06/Jan/2026:10:56:21 -0700] "GET /public/index.php?s=/index/\\think\\app/invokefunction&function=call_user_func_array&vars[0]=md5&vars[1][]=Hello HTTP/1.1" 404 490 "-" "libredtail-http"
207.244.227.72 - - [06/Jan/2026:10:56:21 -0700] "GET /index.php?lang=../../../../../../../../usr/local/lib/php/pearcmd&+config-create+/&/<?echo(md5(\"hi\"));?>+/tmp/index1.php HTTP/1.1" 404 490 "-" "libredtail-http"
207.244.227.72 - - [06/Jan/2026:10:56:21 -0700] "GET /index.php?lang=../../../../../../../../tmp/index1 HTTP/1.1" 404 490 "-" "libredtail-http"
207.244.227.72 - - [06/Jan/2026:10:56:21 -0700] "GET /containers/json HTTP/1.1" 404 490 "-" "libredtail-http"
114.119.142.39 - - [06/Jan/2026:10:57:04 -0700] "GET /ca/tecreations/UnicodeViewer.php?z=1&a=1&b=C&method=GET HTTP/1.1" 404 4190 "https://tecreations.ca/ca/tecreations/UnicodeViewer.php?z=1&a=1&b=0&method=GET" "Mozilla/5.0 (Linux; Android 7.0;) AppleWebKit/537.36 (KHTML, like Gecko) Mobile Safari/537.36 (compatible; PetalBot;+https://webmaster.petalsearch.com/site/petalbot)"
47.128.24.121 - - [06/Jan/2026:10:57:18 -0700] "GET /ca/tecreations/UnicodeTest2.php?a=C&b=A&method=mb_chr&z=8 HTTP/1.1" 404 4278 "-" "Mozilla/5.0 (compatible; Bytespider; spider-feedback@bytedance.com) AppleWebKit/537.36 (KHTML, like Gecko) Chrome/70.0.0.0 Safari/537.36"
114.119.135.63 - - [06/Jan/2026:10:58:28 -0700] "GET /ca/tecreations/UnicodeViewer.php?z=1&a=1&b=B&method=GET HTTP/1.1" 404 4190 "https://tecreations.ca/ca/tecreations/UnicodeViewer.php?z=1&a=1&b=0&method=GET" "Mozilla/5.0 (Linux; Android 7.0;) AppleWebKit/537.36 (KHTML, like Gecko) Mobile Safari/537.36 (compatible; PetalBot;+https://webmaster.petalsearch.com/site/petalbot)"
114.119.152.47 - - [06/Jan/2026:10:59:52 -0700] "GET /ca/tecreations/UnicodeViewer.php?z=1&a=1&b=A&method=GET HTTP/1.1" 404 4190 "https://tecreations.ca/ca/tecreations/UnicodeViewer.php?z=1&a=1&b=0&method=GET" "Mozilla/5.0 (Linux; Android 7.0;) AppleWebKit/537.36 (KHTML, like Gecko) Mobile Safari/537.36 (compatible; PetalBot;+https://webmaster.petalsearch.com/site/petalbot)"
95.214.55.117 - - [06/Jan/2026:11:00:00 -0700] "PROPFIND / HTTP/1.1" 302 3931 "-" "-"
66.249.66.203 - - [06/Jan/2026:11:00:24 -0700] "GET /ca/tecreations/UnicodeTest2.php?z=4&a=D&b=5&method=mb_chr HTTP/1.1" 404 4227 "-" "Mozilla/5.0 (Linux; Android 6.0.1; Nexus 5X Build/MMB29P) AppleWebKit/537.36 (KHTML, like Gecko) Chrome/141.0.7390.122 Mobile Safari/537.36 (compatible; Googlebot/2.1; +http://www.google.com/bot.html)"
47.128.53.198 - - [06/Jan/2026:11:00:56 -0700] "GET /ca/tecreations/UnicodeTest2.php?a=1&b=D&method=entity&z=4 HTTP/1.1" 404 4278 "-" "Mozilla/5.0 (compatible; Bytespider; spider-feedback@bytedance.com) AppleWebKit/537.36 (KHTML, like Gecko) Chrome/70.0.0.0 Safari/537.36"
114.119.154.166 - - [06/Jan/2026:11:01:16 -0700] "GET /ca/tecreations/UnicodeViewer.php?z=1&a=1&b=4&method=GET HTTP/1.1" 404 4190 "https://tecreations.ca/ca/tecreations/UnicodeViewer.php?z=1&a=1&b=0&method=GET" "Mozilla/5.0 (Linux; Android 7.0;) AppleWebKit/537.36 (KHTML, like Gecko) Mobile Safari/537.36 (compatible; PetalBot;+https://webmaster.petalsearch.com/site/petalbot)"
114.119.152.47 - - [06/Jan/2026:11:02:39 -0700] "GET /ca/tecreations/UnicodeViewer.php?z=1&a=1&b=3&method=GET HTTP/1.1" 404 4190 "https://tecreations.ca/ca/tecreations/UnicodeViewer.php?z=1&a=1&b=0&method=GET" "Mozilla/5.0 (Linux; Android 7.0;) AppleWebKit/537.36 (KHTML, like Gecko) Mobile Safari/537.36 (compatible; PetalBot;+https://webmaster.petalsearch.com/site/petalbot)"
95.214.55.117 - - [06/Jan/2026:11:03:26 -0700] "PROPFIND / HTTP/1.1" 302 3931 "-" "-"
114.119.148.64 - - [06/Jan/2026:11:04:13 -0700] "GET /ca/tecreations/UnicodeViewer.php?z=1&a=1&b=0&method=mb_chr HTTP/1.1" 404 4190 "https://tecreations.ca/ca/tecreations/UnicodeViewer.php?z=1&a=1&b=0&method=GET" "Mozilla/5.0 (Linux; Android 7.0;) AppleWebKit/537.36 (KHTML, like Gecko) Mobile Safari/537.36 (compatible; PetalBot;+https://webmaster.petalsearch.com/site/petalbot)"
193.142.147.209 - - [06/Jan/2026:11:04:30 -0700] "POST / HTTP/1.1" 404 454 "-" "Mozilla/5.0 (Windows NT 10.0; Win64; x64) AppleWebKit/537.36"
47.128.30.178 - - [06/Jan/2026:11:04:41 -0700] "GET /ca/tecreations/UnicodeTest2.php?a=2&b=5&method=decimal&z=0 HTTP/1.1" 404 4274 "-" "Mozilla/5.0 (compatible; Bytespider; spider-feedback@bytedance.com) AppleWebKit/537.36 (KHTML, like Gecko) Chrome/70.0.0.0 Safari/537.36"
114.119.144.15 - - [06/Jan/2026:11:05:28 -0700] "GET /ca/tecreations/UnicodeViewer.php?z=1&a=1&b=0&method=entity HTTP/1.1" 404 4190 "https://tecreations.ca/ca/tecreations/UnicodeViewer.php?z=7&a=1&b=0&method=entity" "Mozilla/5.0 (Linux; Android 7.0;) AppleWebKit/537.36 (KHTML, like Gecko) Mobile Safari/537.36 (compatible; PetalBot;+https://webmaster.petalsearch.com/site/petalbot)"
51.77.211.191 - - [06/Jan/2026:11:06:51 -0700] "GET /ca/tecreations/ViewFile.php?path=ca/tecreations/HardenedAES256SessionHandler.php HTTP/1.1" 200 7052 "-" "Mozilla/5.0 (Windows NT 10.0; Win64; x64) AppleWebKit/537.36 (KHTML, like Gecko) Chrome/139.0.0.0 Safari/537.36"
114.119.152.47 - - [06/Jan/2026:11:06:52 -0700] "GET /ca/tecreations/UnicodeViewer.php?z=1&a=1&b=0&method=decimalBOLD HTTP/1.1" 404 4190 "https://tecreations.ca/ca/tecreations/UnicodeViewer.php?z=1&a=1&b=0&method=GET" "Mozilla/5.0 (Linux; Android 7.0;) AppleWebKit/537.36 (KHTML, like Gecko) Mobile Safari/537.36 (compatible; PetalBot;+https://webmaster.petalsearch.com/site/petalbot)"
95.214.55.117 - - [06/Jan/2026:11:07:12 -0700] "PROPFIND / HTTP/1.1" 302 3931 "-" "-"
