51.161.84.110 - - [06/Jan/2026:15:21:52 -0700] "GET /ca/tecreations/progress/2025/vps/BCTLSNetwork/?C=N;O=A HTTP/1.1" 200 947 "-" "Mozilla/5.0 (compatible; MJ12bot/v1.4.8; http://mj12bot.com/)"
51.161.84.110 - - [06/Jan/2026:15:21:52 -0700] "GET /ca/tecreations/snapshots/2025/9/5/13.13.23%20-%20User%20Initiated/%00http HTTP/1.1" 404 437 "-" "Mozilla/5.0 (compatible; MJ12bot/v1.4.8; http://mj12bot.com/)"
51.161.84.110 - - [06/Jan/2026:15:21:54 -0700] "GET /ca/tecreations/progress/2025/vps/login/?C=M;O=D HTTP/1.1" 200 1125 "-" "Mozilla/5.0 (compatible; MJ12bot/v1.4.8; http://mj12bot.com/)"
51.161.84.110 - - [06/Jan/2026:15:21:54 -0700] "GET /ca/tecreations/progress/2025/vps/BCTLSNetwork/?C=S;O=D HTTP/1.1" 200 956 "-" "Mozilla/5.0 (compatible; MJ12bot/v1.4.8; http://mj12bot.com/)"
51.161.84.110 - - [06/Jan/2026:15:21:54 -0700] "GET /ca/tecreations/snapshots/2025/9/5/22.52.21%20-%20User%20Initiated/%00http HTTP/1.1" 404 437 "-" "Mozilla/5.0 (compatible; MJ12bot/v1.4.8; http://mj12bot.com/)"
51.161.84.110 - - [06/Jan/2026:15:21:55 -0700] "GET /ca/tecreations/snapshots/2025/8/29/Evening%20-%2023.59.59/%00http HTTP/1.1" 404 437 "-" "Mozilla/5.0 (compatible; MJ12bot/v1.4.8; http://mj12bot.com/)"
51.161.84.110 - - [06/Jan/2026:15:21:55 -0700] "GET /robots.txt HTTP/1.1" 404 3763 "-" "Mozilla/5.0 (compatible; MJ12bot/v1.4.8; http://mj12bot.com/)"
51.161.84.110 - - [06/Jan/2026:15:21:57 -0700] "GET /ca/tecreations/progress/2025/desk/lol_login___that's%20upstairs/?C=N;O=A HTTP/1.1" 200 662 "-" "Mozilla/5.0 (compatible; MJ12bot/v1.4.8; http://mj12bot.com/)"
51.161.84.110 - - [06/Jan/2026:15:21:57 -0700] "GET /ca/tecreations/snapshots/2025/9/4/Evening%20-%2023.59.59/%00http HTTP/1.1" 404 437 "-" "Mozilla/5.0 (compatible; MJ12bot/v1.4.8; http://mj12bot.com/)"
51.161.84.110 - - [06/Jan/2026:15:21:57 -0700] "GET /ca/tecreations/progress/2025/vps/login/?C=N;O=A HTTP/1.1" 200 1142 "-" "Mozilla/5.0 (compatible; MJ12bot/v1.4.8; http://mj12bot.com/)"
51.161.84.110 - - [06/Jan/2026:15:21:58 -0700] "GET /ca/tecreations/progress/2025/vps/BCTLSNetwork/BCTLSNetwork.2025.12.21.1256.jar HTTP/1.1" 200 460464 "-" "Mozilla/5.0 (compatible; MJ12bot/v1.4.8; http://mj12bot.com/)"
51.161.84.110 - - [06/Jan/2026:15:21:58 -0700] "GET /ca/tecreations/progress/2025/desk/lol_login___that's%20upstairs/?C=S;O=D HTTP/1.1" 200 660 "-" "Mozilla/5.0 (compatible; MJ12bot/v1.4.8; http://mj12bot.com/)"
51.161.84.110 - - [06/Jan/2026:15:21:59 -0700] "GET /ca/tecreations/snapshots/2025/9/5/10.44.40%20-%20User%20Initiated/%00http HTTP/1.1" 404 437 "-" "Mozilla/5.0 (compatible; MJ12bot/v1.4.8; http://mj12bot.com/)"
51.161.84.110 - - [06/Jan/2026:15:21:59 -0700] "GET /ca/tecreations/progress/2025/vps/login/?C=S;O=D HTTP/1.1" 200 1132 "-" "Mozilla/5.0 (compatible; MJ12bot/v1.4.8; http://mj12bot.com/)"
51.161.84.110 - - [06/Jan/2026:15:22:00 -0700] "GET /ca/tecreations/progress/2025/vps/BCTLSNetwork/?C=D;O=D HTTP/1.1" 200 954 "-" "Mozilla/5.0 (compatible; MJ12bot/v1.4.8; http://mj12bot.com/)"
51.161.84.110 - - [06/Jan/2026:15:22:01 -0700] "GET /ca/tecreations/progress/2025/vps/login/?C=D;O=D HTTP/1.1" 200 4374 "-" "Mozilla/5.0 (compatible; MJ12bot/v1.4.8; http://mj12bot.com/)"
51.161.84.110 - - [06/Jan/2026:15:22:01 -0700] "GET /ca/tecreations/snapshots/2025/9/5/13.13.23%20-%20User%20Initiated/%00http HTTP/1.1" 404 437 "-" "Mozilla/5.0 (compatible; MJ12bot/v1.4.8; http://mj12bot.com/)"
51.161.84.110 - - [06/Jan/2026:15:22:03 -0700] "GET /ca/tecreations/snapshots/2025/9/5/22.52.21%20-%20User%20Initiated/%00http HTTP/1.1" 404 437 "-" "Mozilla/5.0 (compatible; MJ12bot/v1.4.8; http://mj12bot.com/)"
51.161.84.110 - - [06/Jan/2026:15:22:04 -0700] "GET /ca/tecreations/progress/2025/vps/BCTLSNetwork/?C=M;O=D HTTP/1.1" 200 957 "-" "Mozilla/5.0 (compatible; MJ12bot/v1.4.8; http://mj12bot.com/)"
51.161.84.110 - - [06/Jan/2026:15:22:04 -0700] "GET /ca/tecreations/progress/2025/vps/login/?C=M;O=D HTTP/1.1" 200 1125 "-" "Mozilla/5.0 (compatible; MJ12bot/v1.4.8; http://mj12bot.com/)"
51.161.84.110 - - [06/Jan/2026:15:22:04 -0700] "GET /robots.txt HTTP/1.1" 404 3763 "-" "Mozilla/5.0 (compatible; MJ12bot/v1.4.8; http://mj12bot.com/)"
51.161.84.110 - - [06/Jan/2026:15:22:06 -0700] "GET /ca/tecreations/progress/2025/desk/lol_login___that's%20upstairs/?C=N;O=A HTTP/1.1" 200 662 "-" "Mozilla/5.0 (compatible; MJ12bot/v1.4.8; http://mj12bot.com/)"
51.161.84.110 - - [06/Jan/2026:15:22:06 -0700] "GET /ca/tecreations/progress/2025/vps/login/?C=N;O=A HTTP/1.1" 200 1142 "-" "Mozilla/5.0 (compatible; MJ12bot/v1.4.8; http://mj12bot.com/)"
51.161.84.110 - - [06/Jan/2026:15:22:08 -0700] "GET /ca/tecreations/progress/2025/desk/lol_login___that's%20upstairs/?C=S;O=D HTTP/1.1" 200 660 "-" "Mozilla/5.0 (compatible; MJ12bot/v1.4.8; http://mj12bot.com/)"
51.161.84.110 - - [06/Jan/2026:15:22:08 -0700] "GET /ca/tecreations/progress/2025/vps/login/?C=S;O=D HTTP/1.1" 200 1132 "-" "Mozilla/5.0 (compatible; MJ12bot/v1.4.8; http://mj12bot.com/)"
51.161.84.110 - - [06/Jan/2026:15:22:10 -0700] "GET /ca/tecreations/progress/2025/vps/BCTLSNetwork/?C=D;O=D HTTP/1.1" 200 954 "-" "Mozilla/5.0 (compatible; MJ12bot/v1.4.8; http://mj12bot.com/)"
51.161.84.110 - - [06/Jan/2026:15:22:11 -0700] "GET /ca/tecreations/progress/2025/vps/BCTLSNetwork/?C=M;O=D HTTP/1.1" 200 957 "-" "Mozilla/5.0 (compatible; MJ12bot/v1.4.8; http://mj12bot.com/)"
47.128.41.176 - - [06/Jan/2026:15:22:13 -0700] "GET /ca/tecreations/UnicodeTest2.php?a=8&b=C&method=mb_chr&z=E HTTP/1.1" 404 4274 "-" "Mozilla/5.0 (compatible; Bytespider; spider-feedback@bytedance.com) AppleWebKit/537.36 (KHTML, like Gecko) Chrome/70.0.0.0 Safari/537.36"
47.128.97.98 - - [06/Jan/2026:15:22:13 -0700] "GET /ca/tecreations/UnicodeTest2.php?a=8&b=5&method=entity&z=7 HTTP/1.1" 404 4274 "-" "Mozilla/5.0 (compatible; Bytespider; spider-feedback@bytedance.com) AppleWebKit/537.36 (KHTML, like Gecko) Chrome/70.0.0.0 Safari/537.36"
51.161.84.110 - - [06/Jan/2026:15:22:14 -0700] "GET /ca/tecreations/progress/2025/vps/BCTLSNetwork/?C=N;O=A HTTP/1.1" 200 947 "-" "Mozilla/5.0 (compatible; MJ12bot/v1.4.8; http://mj12bot.com/)"
51.161.84.110 - - [06/Jan/2026:15:22:17 -0700] "GET /ca/tecreations/progress/2025/vps/BCTLSNetwork/?C=N;O=A HTTP/1.1" 200 4191 "-" "Mozilla/5.0 (compatible; MJ12bot/v1.4.8; http://mj12bot.com/)"
51.161.84.110 - - [06/Jan/2026:15:22:19 -0700] "GET /ca/tecreations/progress/2025/vps/BCTLSNetwork/?C=S;O=D HTTP/1.1" 200 956 "-" "Mozilla/5.0 (compatible; MJ12bot/v1.4.8; http://mj12bot.com/)"
51.161.84.110 - - [06/Jan/2026:15:22:19 -0700] "GET /ca/tecreations/progress/2025/vps/BCTLSNetwork/?C=S;O=D HTTP/1.1" 200 956 "-" "Mozilla/5.0 (compatible; MJ12bot/v1.4.8; http://mj12bot.com/)"
51.161.84.110 - - [06/Jan/2026:15:22:20 -0700] "GET /ca/tecreations/progress/2025/vps/BCTLSNetwork/BCTLSNetwork.2025.12.21.1256.jar HTTP/1.1" 200 396752 "-" "Mozilla/5.0 (compatible; MJ12bot/v1.4.8; http://mj12bot.com/)"
51.161.84.110 - - [06/Jan/2026:15:22:20 -0700] "GET /ca/tecreations/progress/2025/vps/BCTLSNetwork/BCTLSNetwork.2025.12.21.1256.jar HTTP/1.1" 200 396752 "-" "Mozilla/5.0 (compatible; MJ12bot/v1.4.8; http://mj12bot.com/)"
::1 - - [06/Jan/2026:15:22:21 -0700] "OPTIONS * HTTP/1.0" 200 126 "-" "Apache/2.4.29 (Ubuntu) OpenSSL/1.1.1k (internal dummy connection)"
51.161.84.110 - - [06/Jan/2026:15:22:22 -0700] "GET /ca/tecreations/progress/2025/vps/login/?C=D;O=D HTTP/1.1" 200 4374 "-" "Mozilla/5.0 (compatible; MJ12bot/v1.4.8; http://mj12bot.com/)"
51.161.84.110 - - [06/Jan/2026:15:22:23 -0700] "GET /ca/tecreations/progress/2025/vps/login/?C=D;O=D HTTP/1.1" 200 4374 "-" "Mozilla/5.0 (compatible; MJ12bot/v1.4.8; http://mj12bot.com/)"
51.161.84.110 - - [06/Jan/2026:15:22:24 -0700] "GET /ca/tecreations/progress/2025/vps/login/?C=M;O=D HTTP/1.1" 200 1125 "-" "Mozilla/5.0 (compatible; MJ12bot/v1.4.8; http://mj12bot.com/)"
51.161.84.110 - - [06/Jan/2026:15:22:25 -0700] "GET /ca/tecreations/progress/2025/vps/login/?C=M;O=D HTTP/1.1" 200 1125 "-" "Mozilla/5.0 (compatible; MJ12bot/v1.4.8; http://mj12bot.com/)"
51.161.84.110 - - [06/Jan/2026:15:22:26 -0700] "GET /ca/tecreations/progress/2025/vps/login/?C=N;O=A HTTP/1.1" 200 1142 "-" "Mozilla/5.0 (compatible; MJ12bot/v1.4.8; http://mj12bot.com/)"
51.161.84.110 - - [06/Jan/2026:15:22:27 -0700] "GET /ca/tecreations/progress/2025/vps/login/?C=N;O=A HTTP/1.1" 200 1142 "-" "Mozilla/5.0 (compatible; MJ12bot/v1.4.8; http://mj12bot.com/)"
51.161.84.110 - - [06/Jan/2026:15:22:29 -0700] "GET /ca/tecreations/progress/2025/vps/login/?C=S;O=D HTTP/1.1" 200 1132 "-" "Mozilla/5.0 (compatible; MJ12bot/v1.4.8; http://mj12bot.com/)"
51.161.84.110 - - [06/Jan/2026:15:22:29 -0700] "GET /ca/tecreations/progress/2025/vps/login/?C=S;O=D HTTP/1.1" 200 1132 "-" "Mozilla/5.0 (compatible; MJ12bot/v1.4.8; http://mj12bot.com/)"
95.214.55.117 - - [06/Jan/2026:15:22:30 -0700] "PROPFIND / HTTP/1.1" 302 3931 "-" "-"
18.207.79.144 - - [06/Jan/2026:15:22:30 -0700] "GET /ca/tecreations/snapshots/2026/1/1/Morning%20-%2011.59.59/ HTTP/1.1" 200 7307 "-" "Mozilla/5.0 AppleWebKit/537.36 (KHTML, like Gecko; compatible; Amazonbot/0.1; +https://developer.amazon.com/support/amazonbot) Chrome/119.0.6045.214 Safari/537.36"
51.68.111.199 - - [06/Jan/2026:15:22:58 -0700] "GET /robots.txt HTTP/1.1" 404 4227 "-" "Mozilla/5.0 (compatible; MJ12bot/v2.0.4; http://mj12bot.com/)"
51.68.111.199 - - [06/Jan/2026:15:22:58 -0700] "GET / HTTP/1.1" 302 255 "-" "Mozilla/5.0 (compatible; MJ12bot/v2.0.4; http://mj12bot.com/)"
51.68.111.199 - - [06/Jan/2026:15:22:58 -0700] "GET /ca/tecreations/ HTTP/1.1" 200 4214 "-" "Mozilla/5.0 (compatible; MJ12bot/v2.0.4; http://mj12bot.com/)"
114.119.154.166 - - [06/Jan/2026:15:22:59 -0700] "GET /ca/tecreations/UnicodeViewer.php?z=0&a=0&b=E&method=decimalBOLD HTTP/1.1" 404 4190 "https://tecreations.ca/ca/tecreations/UnicodeViewer.php?z=0&a=0&b=E&method=GET" "Mozilla/5.0 (Linux; Android 7.0;) AppleWebKit/537.36 (KHTML, like Gecko) Mobile Safari/537.36 (compatible; PetalBot;+https://webmaster.petalsearch.com/site/petalbot)"
193.142.147.209 - - [06/Jan/2026:15:24:06 -0700] "POST / HTTP/1.1" 302 3894 "-" "Mozilla/5.0 (Windows NT 10.0; Win64; x64) AppleWebKit/537.36"
193.142.147.209 - - [06/Jan/2026:15:24:07 -0700] "GET /ca/tecreations/ HTTP/1.1" 200 7866 "https://134.122.41.0:443" "Mozilla/5.0 (Windows NT 10.0; Win64; x64) AppleWebKit/537.36"
114.119.135.63 - - [06/Jan/2026:15:24:23 -0700] "GET /ca/tecreations/UnicodeViewer.php?z=0&a=0&b=E&method=GET HTTP/1.1" 404 4190 "https://tecreations.ca/ca/tecreations/UnicodeViewer.php?z=5&a=0&b=E&method=GET" "Mozilla/5.0 (Linux; Android 7.0;) AppleWebKit/537.36 (KHTML, like Gecko) Mobile Safari/537.36 (compatible; PetalBot;+https://webmaster.petalsearch.com/site/petalbot)"
95.214.54.147 - - [06/Jan/2026:15:24:31 -0700] "GET / HTTP/1.1" 404 454 "-" "Wget"
51.161.84.110 - - [06/Jan/2026:15:25:19 -0700] "GET /robots.txt HTTP/1.1" 404 493 "-" "Mozilla/5.0 (compatible; MJ12bot/v1.4.8; http://mj12bot.com/)"
114.119.158.46 - - [06/Jan/2026:15:25:47 -0700] "GET /ca/tecreations/UnicodeViewer.php?z=0&a=0&b=D&method=mb_chr HTTP/1.1" 404 4190 "https://tecreations.ca/ca/tecreations/UnicodeViewer.php?z=0&a=7&b=D&method=mb_chr" "Mozilla/5.0 (Linux; Android 7.0;) AppleWebKit/537.36 (KHTML, like Gecko) Mobile Safari/537.36 (compatible; PetalBot;+https://webmaster.petalsearch.com/site/petalbot)"
95.214.55.117 - - [06/Jan/2026:15:25:52 -0700] "PROPFIND / HTTP/1.1" 302 3931 "-" "-"
51.68.236.72 - - [06/Jan/2026:15:26:10 -0700] "GET /robots.txt HTTP/1.1" 404 493 "-" "Mozilla/5.0 (compatible; MJ12bot/v2.0.4; http://mj12bot.com/)"
51.68.236.72 - - [06/Jan/2026:15:26:11 -0700] "GET / HTTP/1.1" 404 492 "-" "Mozilla/5.0 (compatible; MJ12bot/v2.0.4; http://mj12bot.com/)"
114.119.142.39 - - [06/Jan/2026:15:27:10 -0700] "GET /ca/tecreations/UnicodeViewer.php?z=0&a=0&b=D&method=GET HTTP/1.1" 404 4190 "https://tecreations.ca/ca/tecreations/UnicodeViewer.php?z=0&a=A&b=D&method=GET" "Mozilla/5.0 (Linux; Android 7.0;) AppleWebKit/537.36 (KHTML, like Gecko) Mobile Safari/537.36 (compatible; PetalBot;+https://webmaster.petalsearch.com/site/petalbot)"
114.119.137.116 - - [06/Jan/2026:15:28:34 -0700] "GET /ca/tecreations/UnicodeViewer.php?z=0&a=0&b=A&method=entity HTTP/1.1" 404 4190 "https://tecreations.ca/ca/tecreations/UnicodeViewer.php?z=0&a=0&b=A&method=GET" "Mozilla/5.0 (Linux; Android 7.0;) AppleWebKit/537.36 (KHTML, like Gecko) Mobile Safari/537.36 (compatible; PetalBot;+https://webmaster.petalsearch.com/site/petalbot)"
51.161.84.110 - - [06/Jan/2026:15:29:31 -0700] "GET /ca/tecreations/snapshots/2025/10/23/Morning%20-%2011.59.59/%00http HTTP/1.1" 404 437 "-" "Mozilla/5.0 (compatible; MJ12bot/v1.4.8; http://mj12bot.com/)"
95.214.55.117 - - [06/Jan/2026:15:29:32 -0700] "PROPFIND / HTTP/1.1" 302 3931 "-" "-"
47.128.114.187 - - [06/Jan/2026:15:29:36 -0700] "GET /ca/tecreations/UnicodeTest2.php?a=9&b=C&method=entity&z=C HTTP/1.1" 404 4278 "-" "Mozilla/5.0 (compatible; Bytespider; spider-feedback@bytedance.com) AppleWebKit/537.36 (KHTML, like Gecko) Chrome/70.0.0.0 Safari/537.36"
47.128.112.150 - - [06/Jan/2026:15:29:36 -0700] "GET /ca/tecreations/UnicodeTest2.php?a=1&b=F&method=entity&z=2 HTTP/1.1" 404 4274 "-" "Mozilla/5.0 (compatible; Bytespider; spider-feedback@bytedance.com) AppleWebKit/537.36 (KHTML, like Gecko) Chrome/70.0.0.0 Safari/537.36"
114.119.154.166 - - [06/Jan/2026:15:29:57 -0700] "GET /ca/tecreations/UnicodeViewer.php?z=0&a=0&b=9&method=entity HTTP/1.1" 404 4190 "https://tecreations.ca/ca/tecreations/UnicodeViewer.php?z=0&a=0&b=9&method=GET" "Mozilla/5.0 (Linux; Android 7.0;) AppleWebKit/537.36 (KHTML, like Gecko) Mobile Safari/537.36 (compatible; PetalBot;+https://webmaster.petalsearch.com/site/petalbot)"
87.121.84.125 - - [06/Jan/2026:15:30:40 -0700] "GET /public/assets/jquery-file-upload/server/php/index.php?file=tf2rghf.jpg HTTP/1.1" 404 493 "-" "ALittle Client"
51.161.84.110 - - [06/Jan/2026:15:31:17 -0700] "GET /ca/tecreations/snapshots/2025/11/3/8.21.44%20-%20User%20Initiated/%00http HTTP/1.1" 404 437 "-" "Mozilla/5.0 (compatible; MJ12bot/v1.4.8; http://mj12bot.com/)"
114.119.154.166 - - [06/Jan/2026:15:31:22 -0700] "GET /ca/tecreations/UnicodeViewer.php?z=0&a=0&b=9&method=GET HTTP/1.1" 404 4190 "https://tecreations.ca/ca/tecreations/UnicodeViewer.php?z=0&a=8&b=9&method=GET" "Mozilla/5.0 (Linux; Android 7.0;) AppleWebKit/537.36 (KHTML, like Gecko) Mobile Safari/537.36 (compatible; PetalBot;+https://webmaster.petalsearch.com/site/petalbot)"
51.161.84.110 - - [06/Jan/2026:15:31:33 -0700] "GET /ca/tecreations/snapshots/2025/11/3/Evening%20-%2023.59.59/%00http HTTP/1.1" 404 437 "-" "Mozilla/5.0 (compatible; MJ12bot/v1.4.8; http://mj12bot.com/)"
51.161.84.110 - - [06/Jan/2026:15:31:51 -0700] "GET /ca/tecreations/snapshots/2025/11/3/Morning%20-%2011.59.59/%00http HTTP/1.1" 404 437 "-" "Mozilla/5.0 (compatible; MJ12bot/v1.4.8; http://mj12bot.com/)"
51.161.84.110 - - [06/Jan/2026:15:31:56 -0700] "GET /ca/tecreations/snapshots/2025/11/31/Morning%20-%2011.59.59/%00http HTTP/1.1" 404 437 "-" "Mozilla/5.0 (compatible; MJ12bot/v1.4.8; http://mj12bot.com/)"
51.161.84.110 - - [06/Jan/2026:15:32:03 -0700] "GET /ca/tecreations/snapshots/2025/11/4/10.33.06%20-%20User%20Initiated/%00http HTTP/1.1" 404 437 "-" "Mozilla/5.0 (compatible; MJ12bot/v1.4.8; http://mj12bot.com/)"
51.161.84.110 - - [06/Jan/2026:15:32:05 -0700] "GET /ca/tecreations/snapshots/2025/11/4/11.12.43%20-%20User%20Initiated/%00http HTTP/1.1" 404 437 "-" "Mozilla/5.0 (compatible; MJ12bot/v1.4.8; http://mj12bot.com/)"
51.161.84.110 - - [06/Jan/2026:15:32:11 -0700] "GET /ca/tecreations/snapshots/2025/11/4/4.28.16%20-%20User%20Initiated/%00http HTTP/1.1" 404 437 "-" "Mozilla/5.0 (compatible; MJ12bot/v1.4.8; http://mj12bot.com/)"
51.161.84.110 - - [06/Jan/2026:15:32:14 -0700] "GET /ca/tecreations/snapshots/2025/11/4/Evening%20-%2023.59.59/%00http HTTP/1.1" 404 437 "-" "Mozilla/5.0 (compatible; MJ12bot/v1.4.8; http://mj12bot.com/)"
51.161.84.110 - - [06/Jan/2026:15:32:19 -0700] "GET /ca/tecreations/snapshots/2025/11/4/Morning%20-%2011.59.59/%00http HTTP/1.1" 404 437 "-" "Mozilla/5.0 (compatible; MJ12bot/v1.4.8; http://mj12bot.com/)"
51.161.84.110 - - [06/Jan/2026:15:32:25 -0700] "GET /ca/tecreations/snapshots/2025/11/5/11.37.26%20-%20User%20Initiated/%00http HTTP/1.1" 404 437 "-" "Mozilla/5.0 (compatible; MJ12bot/v1.4.8; http://mj12bot.com/)"
51.161.84.110 - - [06/Jan/2026:15:32:28 -0700] "GET /ca/tecreations/snapshots/2025/11/5/4.15.51%20-%20User%20Initiated/%00http HTTP/1.1" 404 437 "-" "Mozilla/5.0 (compatible; MJ12bot/v1.4.8; http://mj12bot.com/)"
51.161.84.110 - - [06/Jan/2026:15:32:33 -0700] "GET /ca/tecreations/snapshots/2025/11/5/4.45.35%20-%20User%20Initiated/%00http HTTP/1.1" 404 437 "-" "Mozilla/5.0 (compatible; MJ12bot/v1.4.8; http://mj12bot.com/)"
51.161.84.110 - - [06/Jan/2026:15:32:35 -0700] "GET /ca/tecreations/snapshots/2025/11/5/Morning%20-%2011.59.59/%00http HTTP/1.1" 404 437 "-" "Mozilla/5.0 (compatible; MJ12bot/v1.4.8; http://mj12bot.com/)"
51.161.84.110 - - [06/Jan/2026:15:32:38 -0700] "GET /ca/tecreations/snapshots/2025/11/7/Evening%20-%2023.59.59/%00http HTTP/1.1" 404 437 "-" "Mozilla/5.0 (compatible; MJ12bot/v1.4.8; http://mj12bot.com/)"
51.161.84.110 - - [06/Jan/2026:15:32:40 -0700] "GET /ca/tecreations/snapshots/2025/7/28/Evening%20-%2021.21.52/%00http HTTP/1.1" 404 437 "-" "Mozilla/5.0 (compatible; MJ12bot/v1.4.8; http://mj12bot.com/)"
51.161.84.110 - - [06/Jan/2026:15:32:42 -0700] "GET /ca/tecreations/snapshots/2025/7/28/Morning%20-%2011.59.59/%00http HTTP/1.1" 404 437 "-" "Mozilla/5.0 (compatible; MJ12bot/v1.4.8; http://mj12bot.com/)"
51.161.84.110 - - [06/Jan/2026:15:32:45 -0700] "GET /ca/tecreations/snapshots/2025/7/29/16.59.01%20-%20User%20Initiated/%00http HTTP/1.1" 404 437 "-" "Mozilla/5.0 (compatible; MJ12bot/v1.4.8; http://mj12bot.com/)"
114.119.158.46 - - [06/Jan/2026:15:32:46 -0700] "GET /ca/tecreations/security2/app/model/?C=M%3BO%3DA HTTP/1.1" 404 4226 "https://www.tecreations.ca/ca/tecreations/security2/app/model/?C=N%3BO%3DD" "Mozilla/5.0 (Linux; Android 7.0;) AppleWebKit/537.36 (KHTML, like Gecko) Mobile Safari/537.36 (compatible; PetalBot;+https://webmaster.petalsearch.com/site/petalbot)"
51.161.84.110 - - [06/Jan/2026:15:32:48 -0700] "GET /ca/tecreations/snapshots/2025/7/29/6.26.30%20-%20User%20Initiated/%00http HTTP/1.1" 404 437 "-" "Mozilla/5.0 (compatible; MJ12bot/v1.4.8; http://mj12bot.com/)"
51.161.84.110 - - [06/Jan/2026:15:32:50 -0700] "GET /ca/tecreations/snapshots/2025/8/18/Morning%20-%2011.59.59/%00http HTTP/1.1" 404 437 "-" "Mozilla/5.0 (compatible; MJ12bot/v1.4.8; http://mj12bot.com/)"
51.161.84.110 - - [06/Jan/2026:15:32:52 -0700] "GET /ca/tecreations/snapshots/2025/8/19/3.21.49%20-%20User%20Initiated/%00http HTTP/1.1" 404 437 "-" "Mozilla/5.0 (compatible; MJ12bot/v1.4.8; http://mj12bot.com/)"
51.161.84.110 - - [06/Jan/2026:15:32:55 -0700] "GET /ca/tecreations/snapshots/2025/8/20/Morning%20-%2011.59.59/%00http HTTP/1.1" 404 437 "-" "Mozilla/5.0 (compatible; MJ12bot/v1.4.8; http://mj12bot.com/)"
51.161.84.110 - - [06/Jan/2026:15:32:57 -0700] "GET /ca/tecreations/snapshots/2025/8/29/Evening%20-%2023.59.59/%00http HTTP/1.1" 404 437 "-" "Mozilla/5.0 (compatible; MJ12bot/v1.4.8; http://mj12bot.com/)"
51.161.84.110 - - [06/Jan/2026:15:33:00 -0700] "GET /ca/tecreations/snapshots/2025/9/4/Evening%20-%2023.59.59/%00http HTTP/1.1" 404 437 "-" "Mozilla/5.0 (compatible; MJ12bot/v1.4.8; http://mj12bot.com/)"
51.161.84.110 - - [06/Jan/2026:15:33:03 -0700] "GET /ca/tecreations/snapshots/2025/9/5/10.44.40%20-%20User%20Initiated/%00http HTTP/1.1" 404 437 "-" "Mozilla/5.0 (compatible; MJ12bot/v1.4.8; http://mj12bot.com/)"
51.161.84.110 - - [06/Jan/2026:15:33:06 -0700] "GET /ca/tecreations/snapshots/2025/9/5/13.13.23%20-%20User%20Initiated/%00http HTTP/1.1" 404 437 "-" "Mozilla/5.0 (compatible; MJ12bot/v1.4.8; http://mj12bot.com/)"
51.161.84.110 - - [06/Jan/2026:15:33:08 -0700] "GET /ca/tecreations/snapshots/2025/9/5/22.52.21%20-%20User%20Initiated/%00http HTTP/1.1" 404 437 "-" "Mozilla/5.0 (compatible; MJ12bot/v1.4.8; http://mj12bot.com/)"
51.161.84.110 - - [06/Jan/2026:15:33:09 -0700] "GET /robots.txt HTTP/1.1" 404 3763 "-" "Mozilla/5.0 (compatible; MJ12bot/v1.4.8; http://mj12bot.com/)"
51.161.84.110 - - [06/Jan/2026:15:33:10 -0700] "GET /ca/tecreations/progress/2025/desk/lol_login___that's%20upstairs/?C=N;O=A HTTP/1.1" 200 662 "-" "Mozilla/5.0 (compatible; MJ12bot/v1.4.8; http://mj12bot.com/)"
51.161.84.110 - - [06/Jan/2026:15:33:13 -0700] "GET /ca/tecreations/progress/2025/desk/lol_login___that's%20upstairs/?C=S;O=D HTTP/1.1" 200 660 "-" "Mozilla/5.0 (compatible; MJ12bot/v1.4.8; http://mj12bot.com/)"
51.161.84.110 - - [06/Jan/2026:15:33:15 -0700] "GET /ca/tecreations/progress/2025/vps/BCTLSNetwork/?C=D;O=D HTTP/1.1" 200 954 "-" "Mozilla/5.0 (compatible; MJ12bot/v1.4.8; http://mj12bot.com/)"
51.161.84.110 - - [06/Jan/2026:15:33:16 -0700] "GET /ca/tecreations/progress/2025/vps/BCTLSNetwork/?C=M;O=D HTTP/1.1" 200 957 "-" "Mozilla/5.0 (compatible; MJ12bot/v1.4.8; http://mj12bot.com/)"
95.214.55.117 - - [06/Jan/2026:15:33:17 -0700] "PROPFIND / HTTP/1.1" 302 3931 "-" "-"
51.161.84.110 - - [06/Jan/2026:15:33:18 -0700] "GET /ca/tecreations/progress/2025/vps/BCTLSNetwork/?C=N;O=A HTTP/1.1" 200 947 "-" "Mozilla/5.0 (compatible; MJ12bot/v1.4.8; http://mj12bot.com/)"
51.161.84.110 - - [06/Jan/2026:15:33:20 -0700] "GET /ca/tecreations/progress/2025/vps/BCTLSNetwork/?C=S;O=D HTTP/1.1" 200 956 "-" "Mozilla/5.0 (compatible; MJ12bot/v1.4.8; http://mj12bot.com/)"
51.161.84.110 - - [06/Jan/2026:15:33:22 -0700] "GET /ca/tecreations/progress/2025/vps/BCTLSNetwork/BCTLSNetwork.2025.12.21.1256.jar HTTP/1.1" 200 205616 "-" "Mozilla/5.0 (compatible; MJ12bot/v1.4.8; http://mj12bot.com/)"
51.161.84.110 - - [06/Jan/2026:15:33:24 -0700] "GET /ca/tecreations/progress/2025/vps/login/?C=D;O=D HTTP/1.1" 200 4374 "-" "Mozilla/5.0 (compatible; MJ12bot/v1.4.8; http://mj12bot.com/)"
51.161.84.110 - - [06/Jan/2026:15:33:26 -0700] "GET /ca/tecreations/progress/2025/vps/login/?C=M;O=D HTTP/1.1" 200 1125 "-" "Mozilla/5.0 (compatible; MJ12bot/v1.4.8; http://mj12bot.com/)"
51.161.84.110 - - [06/Jan/2026:15:33:28 -0700] "GET /ca/tecreations/progress/2025/vps/login/?C=N;O=A HTTP/1.1" 200 1142 "-" "Mozilla/5.0 (compatible; MJ12bot/v1.4.8; http://mj12bot.com/)"
51.161.84.110 - - [06/Jan/2026:15:33:30 -0700] "GET /ca/tecreations/progress/2025/vps/login/?C=S;O=D HTTP/1.1" 200 1132 "-" "Mozilla/5.0 (compatible; MJ12bot/v1.4.8; http://mj12bot.com/)"
114.119.142.39 - - [06/Jan/2026:15:34:08 -0700] "GET /ca/tecreations/coding.php HTTP/1.1" 200 3969 "https://www.tecreations.ca/ca/tecreations/List.php" "Mozilla/5.0 (Linux; Android 7.0;) AppleWebKit/537.36 (KHTML, like Gecko) Mobile Safari/537.36 (compatible; PetalBot;+https://webmaster.petalsearch.com/site/petalbot)"
114.119.135.63 - - [06/Jan/2026:15:35:33 -0700] "GET /ca/tecreations/snapshot.php HTTP/1.1" 200 4046 "https://tecreations.ca/ca/tecreations/incrementProjectDownloads.php" "Mozilla/5.0 (Linux; Android 7.0;) AppleWebKit/537.36 (KHTML, like Gecko) Mobile Safari/537.36 (compatible; PetalBot;+https://webmaster.petalsearch.com/site/petalbot)"
127.0.0.1 - - [06/Jan/2026:15:35:38 -0700] "GET /ca/tecreations/todays_chat.php?reset HTTP/1.1" 200 7922 "-" "Java/19.0.2"
95.214.55.117 - - [06/Jan/2026:15:36:44 -0700] "PROPFIND / HTTP/1.1" 302 3931 "-" "-"
114.119.144.15 - - [06/Jan/2026:15:36:55 -0700] "GET /ca/tecreations/UnicodeViewer.php?z=0&a=0&b=6&method=GET HTTP/1.1" 404 4190 "https://tecreations.ca/ca/tecreations/UnicodeViewer.php?z=9&a=0&b=6&method=GET" "Mozilla/5.0 (Linux; Android 7.0;) AppleWebKit/537.36 (KHTML, like Gecko) Mobile Safari/537.36 (compatible; PetalBot;+https://webmaster.petalsearch.com/site/petalbot)"
47.128.60.47 - - [06/Jan/2026:15:36:58 -0700] "GET /ca/tecreations/UnicodeViewer.php?a=B&b=D&method=mb_chr&z=7 HTTP/1.1" 404 4278 "-" "Mozilla/5.0 (Linux; Android 5.0) AppleWebKit/537.36 (KHTML, like Gecko) Mobile Safari/537.36 (compatible; Bytespider; spider-feedback@bytedance.com)"
47.128.41.69 - - [06/Jan/2026:15:36:59 -0700] "GET /ca/tecreations/UnicodeViewer.php?a=B&b=9&method=GET&z=4 HTTP/1.1" 404 4278 "-" "Mozilla/5.0 (Linux; Android 5.0) AppleWebKit/537.36 (KHTML, like Gecko) Mobile Safari/537.36 (compatible; Bytespider; spider-feedback@bytedance.com)"
34.236.185.101 - - [06/Jan/2026:15:37:05 -0700] "GET /ca/tecreations/ViewFile.php?path=/ca/tecreations/Unauthorized.php HTTP/1.1" 200 5552 "-" "Mozilla/5.0 AppleWebKit/537.36 (KHTML, like Gecko; compatible; Amazonbot/0.1; +https://developer.amazon.com/support/amazonbot) Chrome/119.0.6045.214 Safari/537.36"
52.54.95.127 - - [06/Jan/2026:15:37:09 -0700] "GET /ca/tecreations/ViewFile.php?path=ca/tecreations/Files.php HTTP/1.1" 200 5506 "-" "Mozilla/5.0 AppleWebKit/537.36 (KHTML, like Gecko; compatible; Amazonbot/0.1; +https://developer.amazon.com/support/amazonbot) Chrome/119.0.6045.214 Safari/537.36"
35.169.240.53 - - [06/Jan/2026:15:37:12 -0700] "GET /ca/tecreations/ViewFile.php?path=/ca/tecreations/tasks.php HTTP/1.1" 200 6727 "-" "Mozilla/5.0 AppleWebKit/537.36 (KHTML, like Gecko; compatible; Amazonbot/0.1; +https://developer.amazon.com/support/amazonbot) Chrome/119.0.6045.214 Safari/537.36"
3.93.253.174 - - [06/Jan/2026:15:37:16 -0700] "GET /ca/tecreations/scriptures/NIV/en/Proverbs/Proverbs_29.php HTTP/1.1" 200 4634 "-" "Mozilla/5.0 AppleWebKit/537.36 (KHTML, like Gecko; compatible; Amazonbot/0.1; +https://developer.amazon.com/support/amazonbot) Chrome/119.0.6045.214 Safari/537.36"
52.45.92.83 - - [06/Jan/2026:15:37:20 -0700] "GET /ca/tecreations/ViewFile.php?path=ca/tecreations/CanvasTest.php HTTP/1.1" 200 6454 "-" "Mozilla/5.0 AppleWebKit/537.36 (KHTML, like Gecko; compatible; Amazonbot/0.1; +https://developer.amazon.com/support/amazonbot) Chrome/119.0.6045.214 Safari/537.36"
18.205.127.11 - - [06/Jan/2026:15:37:24 -0700] "GET /ca/tecreations/ViewFile.php?path=ca/tecreations/tec_db.php HTTP/1.1" 200 3681 "-" "Mozilla/5.0 AppleWebKit/537.36 (KHTML, like Gecko; compatible; Amazonbot/0.1; +https://developer.amazon.com/support/amazonbot) Chrome/119.0.6045.214 Safari/537.36"
114.119.154.166 - - [06/Jan/2026:15:38:21 -0700] "GET /ca/tecreations/UnicodeViewer.php?z=0&a=0&b=5&method=GET HTTP/1.1" 404 4190 "https://tecreations.ca/ca/tecreations/UnicodeViewer.php?z=0&a=C&b=5&method=GET" "Mozilla/5.0 (Linux; Android 7.0;) AppleWebKit/537.36 (KHTML, like Gecko) Mobile Safari/537.36 (compatible; PetalBot;+https://webmaster.petalsearch.com/site/petalbot)"
66.249.66.39 - - [06/Jan/2026:15:39:26 -0700] "GET /ca/tecreations/UnicodeTest2.php?z=4&a=D&b=3&method=mb_chr HTTP/1.1" 404 4227 "-" "Mozilla/5.0 (Linux; Android 6.0.1; Nexus 5X Build/MMB29P) AppleWebKit/537.36 (KHTML, like Gecko) Chrome/143.0.7499.169 Mobile Safari/537.36 (compatible; Googlebot/2.1; +http://www.google.com/bot.html)"
66.249.66.76 - - [06/Jan/2026:15:39:29 -0700] "GET /ca/tecreations/UnicodeViewer.php?z=6&a=A&b=6&method=entity HTTP/1.1" 404 4263 "-" "Mozilla/5.0 (Linux; Android 6.0.1; Nexus 5X Build/MMB29P) AppleWebKit/537.36 (KHTML, like Gecko) Chrome/143.0.7499.169 Mobile Safari/537.36 (compatible; Googlebot/2.1; +http://www.google.com/bot.html)"
66.249.66.72 - - [06/Jan/2026:15:39:29 -0700] "GET /ca/tecreations/UnicodeViewer.php?z=F&a=D&b=D&method=entity HTTP/1.1" 404 4227 "-" "Mozilla/5.0 (Linux; Android 6.0.1; Nexus 5X Build/MMB29P) AppleWebKit/537.36 (KHTML, like Gecko) Chrome/143.0.7499.169 Mobile Safari/537.36 (compatible; Googlebot/2.1; +http://www.google.com/bot.html)"
216.180.246.172 - - [06/Jan/2026:15:39:42 -0700] "GET / HTTP/1.0" 404 456 "-" "'Mozilla/5.0 (compatible; GenomeCrawlerd/1.0; +https://www.nokia.com/genomecrawler)'"
114.119.154.166 - - [06/Jan/2026:15:39:42 -0700] "GET /ca/tecreations/UnicodeViewer.php?z=0&a=0&b=4&method=decimalBOLD HTTP/1.1" 404 4190 "https://tecreations.ca/ca/tecreations/UnicodeViewer.php?z=0&a=9&b=4&method=decimalBOLD" "Mozilla/5.0 (Linux; Android 7.0;) AppleWebKit/537.36 (KHTML, like Gecko) Mobile Safari/537.36 (compatible; PetalBot;+https://webmaster.petalsearch.com/site/petalbot)"
216.180.246.172 - - [06/Jan/2026:15:40:10 -0700] "\x16\x03\x01" 400 488 "-" "-"
216.244.66.227 - - [06/Jan/2026:15:40:23 -0700] "GET /robots.txt HTTP/1.1" 301 547 "-" "Mozilla/5.0 (compatible; DotBot/1.2; +https://opensiteexplorer.org/dotbot; help@moz.com)"
216.244.66.227 - - [06/Jan/2026:15:40:23 -0700] "GET /robots.txt HTTP/1.1" 404 3557 "-" "Mozilla/5.0 (compatible; DotBot/1.2; +https://opensiteexplorer.org/dotbot; help@moz.com)"
95.214.55.117 - - [06/Jan/2026:15:40:29 -0700] "PROPFIND / HTTP/1.1" 302 3931 "-" "-"
114.119.158.46 - - [06/Jan/2026:15:41:06 -0700] "GET /ca/tecreations/UnicodeViewer.php?z=0&a=0&b=3&method=entity HTTP/1.1" 404 4190 "https://tecreations.ca/ca/tecreations/UnicodeViewer.php?z=0&a=0&b=B&method=entity" "Mozilla/5.0 (Linux; Android 7.0;) AppleWebKit/537.36 (KHTML, like Gecko) Mobile Safari/537.36 (compatible; PetalBot;+https://webmaster.petalsearch.com/site/petalbot)"
216.180.246.172 - - [06/Jan/2026:15:41:14 -0700] "GET / HTTP/1.1" 404 435 "-" "'Mozilla/5.0 (compatible; GenomeCrawlerd/1.0; +https://www.nokia.com/genomecrawler)'"
114.119.154.166 - - [06/Jan/2026:15:42:31 -0700] "GET /ca/tecreations/UnicodeViewer.php?z=0&a=0&b=3&method=GET HTTP/1.1" 404 4190 "https://tecreations.ca/ca/tecreations/UnicodeViewer.php?z=0&a=0&b=C&method=GET" "Mozilla/5.0 (Linux; Android 7.0;) AppleWebKit/537.36 (KHTML, like Gecko) Mobile Safari/537.36 (compatible; PetalBot;+https://webmaster.petalsearch.com/site/petalbot)"
103.173.211.162 - - [06/Jan/2026:15:43:39 -0700] "POST /GponForm/diag_Form?images/ HTTP/1.1" 404 488 "-" "Hello, World"
114.119.137.116 - - [06/Jan/2026:15:43:55 -0700] "GET /ca/tecreations/UnicodeViewer.php?z=0&a=0&b=2&method=entity HTTP/1.1" 404 4190 "https://tecreations.ca/ca/tecreations/UnicodeViewer.php?z=0&a=0&b=B&method=entity" "Mozilla/5.0 (Linux; Android 7.0;) AppleWebKit/537.36 (KHTML, like Gecko) Mobile Safari/537.36 (compatible; PetalBot;+https://webmaster.petalsearch.com/site/petalbot)"
52.167.144.169 - - [06/Jan/2026:15:44:03 -0700] "GET /ca/tecreations/scriptures/niv/fr-ca/psaumes/psaume_86.php HTTP/1.1" 404 437 "-" "Mozilla/5.0 AppleWebKit/537.36 (KHTML, like Gecko; compatible; bingbot/2.0; +http://www.bing.com/bingbot.htm) Chrome/116.0.1938.76 Safari/537.36"
66.249.66.160 - - [06/Jan/2026:15:44:13 -0700] "GET /ca/tecreations/UnicodeTest2.php?z=8&a=B&b=D&method=mb_chr HTTP/1.1" 404 4227 "-" "Mozilla/5.0 (Linux; Android 6.0.1; Nexus 5X Build/MMB29P) AppleWebKit/537.36 (KHTML, like Gecko) Chrome/143.0.7499.169 Mobile Safari/537.36 (compatible; Googlebot/2.1; +http://www.google.com/bot.html)"
47.128.112.215 - - [06/Jan/2026:15:44:22 -0700] "GET /ca/tecreations/UnicodeViewer.php?a=F&b=2&method=decimalBOLD&z=8 HTTP/1.1" 404 4278 "-" "Mozilla/5.0 (Linux; Android 5.0) AppleWebKit/537.36 (KHTML, like Gecko) Mobile Safari/537.36 (compatible; Bytespider; spider-feedback@bytedance.com)"
47.128.21.131 - - [06/Jan/2026:15:44:22 -0700] "GET /ca/tecreations/UnicodeViewer.php?a=A&b=2&method=decimal&z=C HTTP/1.1" 404 4278 "-" "Mozilla/5.0 (Linux; Android 5.0) AppleWebKit/537.36 (KHTML, like Gecko) Mobile Safari/537.36 (compatible; Bytespider; spider-feedback@bytedance.com)"
95.214.55.117 - - [06/Jan/2026:15:44:29 -0700] "PROPFIND / HTTP/1.1" 302 3931 "-" "-"
114.119.142.39 - - [06/Jan/2026:15:45:18 -0700] "GET /ca/tecreations/UnicodeViewer.php?z=0&a=0&b=2&method=GET HTTP/1.1" 404 4190 "https://tecreations.ca/ca/tecreations/UnicodeViewer.php?z=0&a=D&b=2&method=GET" "Mozilla/5.0 (Linux; Android 7.0;) AppleWebKit/537.36 (KHTML, like Gecko) Mobile Safari/537.36 (compatible; PetalBot;+https://webmaster.petalsearch.com/site/petalbot)"
51.75.23.111 - - [06/Jan/2026:15:46:07 -0700] "GET /ca/tecreations/phpmyadmin/ HTTP/1.1" 302 3929 "-" "Mozilla/5.0 (Windows NT 10.0; Win64; x64) AppleWebKit/537.36 (KHTML, like Gecko) Chrome/139.0.0.0 Safari/537.36"
114.119.152.47 - - [06/Jan/2026:15:46:43 -0700] "GET /ca/tecreations/UnicodeViewer.php?z=0&a=0&b=0&method=mb_chr HTTP/1.1" 404 4190 "https://tecreations.ca/ca/tecreations/UnicodeViewer.php?z=10&a=0&b=0&method=mb_chr" "Mozilla/5.0 (Linux; Android 7.0;) AppleWebKit/537.36 (KHTML, like Gecko) Mobile Safari/537.36 (compatible; PetalBot;+https://webmaster.petalsearch.com/site/petalbot)"
57.129.81.226 - - [06/Jan/2026:15:46:43 -0700] "GET /ca/tecreations/tests/ HTTP/1.1" 200 4391 "-" "Mozilla/5.0 (Windows NT 10.0; Win64; x64) AppleWebKit/537.36 (KHTML, like Gecko) Chrome/139.0.0.0 Safari/537.36"
66.249.66.11 - - [06/Jan/2026:15:47:37 -0700] "GET /ca/tecreations/UnicodeTest2.php?z=9&a=C&b=2&method=entity HTTP/1.1" 404 4227 "-" "Mozilla/5.0 (Linux; Android 6.0.1; Nexus 5X Build/MMB29P) AppleWebKit/537.36 (KHTML, like Gecko) Chrome/143.0.7499.169 Mobile Safari/537.36 (compatible; Googlebot/2.1; +http://www.google.com/bot.html)"
95.214.55.117 - - [06/Jan/2026:15:47:58 -0700] "PROPFIND / HTTP/1.1" 302 3931 "-" "-"
114.119.137.116 - - [06/Jan/2026:15:48:05 -0700] "GET /ca/tecreations/UnicodeViewer.php?z=0&a=0&b=0&method=GET HTTP/1.1" 404 4190 "https://tecreations.ca/ca/tecreations/UnicodeViewer.php?z=C&a=0&b=0&method=GET" "Mozilla/5.0 (Linux; Android 7.0;) AppleWebKit/537.36 (KHTML, like Gecko) Mobile Safari/537.36 (compatible; PetalBot;+https://webmaster.petalsearch.com/site/petalbot)"
66.249.66.6 - - [06/Jan/2026:15:48:41 -0700] "GET /ca/tecreations/UnicodeTest2.php?z=6&a=9&b=F&method=entity HTTP/1.1" 404 4227 "-" "Mozilla/5.0 (Linux; Android 6.0.1; Nexus 5X Build/MMB29P) AppleWebKit/537.36 (KHTML, like Gecko) Chrome/143.0.7499.169 Mobile Safari/537.36 (compatible; Googlebot/2.1; +http://www.google.com/bot.html)"
114.119.152.47 - - [06/Jan/2026:15:49:28 -0700] "GET /ca/tecreations/UnicodeViewer.php?z=0&a=0&b=0&method=GET HTTP/1.1" 404 4190 "https://tecreations.ca/ca/tecreations/UnicodeViewer.php?z=C&a=0&b=0&method=GET" "Mozilla/5.0 (Linux; Android 7.0;) AppleWebKit/537.36 (KHTML, like Gecko) Mobile Safari/537.36 (compatible; PetalBot;+https://webmaster.petalsearch.com/site/petalbot)"
185.242.226.113 - - [06/Jan/2026:15:49:58 -0700] "GET / HTTP/1.1" 404 435 "-" "Mozilla/5.0 (Windows NT 10.0; Win64; x64) AppleWebKit/537.36 (KHTML, like Gecko) Chrome/88.0.4324.190 Safari/537.36"
114.119.158.46 - - [06/Jan/2026:15:50:54 -0700] "GET /ca/tecreations/UnicodeViewer.php HTTP/1.1" 404 4190 "https://tecreations.ca/ca/tecreations/ViewFile.php?path=/ca/tecreations/UnicodeViewer.php" "Mozilla/5.0 (Linux; Android 7.0;) AppleWebKit/537.36 (KHTML, like Gecko) Mobile Safari/537.36 (compatible; PetalBot;+https://webmaster.petalsearch.com/site/petalbot)"
66.249.66.8 - - [06/Jan/2026:15:51:24 -0700] "GET /ca/tecreations/UnicodeTest2.php?z=E&a=D&b=2&method=entity HTTP/1.1" 404 4227 "-" "Mozilla/5.0 (Linux; Android 6.0.1; Nexus 5X Build/MMB29P) AppleWebKit/537.36 (KHTML, like Gecko) Chrome/143.0.7499.169 Mobile Safari/537.36 (compatible; Googlebot/2.1; +http://www.google.com/bot.html)"
95.214.55.117 - - [06/Jan/2026:15:51:34 -0700] "PROPFIND / HTTP/1.1" 302 3931 "-" "-"
47.128.23.143 - - [06/Jan/2026:15:51:45 -0700] "GET /ca/tecreations/UnicodeTest2.php?a=D&b=5&method=decimalBOLD&z=6 HTTP/1.1" 404 4274 "-" "Mozilla/5.0 (compatible; Bytespider; spider-feedback@bytedance.com) AppleWebKit/537.36 (KHTML, like Gecko) Chrome/70.0.0.0 Safari/537.36"
47.128.29.79 - - [06/Jan/2026:15:51:45 -0700] "GET /ca/tecreations/UnicodeTest2.php?a=2&b=E&method=entity&z=10 HTTP/1.1" 404 4274 "-" "Mozilla/5.0 (compatible; Bytespider; spider-feedback@bytedance.com) AppleWebKit/537.36 (KHTML, like Gecko) Chrome/70.0.0.0 Safari/537.36"
185.242.226.113 - - [06/Jan/2026:15:51:58 -0700] "\x16\x03\x01\x02" 400 488 "-" "-"
114.119.148.64 - - [06/Jan/2026:15:52:16 -0700] "GET /ca/tecreations/UnicodeGrapheme1.php HTTP/1.1" 500 3919 "https://tecreations.ca/ca/tecreations/ViewFile.php?path=/ca/tecreations/UnicodeGrapheme1.php" "Mozilla/5.0 (Linux; Android 7.0;) AppleWebKit/537.36 (KHTML, like Gecko) Mobile Safari/537.36 (compatible; PetalBot;+https://webmaster.petalsearch.com/site/petalbot)"
66.249.66.202 - - [06/Jan/2026:15:53:11 -0700] "GET /ca/tecreations/UnicodeTest2.php?z=D&a=8&b=8&method=mb_chr HTTP/1.1" 404 4227 "-" "Mozilla/5.0 (Linux; Android 6.0.1; Nexus 5X Build/MMB29P) AppleWebKit/537.36 (KHTML, like Gecko) Chrome/143.0.7499.169 Mobile Safari/537.36 (compatible; Googlebot/2.1; +http://www.google.com/bot.html)"
114.119.135.63 - - [06/Jan/2026:15:53:40 -0700] "GET /ca/tecreations/security2/security/?C=D%3BO%3DA HTTP/1.1" 404 4226 "https://www.tecreations.ca/ca/tecreations/security2/security/?C=N%3BO%3DD" "Mozilla/5.0 (Linux; Android 7.0;) AppleWebKit/537.36 (KHTML, like Gecko) Mobile Safari/537.36 (compatible; PetalBot;+https://webmaster.petalsearch.com/site/petalbot)"
193.142.147.209 - - [06/Jan/2026:15:53:54 -0700] "POST / HTTP/1.1" 404 454 "-" "Mozilla/5.0 (Windows NT 10.0; Win64; x64) AppleWebKit/537.36"
66.249.66.204 - - [06/Jan/2026:15:54:58 -0700] "GET /ca/tecreations/UnicodeTest2.php?z=7&a=F&b=1&method=entity HTTP/1.1" 404 4227 "-" "Mozilla/5.0 (Linux; Android 6.0.1; Nexus 5X Build/MMB29P) AppleWebKit/537.36 (KHTML, like Gecko) Chrome/143.0.7499.169 Mobile Safari/537.36 (compatible; Googlebot/2.1; +http://www.google.com/bot.html)"
114.119.142.39 - - [06/Jan/2026:15:55:03 -0700] "GET /ca/tecreations/google_translate_french_chars.txt HTTP/1.1" 404 4226 "https://www.tecreations.ca/ca/tecreations/MonthIndex.php" "Mozilla/5.0 (Linux; Android 7.0;) AppleWebKit/537.36 (KHTML, like Gecko) Mobile Safari/537.36 (compatible; PetalBot;+https://webmaster.petalsearch.com/site/petalbot)"
95.214.55.117 - - [06/Jan/2026:15:55:12 -0700] "PROPFIND / HTTP/1.1" 302 3931 "-" "-"
114.119.152.47 - - [06/Jan/2026:15:56:27 -0700] "GET /ca/tecreations/PUBLIC/SNAPSHOTS/tecreations.ca/tec8/?C=N%3BO%3DD HTTP/1.1" 404 4226 "https://www.tecreations.ca/ca/tecreations/PUBLIC/SNAPSHOTS/tecreations.ca/tec8/?C=N%3BO%3DD" "Mozilla/5.0 (Linux; Android 7.0;) AppleWebKit/537.36 (KHTML, like Gecko) Mobile Safari/537.36 (compatible; PetalBot;+https://webmaster.petalsearch.com/site/petalbot)"
204.76.203.219 - - [06/Jan/2026:15:56:29 -0700] "GET / HTTP/1.1" 404 491 "-" "Mozilla/5.0 (Windows NT 10.0; Win64; x64) AppleWebKit/537.36 (KHTML, like Gecko) Chrome/90.0.4430.85 Safari/537.36 Edg/90.0.818.46"
216.244.66.227 - - [06/Jan/2026:15:57:27 -0700] "GET /ca/tecreations/menu/old_php/?C=D;O=D HTTP/1.1" 200 5112 "-" "Mozilla/5.0 (compatible; DotBot/1.2; +https://opensiteexplorer.org/dotbot; help@moz.com)"
216.244.66.227 - - [06/Jan/2026:15:57:32 -0700] "GET /ca/tecreations/snapshots/2025/8/2/Evening%20-%2023.59.59/biblegateway.org HTTP/1.1" 404 3557 "-" "Mozilla/5.0 (compatible; DotBot/1.2; +https://opensiteexplorer.org/dotbot; help@moz.com)"
66.249.66.204 - - [06/Jan/2026:15:57:46 -0700] "GET /ca/tecreations/UnicodeTest2.php?z=E&a=1&b=D&method=mb_chr HTTP/1.1" 404 4227 "-" "Mozilla/5.0 (Linux; Android 6.0.1; Nexus 5X Build/MMB29P) AppleWebKit/537.36 (KHTML, like Gecko) Chrome/143.0.7499.169 Mobile Safari/537.36 (compatible; Googlebot/2.1; +http://www.google.com/bot.html)"
95.214.55.117 - - [06/Jan/2026:15:58:44 -0700] "PROPFIND / HTTP/1.1" 302 3931 "-" "-"
47.128.23.107 - - [06/Jan/2026:15:59:08 -0700] "GET /ca/tecreations/UnicodeTest2.php?a=2&b=0&method=entity&z=6 HTTP/1.1" 404 4274 "-" "Mozilla/5.0 (compatible; Bytespider; spider-feedback@bytedance.com) AppleWebKit/537.36 (KHTML, like Gecko) Chrome/70.0.0.0 Safari/537.36"
47.128.39.68 - - [06/Jan/2026:15:59:08 -0700] "GET /ca/tecreations/UnicodeTest2.php?z=6&a=3&b=A&method=decimalBOLD HTTP/1.1" 404 4274 "-" "Mozilla/5.0 (compatible; Bytespider; spider-feedback@bytedance.com) AppleWebKit/537.36 (KHTML, like Gecko) Chrome/70.0.0.0 Safari/537.36"
66.249.66.202 - - [06/Jan/2026:15:59:33 -0700] "GET /ca/tecreations/UnicodeTest2.php?z=3&a=2&b=1&method=mb_chr HTTP/1.1" 404 4227 "-" "Mozilla/5.0 (Linux; Android 6.0.1; Nexus 5X Build/MMB29P) AppleWebKit/537.36 (KHTML, like Gecko) Chrome/143.0.7499.169 Mobile Safari/537.36 (compatible; Googlebot/2.1; +http://www.google.com/bot.html)"
78.153.140.149 - - [06/Jan/2026:16:00:24 -0700] "GET /.env HTTP/1.1" 404 491 "-" "Mozilla/5.0 (Windows NT 10.0; Win64; x64) AppleWebKit/537.36 (KHTML, like Gecko) Chrome/116.0.5845.140 Safari/537.36"
78.153.140.149 - - [06/Jan/2026:16:00:24 -0700] "POST / HTTP/1.1" 404 491 "-" "Mozilla/5.0 (Windows NT 10.0; Win64; x64) AppleWebKit/537.36 (KHTML, like Gecko) Chrome/116.0.5845.140 Safari/537.36"
114.119.158.46 - - [06/Jan/2026:16:01:05 -0700] "GET /ca/tecreations/LANG/ HTTP/1.1" 404 4226 "https://www.tecreations.ca/ca/tecreations/LANG/Etymology/?C=M%3BO%3DA" "Mozilla/5.0 (Linux; Android 7.0;) AppleWebKit/537.36 (KHTML, like Gecko) Mobile Safari/537.36 (compatible; PetalBot;+https://webmaster.petalsearch.com/site/petalbot)"
66.249.66.43 - - [06/Jan/2026:16:01:20 -0700] "GET / HTTP/1.1" 302 3999 "-" "Mozilla/5.0 (Linux; Android 6.0.1; Nexus 5X Build/MMB29P) AppleWebKit/537.36 (KHTML, like Gecko) Chrome/143.0.7499.169 Mobile Safari/537.36 (compatible; Googlebot/2.1; +http://www.google.com/bot.html)"
66.249.66.64 - - [06/Jan/2026:16:01:20 -0700] "GET /ca/tecreations/ HTTP/1.1" 200 7963 "-" "Mozilla/5.0 (Linux; Android 6.0.1; Nexus 5X Build/MMB29P) AppleWebKit/537.36 (KHTML, like Gecko) Chrome/143.0.7499.169 Mobile Safari/537.36 (compatible; Googlebot/2.1; +http://www.google.com/bot.html)"
114.119.154.166 - - [06/Jan/2026:16:01:28 -0700] "GET /phpmyadmin/doc/html/config.html HTTP/1.1" 200 41671 "https://tecreations.ca/phpmyadmin/doc/html/user.html" "Mozilla/5.0 (Linux; Android 7.0;) AppleWebKit/537.36 (KHTML, like Gecko) Mobile Safari/537.36 (compatible; PetalBot;+https://webmaster.petalsearch.com/site/petalbot)"
152.32.172.108 - - [06/Jan/2026:16:01:28 -0700] "{\"method\":\"login\",\"params\":{\"login\":\"45JymPWP1DeQxxMZNJv9w2bTQ2WJDAmw18wUSryDQa3RPrympJPoUSVcFEDv3bhiMJGWaCD4a3KrFCorJHCMqXJUKApSKDV\",\"pass\":\"xxoo\",\"agent\":\"xmr-stak-cpu/1.3.0-1.5.0\"},\"id\":1}\n" 400 4186 "-" "-"
152.32.172.108 - - [06/Jan/2026:16:01:29 -0700] "{\"id\":1,\"method\":\"mining.subscribe\",\"params\":[]}\n" 400 4186 "-" "-"
152.32.172.108 - - [06/Jan/2026:16:01:31 -0700] "{\"params\": [\"miner1\", \"password\"], \"id\": 2, \"method\": \"mining.authorize\"}\n" 400 4186 "-" "-"
152.32.172.108 - - [06/Jan/2026:16:01:37 -0700] "{\"id\":1,\"jsonrpc\":\"2.0\",\"method\":\"login\",\"params\":{\"login\":\"blue1\",\"pass\":\"x\",\"agent\":\"Windows NT 6.1; Win64; x64\"}}\n" 400 4186 "-" "-"
152.32.172.108 - - [06/Jan/2026:16:01:48 -0700] "{\"params\": [\"miner1\", \"bf\", \"00000001\", \"504e86ed\", \"b2957c02\"], \"id\": 4, \"method\": \"mining.submit\"}\n" 400 4186 "-" "-"
114.119.148.64 - - [06/Jan/2026:16:02:16 -0700] "GET /ca/tecreations/snapshots/2025-04-11_1815/ HTTP/1.1" 404 4190 "https://tecreations.ca/ca/tecreations/snapshots/?C=S%3BO%3DA" "Mozilla/5.0 (Linux; Android 7.0;) AppleWebKit/537.36 (KHTML, like Gecko) Mobile Safari/537.36 (compatible; PetalBot;+https://webmaster.petalsearch.com/site/petalbot)"
95.214.55.117 - - [06/Jan/2026:16:02:31 -0700] "PROPFIND / HTTP/1.1" 302 3931 "-" "-"
114.119.158.46 - - [06/Jan/2026:16:02:57 -0700] "GET /ca/tecreations/ViewFile.php?path=ca/tecreations/html_brand_menu_start.php HTTP/1.1" 200 6062 "https://tecreations.ca/ca/tecreations/MonthIndex.php" "Mozilla/5.0 (Linux; Android 7.0;) AppleWebKit/537.36 (KHTML, like Gecko) Mobile Safari/537.36 (compatible; PetalBot;+https://webmaster.petalsearch.com/site/petalbot)"
114.119.158.46 - - [06/Jan/2026:16:03:58 -0700] "GET /ca/tecreations/Unauthorized.php HTTP/1.1" 200 3899 "https://tecreations.ca/ca/tecreations/Proverbs.php" "Mozilla/5.0 (Linux; Android 7.0;) AppleWebKit/537.36 (KHTML, like Gecko) Mobile Safari/537.36 (compatible; PetalBot;+https://webmaster.petalsearch.com/site/petalbot)"
66.249.66.202 - - [06/Jan/2026:16:04:26 -0700] "GET /ca/tecreations/UnicodeTest2.php?z=6&a=4&b=7&method=decimalBOLD HTTP/1.1" 404 4227 "-" "Mozilla/5.0 (Linux; Android 6.0.1; Nexus 5X Build/MMB29P) AppleWebKit/537.36 (KHTML, like Gecko) Chrome/143.0.7499.169 Mobile Safari/537.36 (compatible; Googlebot/2.1; +http://www.google.com/bot.html)"
114.119.137.116 - - [06/Jan/2026:16:05:20 -0700] "GET /ca/tecreations/Todays.jar HTTP/1.1" 200 1654085 "https://tecreations.ca/ca/tecreations/Proverbs.php" "Mozilla/5.0 (Linux; Android 7.0;) AppleWebKit/537.36 (KHTML, like Gecko) Mobile Safari/537.36 (compatible; PetalBot;+https://webmaster.petalsearch.com/site/petalbot)"
95.214.55.117 - - [06/Jan/2026:16:06:26 -0700] "PROPFIND / HTTP/1.1" 302 3931 "-" "-"
47.128.52.202 - - [06/Jan/2026:16:06:30 -0700] "GET /ca/tecreations/UnicodeTest2.php?a=9&b=F&method=mb_chr&z=D HTTP/1.1" 404 4278 "-" "Mozilla/5.0 (compatible; Bytespider; spider-feedback@bytedance.com) AppleWebKit/537.36 (KHTML, like Gecko) Chrome/70.0.0.0 Safari/537.36"
47.128.51.187 - - [06/Jan/2026:16:06:31 -0700] "GET /ca/tecreations/UnicodeTest2.php?a=0&b=C&method=decimal&z=4 HTTP/1.1" 404 4278 "-" "Mozilla/5.0 (compatible; Bytespider; spider-feedback@bytedance.com) AppleWebKit/537.36 (KHTML, like Gecko) Chrome/70.0.0.0 Safari/537.36"
114.119.154.166 - - [06/Jan/2026:16:06:43 -0700] "GET /ca/tecreations/Todays.2025.12.25.1917.jar HTTP/1.1" 200 1654085 "https://tecreations.ca/ca/tecreations/Proverbs.php" "Mozilla/5.0 (Linux; Android 7.0;) AppleWebKit/537.36 (KHTML, like Gecko) Mobile Safari/537.36 (compatible; PetalBot;+https://webmaster.petalsearch.com/site/petalbot)"
66.249.66.14 - - [06/Jan/2026:16:08:01 -0700] "GET /ca/tecreations/UnicodeTest2.php?z=2&a=7&b=8&method=decimalBOLD HTTP/1.1" 404 4227 "-" "Mozilla/5.0 (Linux; Android 6.0.1; Nexus 5X Build/MMB29P) AppleWebKit/537.36 (KHTML, like Gecko) Chrome/143.0.7499.169 Mobile Safari/537.36 (compatible; Googlebot/2.1; +http://www.google.com/bot.html)"
114.119.144.15 - - [06/Jan/2026:16:08:06 -0700] "GET /ca/tecreations/Time.php HTTP/1.1" 200 3899 "https://tecreations.ca/ca/tecreations/ViewFile.php?path=/ca/tecreations/Time.php" "Mozilla/5.0 (Linux; Android 7.0;) AppleWebKit/537.36 (KHTML, like Gecko) Mobile Safari/537.36 (compatible; PetalBot;+https://webmaster.petalsearch.com/site/petalbot)"
114.119.142.39 - - [06/Jan/2026:16:09:31 -0700] "GET /ca/tecreations/THINGS_ONLINE/ByUser/Tim/?C=S%3BO%3DA HTTP/1.1" 404 4190 "https://tecreations.ca/ca/tecreations/THINGS_ONLINE/ByUser/Tim/?C=D%3BO%3DA" "Mozilla/5.0 (Linux; Android 7.0;) AppleWebKit/537.36 (KHTML, like Gecko) Mobile Safari/537.36 (compatible; PetalBot;+https://webmaster.petalsearch.com/site/petalbot)"
95.214.55.117 - - [06/Jan/2026:16:10:02 -0700] "PROPFIND / HTTP/1.1" 302 3931 "-" "-"
114.119.142.39 - - [06/Jan/2026:16:10:55 -0700] "GET /ca/tecreations/THINGS_ONLINE/ByUser/Tim/?C=D%3BO%3DA HTTP/1.1" 404 4190 "https://tecreations.ca/ca/tecreations/THINGS_ONLINE/ByUser/Tim/?C=D%3BO%3DA" "Mozilla/5.0 (Linux; Android 7.0;) AppleWebKit/537.36 (KHTML, like Gecko) Mobile Safari/537.36 (compatible; PetalBot;+https://webmaster.petalsearch.com/site/petalbot)"
66.249.66.167 - - [06/Jan/2026:16:11:35 -0700] "GET /ca/tecreations/UnicodeTest2.php?z=A&a=5&b=D&method=entity HTTP/1.1" 404 4227 "-" "Mozilla/5.0 (Linux; Android 6.0.1; Nexus 5X Build/MMB29P) AppleWebKit/537.36 (KHTML, like Gecko) Chrome/143.0.7499.169 Mobile Safari/537.36 (compatible; Googlebot/2.1; +http://www.google.com/bot.html)"
114.119.137.116 - - [06/Jan/2026:16:12:17 -0700] "GET /ca/tecreations/THINGS_ONLINE/ByUser/?C=S%3BO%3DA HTTP/1.1" 404 4190 "https://tecreations.ca/ca/tecreations/THINGS_ONLINE/ByUser/?C=D%3BO%3DA" "Mozilla/5.0 (Linux; Android 7.0;) AppleWebKit/537.36 (KHTML, like Gecko) Mobile Safari/537.36 (compatible; PetalBot;+https://webmaster.petalsearch.com/site/petalbot)"
95.214.55.117 - - [06/Jan/2026:16:13:21 -0700] "PROPFIND / HTTP/1.1" 302 3931 "-" "-"
102.129.81.56 - - [06/Jan/2026:16:13:34 -0700] "GET /ca/tecreations/php_stuff/php_login/Login/ConfirmEmailDone.php HTTP/1.1" 500 3918 "https://tecreations.ca/" "Mozilla/5.0 (Windows NT 10.0; Win64; x64) AppleWebKit/537.36 (KHTML, like Gecko) Chrome/133.0.0.0 Safari/537.36 Edg/133.0.0.0"
114.119.135.63 - - [06/Jan/2026:16:13:41 -0700] "GET /ca/tecreations/THINGS_ONLINE/ByUser/ HTTP/1.1" 404 4190 "https://tecreations.ca/ca/tecreations/THINGS_ONLINE" "Mozilla/5.0 (Linux; Android 7.0;) AppleWebKit/537.36 (KHTML, like Gecko) Mobile Safari/537.36 (compatible; PetalBot;+https://webmaster.petalsearch.com/site/petalbot)"
47.128.45.195 - - [06/Jan/2026:16:13:53 -0700] "GET /ca/tecreations/UnicodeTest2.php?z=C&a=1&b=8&method=mb_chr HTTP/1.1" 404 4274 "-" "Mozilla/5.0 (compatible; Bytespider; spider-feedback@bytedance.com) AppleWebKit/537.36 (KHTML, like Gecko) Chrome/70.0.0.0 Safari/537.36"
47.128.111.197 - - [06/Jan/2026:16:13:53 -0700] "GET /ca/tecreations/UnicodeTest2.php?z=A&a=B&b=0&method=entity HTTP/1.1" 404 4274 "-" "Mozilla/5.0 (compatible; Bytespider; spider-feedback@bytedance.com) AppleWebKit/537.36 (KHTML, like Gecko) Chrome/70.0.0.0 Safari/537.36"
114.119.148.64 - - [06/Jan/2026:16:15:04 -0700] "GET /ca/tecreations/trials/SoftwareTrials/Without/?C=N%3BO%3DD HTTP/1.1" 404 4226 "https://www.tecreations.ca/ca/tecreations/trials/SoftwareTrials/Without/" "Mozilla/5.0 (Linux; Android 7.0;) AppleWebKit/537.36 (KHTML, like Gecko) Mobile Safari/537.36 (compatible; PetalBot;+https://webmaster.petalsearch.com/site/petalbot)"
66.249.66.204 - - [06/Jan/2026:16:15:09 -0700] "GET /ca/tecreations/UnicodeTest2.php?z=5&a=A&b=D&method=mb_chr HTTP/1.1" 404 4227 "-" "Mozilla/5.0 (Linux; Android 6.0.1; Nexus 5X Build/MMB29P) AppleWebKit/537.36 (KHTML, like Gecko) Chrome/143.0.7499.169 Mobile Safari/537.36 (compatible; Googlebot/2.1; +http://www.google.com/bot.html)"
182.42.110.255 - - [06/Jan/2026:16:15:40 -0700] "GET / HTTP/1.1" 404 456 "-" "Mozilla/5.0 (iPhone; CPU iPhone OS 13_2_3 like Mac OS X) AppleWebKit/605.1.15 (KHTML, like Gecko) Version/13.0.3 Mobile/15E148 Safari/604.1"
185.175.118.68 - - [06/Jan/2026:16:16:08 -0700] "GET / HTTP/1.1" 404 435 "-" "Mozilla/5.0 (Windows NT 10.0; WOW64) AppleWebKit/537.36 (KHTML, like Gecko) Chrome/51.0.2704.103 Safari/537.36"
