43.131.23.154 - - [06/Jan/2026:21:05:08 -0700] "GET / HTTP/1.1" 301 546 "-" "Mozilla/5.0 (iPhone; CPU iPhone OS 13_2_3 like Mac OS X) AppleWebKit/605.1.15 (KHTML, like Gecko) Version/13.0.3 Mobile/15E148 Safari/604.1"
43.131.23.154 - - [06/Jan/2026:21:05:09 -0700] "GET / HTTP/1.1" 302 3962 "http://www.tecreations.ca" "Mozilla/5.0 (iPhone; CPU iPhone OS 13_2_3 like Mac OS X) AppleWebKit/605.1.15 (KHTML, like Gecko) Version/13.0.3 Mobile/15E148 Safari/604.1"
43.131.23.154 - - [06/Jan/2026:21:05:10 -0700] "GET /ca/tecreations/ HTTP/1.1" 200 7926 "https://www.tecreations.ca/" "Mozilla/5.0 (iPhone; CPU iPhone OS 13_2_3 like Mac OS X) AppleWebKit/605.1.15 (KHTML, like Gecko) Version/13.0.3 Mobile/15E148 Safari/604.1"
114.119.148.64 - - [06/Jan/2026:21:05:15 -0700] "GET /ca/tecreations/security2/jars/?C=S%3BO%3DA HTTP/1.1" 404 4190 "https://tecreations.ca/ca/tecreations/security2/jars/" "Mozilla/5.0 (Linux; Android 7.0;) AppleWebKit/537.36 (KHTML, like Gecko) Mobile Safari/537.36 (compatible; PetalBot;+https://webmaster.petalsearch.com/site/petalbot)"
95.214.55.117 - - [06/Jan/2026:21:05:52 -0700] "PROPFIND / HTTP/1.1" 302 3931 "-" "-"
114.119.152.47 - - [06/Jan/2026:21:06:39 -0700] "GET /ca/tecreations/CURATED/?C=S%3BO%3DA HTTP/1.1" 404 4190 "https://tecreations.ca/ca/tecreations/CURATED/?C=S%3BO%3DA" "Mozilla/5.0 (Linux; Android 7.0;) AppleWebKit/537.36 (KHTML, like Gecko) Mobile Safari/537.36 (compatible; PetalBot;+https://webmaster.petalsearch.com/site/petalbot)"
114.119.137.116 - - [06/Jan/2026:21:08:02 -0700] "GET /phpmyadmin/doc/html/_sources/privileges.rst.txt HTTP/1.1" 200 5432 "https://tecreations.ca/phpmyadmin/doc/html/privileges.html" "Mozilla/5.0 (Linux; Android 7.0;) AppleWebKit/537.36 (KHTML, like Gecko) Mobile Safari/537.36 (compatible; PetalBot;+https://webmaster.petalsearch.com/site/petalbot)"
66.249.66.204 - - [06/Jan/2026:21:08:08 -0700] "GET /ca/tecreations/UnicodeTest2.php?z=0&a=C&b=7&method=decimal HTTP/1.1" 404 4227 "-" "Mozilla/5.0 (Linux; Android 6.0.1; Nexus 5X Build/MMB29P) AppleWebKit/537.36 (KHTML, like Gecko) Chrome/143.0.7499.169 Mobile Safari/537.36 (compatible; Googlebot/2.1; +http://www.google.com/bot.html)"
47.128.33.81 - - [06/Jan/2026:21:08:22 -0700] "GET /ca/tecreations/UnicodeViewer.php?a=9&b=7&method=mb_chr&z=E HTTP/1.1" 404 4278 "-" "Mozilla/5.0 (Linux; Android 5.0) AppleWebKit/537.36 (KHTML, like Gecko) Mobile Safari/537.36 (compatible; Bytespider; spider-feedback@bytedance.com)"
114.119.148.64 - - [06/Jan/2026:21:09:25 -0700] "GET /ca/tecreations/CURATED/?C=N%3BO%3DD HTTP/1.1" 404 4190 "https://tecreations.ca/ca/tecreations/CURATED/?C=S%3BO%3DA" "Mozilla/5.0 (Linux; Android 7.0;) AppleWebKit/537.36 (KHTML, like Gecko) Mobile Safari/537.36 (compatible; PetalBot;+https://webmaster.petalsearch.com/site/petalbot)"
95.214.55.117 - - [06/Jan/2026:21:09:26 -0700] "PROPFIND / HTTP/1.1" 302 3931 "-" "-"
66.249.66.33 - - [06/Jan/2026:21:10:20 -0700] "GET /ca/tecreations/UnicodeTest2.php?z=1&a=0&b=3&method=mb_chr HTTP/1.1" 404 4227 "-" "Mozilla/5.0 (Linux; Android 6.0.1; Nexus 5X Build/MMB29P) AppleWebKit/537.36 (KHTML, like Gecko) Chrome/143.0.7499.169 Mobile Safari/537.36 (compatible; Googlebot/2.1; +http://www.google.com/bot.html)"
195.24.237.202 - - [06/Jan/2026:21:10:44 -0700] "GET / HTTP/1.1" 404 437 "-" "-"
114.119.152.47 - - [06/Jan/2026:21:10:49 -0700] "GET /ca/tecreations/PUBLIC/SNAPSHOTS/tecreations.ca/?C=S%3BO%3DA HTTP/1.1" 404 4226 "https://www.tecreations.ca/ca/tecreations/PUBLIC/SNAPSHOTS/tecreations.ca/?C=S%3BO%3DA" "Mozilla/5.0 (Linux; Android 7.0;) AppleWebKit/537.36 (KHTML, like Gecko) Mobile Safari/537.36 (compatible; PetalBot;+https://webmaster.petalsearch.com/site/petalbot)"
40.77.167.59 - - [06/Jan/2026:21:11:55 -0700] "GET /ca/tecreations/scriptures/NIV/en/Psalms/Psalm_57.php HTTP/1.1" 200 4925 "-" "Mozilla/5.0 AppleWebKit/537.36 (KHTML, like Gecko; compatible; bingbot/2.0; +http://www.bing.com/bingbot.htm) Chrome/116.0.1938.76 Safari/537.36"
47.128.122.227 - - [06/Jan/2026:21:11:58 -0700] "GET /ca/tecreations/UnicodeViewer.php?a=E&b=6&method=GET&z=10 HTTP/1.1" 404 4278 "-" "Mozilla/5.0 (Linux; Android 5.0) AppleWebKit/537.36 (KHTML, like Gecko) Mobile Safari/537.36 (compatible; Bytespider; spider-feedback@bytedance.com)"
114.119.137.116 - - [06/Jan/2026:21:12:13 -0700] "GET /ca/tecreations/CHARITIES/CanGro/cangro.php HTTP/1.1" 404 4190 "https://tecreations.ca/ca/tecreations/ViewFile.php?path=ca/tecreations/CHARITIES/CanGro/cangro.php" "Mozilla/5.0 (Linux; Android 7.0;) AppleWebKit/537.36 (KHTML, like Gecko) Mobile Safari/537.36 (compatible; PetalBot;+https://webmaster.petalsearch.com/site/petalbot)"
95.214.55.117 - - [06/Jan/2026:21:12:57 -0700] "PROPFIND / HTTP/1.1" 302 3931 "-" "-"
52.44.229.124 - - [06/Jan/2026:21:13:00 -0700] "GET /java/downloads/?C=N;O%3DD HTTP/1.1" 200 3793 "-" "Mozilla/5.0 AppleWebKit/537.36 (KHTML, like Gecko; compatible; Amazonbot/0.1; +https://developer.amazon.com/support/amazonbot) Chrome/119.0.6045.214 Safari/537.36"
54.85.7.119 - - [06/Jan/2026:21:13:06 -0700] "GET /java/downloads/release/?C=S;O%3DA HTTP/1.1" 200 3750 "-" "Mozilla/5.0 AppleWebKit/537.36 (KHTML, like Gecko; compatible; Amazonbot/0.1; +https://developer.amazon.com/support/amazonbot) Chrome/119.0.6045.214 Safari/537.36"
66.249.66.32 - - [06/Jan/2026:21:13:33 -0700] "GET /ca/tecreations/UnicodeViewer.php?z=B&a=1&b=E&method=entity HTTP/1.1" 404 4227 "-" "Mozilla/5.0 (Linux; Android 6.0.1; Nexus 5X Build/MMB29P) AppleWebKit/537.36 (KHTML, like Gecko) Chrome/143.0.7499.169 Mobile Safari/537.36 (compatible; Googlebot/2.1; +http://www.google.com/bot.html)"
66.249.66.76 - - [06/Jan/2026:21:13:34 -0700] "GET /ca/tecreations/UnicodeViewer.php?z=F&a=1&b=3&method=decimal HTTP/1.1" 404 4227 "-" "Mozilla/5.0 (Linux; Android 6.0.1; Nexus 5X Build/MMB29P) AppleWebKit/537.36 (KHTML, like Gecko) Chrome/143.0.7499.169 Mobile Safari/537.36 (compatible; Googlebot/2.1; +http://www.google.com/bot.html)"
114.119.144.15 - - [06/Jan/2026:21:13:37 -0700] "GET /ca/tecreations/documentation HTTP/1.1" 301 4326 "https://tecreations.ca/ca/tecreations/Proverbs.php" "Mozilla/5.0 (Linux; Android 7.0;) AppleWebKit/537.36 (KHTML, like Gecko) Mobile Safari/537.36 (compatible; PetalBot;+https://webmaster.petalsearch.com/site/petalbot)"
114.119.144.15 - - [06/Jan/2026:21:13:38 -0700] "GET /ca/tecreations/documentation/ HTTP/1.1" 200 6961 "https://tecreations.ca/ca/tecreations/Proverbs.php" "Mozilla/5.0 (Linux; Android 7.0;) AppleWebKit/537.36 (KHTML, like Gecko) Mobile Safari/537.36 (compatible; PetalBot;+https://webmaster.petalsearch.com/site/petalbot)"
216.244.66.227 - - [06/Jan/2026:21:14:07 -0700] "GET /robots.txt HTTP/1.1" 404 437 "-" "Mozilla/5.0 (compatible; DotBot/1.2; +https://opensiteexplorer.org/dotbot; help@moz.com)"
66.249.66.204 - - [06/Jan/2026:21:14:50 -0700] "GET /ca/tecreations/charter-poster-sm.jpg HTTP/1.1" 200 538386 "-" "Googlebot-Image/1.0"
114.119.158.46 - - [06/Jan/2026:21:15:00 -0700] "GET /ca/tecreations/ViewFile.php?path=ca/tecreations/php_stuff/php_login/Login/ChangePass.php HTTP/1.1" 200 7099 "https://www.tecreations.ca/ca/tecreations/php_stuff/php_login/Login/List.php" "Mozilla/5.0 (Linux; Android 7.0;) AppleWebKit/537.36 (KHTML, like Gecko) Mobile Safari/537.36 (compatible; PetalBot;+https://webmaster.petalsearch.com/site/petalbot)"
47.128.38.179 - - [06/Jan/2026:21:15:44 -0700] "GET /ca/tecreations/UnicodeViewer.php?z=1&%20%20%20%20a=2&%20%20%20%20b=E&%20%20%20%20method=decimal HTTP/1.1" 404 4278 "-" "Mozilla/5.0 (Linux; Android 5.0) AppleWebKit/537.36 (KHTML, like Gecko) Mobile Safari/537.36 (compatible; Bytespider; spider-feedback@bytedance.com)"
114.119.152.47 - - [06/Jan/2026:21:16:24 -0700] "GET /ca/tecreations/CHARITIES/CanGro/cangro-statement.php HTTP/1.1" 404 4190 "https://tecreations.ca/ca/tecreations/ViewFile.php?path=ca/tecreations/CHARITIES/CanGro/cangro-statement.php" "Mozilla/5.0 (Linux; Android 7.0;) AppleWebKit/537.36 (KHTML, like Gecko) Mobile Safari/537.36 (compatible; PetalBot;+https://webmaster.petalsearch.com/site/petalbot)"
95.214.55.117 - - [06/Jan/2026:21:16:36 -0700] "PROPFIND / HTTP/1.1" 302 3931 "-" "-"
173.252.82.3 - - [06/Jan/2026:21:16:42 -0700] "GET /robots.txt HTTP/1.1" 404 493 "-" "facebookexternalhit/1.1 (+http://www.facebook.com/externalhit_uatext.php)"
66.249.66.195 - - [06/Jan/2026:21:16:45 -0700] "GET /ca/tecreations/UnicodeTest2.php?z=1&a=2&b=D&method=decimal HTTP/1.1" 404 4227 "-" "Mozilla/5.0 (Linux; Android 6.0.1; Nexus 5X Build/MMB29P) AppleWebKit/537.36 (KHTML, like Gecko) Chrome/143.0.7499.169 Mobile Safari/537.36 (compatible; Googlebot/2.1; +http://www.google.com/bot.html)"
114.119.148.64 - - [06/Jan/2026:21:17:47 -0700] "GET /ca/tecreations/Apps/Welcome.php HTTP/1.1" 500 3918 "https://tecreations.ca/ca/tecreations/Apps" "Mozilla/5.0 (Linux; Android 7.0;) AppleWebKit/537.36 (KHTML, like Gecko) Mobile Safari/537.36 (compatible; PetalBot;+https://webmaster.petalsearch.com/site/petalbot)"
66.249.66.77 - - [06/Jan/2026:21:17:50 -0700] "GET /ca/tecreations/UnicodeViewer.php?z=B&a=0&b=C&method=entity HTTP/1.1" 404 4227 "-" "Mozilla/5.0 (Linux; Android 6.0.1; Nexus 5X Build/MMB29P) AppleWebKit/537.36 (KHTML, like Gecko) Chrome/143.0.7499.169 Mobile Safari/537.36 (compatible; Googlebot/2.1; +http://www.google.com/bot.html)"
114.119.154.166 - - [06/Jan/2026:21:19:11 -0700] "GET /ca/tecreations/Apps/UserWelcome.php HTTP/1.1" 500 3918 "https://tecreations.ca/ca/tecreations/Apps" "Mozilla/5.0 (Linux; Android 7.0;) AppleWebKit/537.36 (KHTML, like Gecko) Mobile Safari/537.36 (compatible; PetalBot;+https://webmaster.petalsearch.com/site/petalbot)"
47.128.44.215 - - [06/Jan/2026:21:19:22 -0700] "GET /ca/tecreations/UnicodeTest2.php?a=8&b=2&method=decimal&z=A HTTP/1.1" 404 4274 "-" "Mozilla/5.0 (compatible; Bytespider; spider-feedback@bytedance.com) AppleWebKit/537.36 (KHTML, like Gecko) Chrome/70.0.0.0 Safari/537.36"
95.214.55.117 - - [06/Jan/2026:21:20:26 -0700] "PROPFIND / HTTP/1.1" 302 3931 "-" "-"
114.119.137.116 - - [06/Jan/2026:21:20:35 -0700] "GET /ca/tecreations/security2/sql/users.schema.sql HTTP/1.1" 404 4190 "https://tecreations.ca/ca/tecreations/security2/sql/" "Mozilla/5.0 (Linux; Android 7.0;) AppleWebKit/537.36 (KHTML, like Gecko) Mobile Safari/537.36 (compatible; PetalBot;+https://webmaster.petalsearch.com/site/petalbot)"
114.119.148.64 - - [06/Jan/2026:21:21:58 -0700] "GET /ca/tecreations/Apps/Unauthorized.php HTTP/1.1" 500 3918 "https://tecreations.ca/ca/tecreations/Apps" "Mozilla/5.0 (Linux; Android 7.0;) AppleWebKit/537.36 (KHTML, like Gecko) Mobile Safari/537.36 (compatible; PetalBot;+https://webmaster.petalsearch.com/site/petalbot)"
47.128.48.120 - - [06/Jan/2026:21:22:50 -0700] "GET /ca/tecreations/UnicodeTest2.php?a=8&b=D&method=entity&z=B HTTP/1.1" 404 4278 "-" "Mozilla/5.0 (compatible; Bytespider; spider-feedback@bytedance.com) AppleWebKit/537.36 (KHTML, like Gecko) Chrome/70.0.0.0 Safari/537.36"
47.128.18.133 - - [06/Jan/2026:21:22:50 -0700] "GET /ca/tecreations/UnicodeTest2.php?a=F&b=2&method=entity&z=10 HTTP/1.1" 404 4278 "-" "Mozilla/5.0 (compatible; Bytespider; spider-feedback@bytedance.com) AppleWebKit/537.36 (KHTML, like Gecko) Chrome/70.0.0.0 Safari/537.36"
204.76.203.219 - - [06/Jan/2026:21:22:57 -0700] "GET / HTTP/1.1" 404 491 "-" "Mozilla/5.0 (Windows NT 10.0; Win64; x64) AppleWebKit/537.36 (KHTML, like Gecko) Chrome/90.0.4430.85 Safari/537.36 Edg/90.0.818.46"
114.119.152.47 - - [06/Jan/2026:21:23:22 -0700] "GET /ca/tecreations/Apps/Transport.php HTTP/1.1" 404 4190 "https://tecreations.ca/ca/tecreations/contact.php" "Mozilla/5.0 (Linux; Android 7.0;) AppleWebKit/537.36 (KHTML, like Gecko) Mobile Safari/537.36 (compatible; PetalBot;+https://webmaster.petalsearch.com/site/petalbot)"
95.214.55.117 - - [06/Jan/2026:21:23:55 -0700] "PROPFIND / HTTP/1.1" 302 3931 "-" "-"
114.119.154.166 - - [06/Jan/2026:21:24:46 -0700] "GET /ca/tecreations/Apps/TaskVoting.php HTTP/1.1" 500 3918 "https://tecreations.ca/ca/tecreations/Apps" "Mozilla/5.0 (Linux; Android 7.0;) AppleWebKit/537.36 (KHTML, like Gecko) Mobile Safari/537.36 (compatible; PetalBot;+https://webmaster.petalsearch.com/site/petalbot)"
114.119.154.166 - - [06/Jan/2026:21:26:09 -0700] "GET /ca/tecreations/Apps/Notes.php HTTP/1.1" 200 17163 "https://tecreations.ca/ca/tecreations/menu/?C=M%3BO%3DA" "Mozilla/5.0 (Linux; Android 7.0;) AppleWebKit/537.36 (KHTML, like Gecko) Mobile Safari/537.36 (compatible; PetalBot;+https://webmaster.petalsearch.com/site/petalbot)"
47.128.53.164 - - [06/Jan/2026:21:26:44 -0700] "GET /ca/tecreations/UnicodeTest2.php?a=9&b=E&method=mb_chr&z=A HTTP/1.1" 404 4278 "-" "Mozilla/5.0 (compatible; Bytespider; spider-feedback@bytedance.com) AppleWebKit/537.36 (KHTML, like Gecko) Chrome/70.0.0.0 Safari/537.36"
114.119.135.63 - - [06/Jan/2026:21:27:32 -0700] "GET /ca/tecreations/Apps/IsLoggedIn.php HTTP/1.1" 500 3918 "https://tecreations.ca/ca/tecreations/Apps" "Mozilla/5.0 (Linux; Android 7.0;) AppleWebKit/537.36 (KHTML, like Gecko) Mobile Safari/537.36 (compatible; PetalBot;+https://webmaster.petalsearch.com/site/petalbot)"
95.214.55.117 - - [06/Jan/2026:21:27:46 -0700] "PROPFIND / HTTP/1.1" 302 3931 "-" "-"
114.119.137.116 - - [06/Jan/2026:21:28:57 -0700] "GET /ca/tecreations/Apps/Everyone.php HTTP/1.1" 404 4190 "https://tecreations.ca/ca/tecreations/contact.php" "Mozilla/5.0 (Linux; Android 7.0;) AppleWebKit/537.36 (KHTML, like Gecko) Mobile Safari/537.36 (compatible; PetalBot;+https://webmaster.petalsearch.com/site/petalbot)"
66.249.66.195 - - [06/Jan/2026:21:29:18 -0700] "GET /ca/tecreations/ViewFile.php?path=ca/tecreations/tims_today_scriptures_default.php HTTP/1.1" 200 7140 "-" "Mozilla/5.0 (Linux; Android 6.0.1; Nexus 5X Build/MMB29P) AppleWebKit/537.36 (KHTML, like Gecko) Chrome/143.0.7499.169 Mobile Safari/537.36 (compatible; Googlebot/2.1; +http://www.google.com/bot.html)"
47.128.34.143 - - [06/Jan/2026:21:30:14 -0700] "GET /ca/tecreations/UnicodeTest2.php?z=10&a=0&b=2&method=decimalBOLD HTTP/1.1" 404 4274 "-" "Mozilla/5.0 (compatible; Bytespider; spider-feedback@bytedance.com) AppleWebKit/537.36 (KHTML, like Gecko) Chrome/70.0.0.0 Safari/537.36"
47.128.43.69 - - [06/Jan/2026:21:30:38 -0700] "GET /robots.txt HTTP/1.1" 301 566 "-" "Mozilla/5.0 (Linux; Android 5.0) AppleWebKit/537.36 (KHTML, like Gecko) Mobile Safari/537.36 (compatible; Bytespider; spider-feedback@bytedance.com)"
47.128.43.69 - - [06/Jan/2026:21:30:40 -0700] "GET /robots.txt HTTP/1.1" 404 3771 "-" "Mozilla/5.0 (Linux; Android 5.0) AppleWebKit/537.36 (KHTML, like Gecko) Mobile Safari/537.36 (compatible; Bytespider; spider-feedback@bytedance.com)"
95.214.55.117 - - [06/Jan/2026:21:31:18 -0700] "PROPFIND / HTTP/1.1" 302 3931 "-" "-"
78.153.140.195 - - [06/Jan/2026:21:31:36 -0700] "GET /.env HTTP/1.1" 404 437 "-" "Opera/9.80 (Windows NT 6.1; U; en) Presto/2.7.62 Version/11.01"
78.153.140.195 - - [06/Jan/2026:21:31:36 -0700] "GET /.env HTTP/1.1" 301 535 "-" "Mozilla/5.0 (Windows NT 6.1; WOW64) AppleWebKit/537.36 (KHTML, like Gecko) Chrome/53.0.2785.89 Safari/537.36"
78.153.140.195 - - [06/Jan/2026:21:31:37 -0700] "GET /.env HTTP/1.1" 404 3508 "-" "More Firefox 1.0.1 user agents strings -->>"
78.153.140.195 - - [06/Jan/2026:21:31:37 -0700] "GET /.env HTTP/1.1" 404 3512 "-" "Mozilla/5.0 (Linux; Android 6.0.1; SAMSUNG SM-T560NU Build/MMB29M) AppleWebKit/537.36 (KHTML, like Gecko) SamsungBrowser/4.0 Chrome/44.0.2403.133 Safari/537.36"
78.153.140.195 - - [06/Jan/2026:21:31:37 -0700] "GET / HTTP/1.1" 404 437 "-" "Mozilla/5.0 (X11; U; Linux i686; ja; rv:1.8.1.6) Gecko/20061201 Firefox/2.0.0.6 (Ubuntu-feisty)"
78.153.140.195 - - [06/Jan/2026:21:31:37 -0700] "GET / HTTP/1.1" 301 527 "-" "Mozilla/5.0 (Linux; Android 5.1.1; 5017B Build/LMY47V) AppleWebKit/537.36 (KHTML, like Gecko) Chrome/43.0.2357.93 Mobile Safari/537.36"
78.153.140.195 - - [06/Jan/2026:21:31:37 -0700] "GET /sendgrid.env HTTP/1.1" 404 437 "-" "Mozilla/4.0 (compatible; MSIE 8.0; Windows NT 5.1; Trident/4.0; GTB7.5; chromeframe/31.0.1650.57; .NET CLR 1.1.4322; .NET CLR 3.0.04506.30; .NET CLR 3.0.4506.2152; .NET CLR 3.5.30729; WinNT-EVI 12.01.2010; MS-RTC LM 8; .NET CLR 2.0.50727; lib/5.0\\0195; Engine/4.00195; 89670803)"
78.153.140.195 - - [06/Jan/2026:21:31:38 -0700] "GET / HTTP/1.1" 302 3248 "-" "Mozilla/5.0 (Windows; U; Windows NT 6.1; pl; rv:1.9.1b3) Gecko/20090305 Firefox/3.1b3 GTB5 (.NET CLR 3.5.30729)"
78.153.140.195 - - [06/Jan/2026:21:31:38 -0700] "GET / HTTP/1.1" 302 3248 "-" "Mozilla/5.0 (Macintosh; U; Intel Mac OS X 10_6_8; es-es) AppleWebKit/533.21.1 (KHTML, like Gecko) Version/5.0.5 Safari/533.21.1"
78.153.140.195 - - [06/Jan/2026:21:31:38 -0700] "GET /twilio.env HTTP/1.1" 404 437 "-" "Mozilla/5.0 (Linux; Android 6.0.1; Redmi Note 4 Build/MMB29M) AppleWebKit/537.36 (KHTML, like Gecko) Chrome/65.0.3325.109 Mobile Safari/537.36"
78.153.140.195 - - [06/Jan/2026:21:31:38 -0700] "GET /sendgrid.env HTTP/1.1" 301 551 "-" "Mozilla/4.0 (compatible; MSIE 7.0; Windows NT 6.1; WOW64; Trident/7.0; SLCC2; .NET CLR 2.0.50727; .NET CLR 3.5.30729; .NET CLR 3.0.30729; Media Center PC 6.0; .NET4.0C; .NET4.0E; .NET CLR 1.1.4322)"
78.153.140.195 - - [06/Jan/2026:21:31:39 -0700] "GET /sendgrid.env HTTP/1.1" 404 3508 "-" "Mozilla/4.0 (compatible; MSIE 6.0; Windows NT 5.1; TheFreeDictionary.com; .NET CLR 1.1.4322; .NET CLR 1.0.3705; .NET CLR 2.0.50727)"
78.153.140.195 - - [06/Jan/2026:21:31:39 -0700] "GET /sendgrid.env HTTP/1.1" 404 3512 "-" "Mozilla/5.0 (Windows NT 10.0; WOW64; rv:50.0) Gecko/20100101 Firefox/50.0"
78.153.140.195 - - [06/Jan/2026:21:31:39 -0700] "GET /api/.env HTTP/1.1" 404 437 "-" "Mozilla/5.0 (Windows NT 10.0; Win64; x64) AppleWebKit/537.36 (KHTML, like Gecko) Chrome/58.0.3029.96 Safari/537.36"
78.153.140.195 - - [06/Jan/2026:21:31:39 -0700] "GET /twilio.env HTTP/1.1" 301 547 "-" "Mozilla/5.0 (Macintosh; Intel Mac OS X 10_11_6) AppleWebKit/603.1.30 (KHTML, like Gecko) Version/10.1 Safari/603.1.30"
78.153.140.195 - - [06/Jan/2026:21:31:40 -0700] "GET /api/.env HTTP/1.1" 301 543 "-" "Mozilla/5.0 (Linux; U; Android 4.1.2; en-gb; SM-T211 Build/JZO54K) AppleWebKit/534.30 (KHTML, like Gecko) Version/4.0 Safari/534.30"
78.153.140.195 - - [06/Jan/2026:21:31:40 -0700] "GET /twilio.env HTTP/1.1" 404 3508 "-" "Mozilla/5.0 (iPad; CPU OS 8_4 like Mac OS X) AppleWebKit/600.1.4 (KHTML, like Gecko) GSA/8.0.57838 Mobile/12H143 Safari/600.1.4"
78.153.140.195 - - [06/Jan/2026:21:31:40 -0700] "GET /phpinfo/ HTTP/1.1" 404 437 "-" "Opera/8.50 (Windows NT 5.1; U; ru)"
78.153.140.195 - - [06/Jan/2026:21:31:40 -0700] "GET /phpinfo/ HTTP/1.1" 301 543 "-" "Mozilla/5.0 (Windows; Windows NT 6.1) AppleWebKit/534.57.2 (KHTML, like Gecko) Version/5.1.7 Safari/534.57.2"
78.153.140.195 - - [06/Jan/2026:21:31:40 -0700] "GET /twilio.env HTTP/1.1" 404 3512 "-" "Mozilla/5.0 (Linux; U; Android 4.2.2; en-us; SM-T217T Build/JDQ39) AppleWebKit/534.30 (KHTML, like Gecko) Version/4.0 Safari/534.30"
78.153.140.195 - - [06/Jan/2026:21:31:41 -0700] "GET /dev/.env HTTP/1.1" 404 437 "-" "Mozilla/5.0 (Linux; Android 7.1.1; Moto E (4) Build/NCQ26.69-56) AppleWebKit/537.36 (KHTML, like Gecko) Chrome/64.0.3282.137 Mobile Safari/537.36"
78.153.140.195 - - [06/Jan/2026:21:31:41 -0700] "GET /dev/.env HTTP/1.1" 301 543 "-" "Mozilla/5.0 (Windows NT 6.1; WOW64) AppleWebKit/537.36 (KHTML, like Gecko) Chrome/51.0.2704.79 Safari/537.36"
78.153.140.195 - - [06/Jan/2026:21:31:42 -0700] "GET /api/.env HTTP/1.1" 404 3508 "-" "Mozilla/5.0 (Linux; U; Android 4.1.2; en-gb; GT-I8190N Build/JZO54K) AppleWebKit/534.30 (KHTML, like Gecko) Version/4.0 Mobile Safari/534.30"
78.153.140.195 - - [06/Jan/2026:21:31:42 -0700] "GET /app_dev.php/_profiler/phpinfo HTTP/1.1" 301 585 "-" "Mozilla/5.0 (Windows NT 6.3; WOW64; Trident/7.0; MASAJS; rv:11.0) like Gecko"
78.153.140.195 - - [06/Jan/2026:21:31:42 -0700] "GET /app_dev.php/_profiler/phpinfo HTTP/1.1" 404 437 "-" "Mozilla/5.0 (X11; U; Linux i686; fr-FR; rv:1.7.8) Gecko/20050511 Firefox/1.0.4"
78.153.140.195 - - [06/Jan/2026:21:31:43 -0700] "GET /admin/.env HTTP/1.1" 301 547 "-" "Mozilla/5.0 (X11; U; Linux i686; en-US) AppleWebKit/534.1 (KHTML, like Gecko) Chrome/6.0.416.0 Safari/534.1"
78.153.140.195 - - [06/Jan/2026:21:31:43 -0700] "GET /api/.env HTTP/1.1" 404 3512 "-" "Mozilla/5.0 (X11; U; Linux i686; en-US; rv:1.9a3pre) Gecko/20070330"
78.153.140.195 - - [06/Jan/2026:21:31:43 -0700] "GET /laravel/.env HTTP/1.1" 301 551 "-" "Mozilla/5.0 (Macintosh; Intel Mac OS X 10_13_2) AppleWebKit/537.36 (KHTML, like Gecko) Chrome/63.0.3239.132 Safari/537.36 OPR/50.0.2762.58"
78.153.140.195 - - [06/Jan/2026:21:31:43 -0700] "GET /admin/.env HTTP/1.1" 404 437 "-" "Mozilla/5.0 (X11; Linux i686; rv:7.0.1) Gecko/20100101 Firefox/7.0.1"
78.153.140.195 - - [06/Jan/2026:21:31:43 -0700] "GET /phpinfo/ HTTP/1.1" 404 3508 "-" "Mozilla/5.0 (Macintosh; Intel Mac OS X 10_9_3) AppleWebKit/537.75.14 (KHTML, like Gecko) Version/7.1.7 Safari/7046A194A"
78.153.140.195 - - [06/Jan/2026:21:31:44 -0700] "GET /laravel/.env HTTP/1.1" 404 437 "-" "Mozilla/5.0 (X11; U; Linux ppc; en-US; rv:1.8.1.13) Gecko/20080313 Iceape/1.1.9 (Debian-1.1.9-5)"
78.153.140.195 - - [06/Jan/2026:21:31:44 -0700] "GET /.config.yaml HTTP/1.1" 301 551 "-" "Mozilla/5.0 (Windows NT 10.0; WOW64) AppleWebKit/537.36 (KHTML, like Gecko) Chrome/54.0.2840.59 Safari/537.36"
78.153.140.195 - - [06/Jan/2026:21:31:44 -0700] "GET /phpinfo/ HTTP/1.1" 404 3512 "-" "Mozilla/5.0 (iPhone; U; CPU iPhone OS 4_3_1 like Mac OS X; en-us) AppleWebKit/533.17.9 (KHTML, like Gecko) Version/5.0.2 Mobile/8G4 Safari/6533.18.5"
78.153.140.195 - - [06/Jan/2026:21:31:44 -0700] "GET /dev/.env HTTP/1.1" 404 3508 "-" "Mozilla/5.0 (Linux; U; Android 4.1.2; en-us; cm_tenderloin Build/JZO54K; CyanogenMod-10) AppleWebKit/534.30 (KHTML, like Gecko) Version/4.0 Safari/534.30"
78.153.140.195 - - [06/Jan/2026:21:31:45 -0700] "GET /backend/.env HTTP/1.1" 301 551 "-" "Mozilla/5.0 (X11; U; Linux i686; en-US) AppleWebKit/532.0 (KHTML, like Gecko) Chrome/4.0.209.0 Safari/532.0"
78.153.140.195 - - [06/Jan/2026:21:31:45 -0700] "GET /dev/.env HTTP/1.1" 404 3512 "-" "Mozilla/5.0 (Linux; Android 7.0; LG-LS777 Build/NRD90U) AppleWebKit/537.36 (KHTML, like Gecko) Chrome/64.0.3282.137 Mobile Safari/537.36"
78.153.140.195 - - [06/Jan/2026:21:31:45 -0700] "GET /.config.yaml HTTP/1.1" 404 437 "-" "Mozilla/4.0 (compatible; MSIE 8.0; Windows NT 6.1; Trident/4.0; SLCC2; .NET CLR 2.0.50727; .NET CLR 3.5.30729; .NET CLR 3.0.30729; Media Center PC 6.0; MDDC; BRI/1; .NET4.0C; BRI/2; .NET4.0E; AskTbX-SD/5.17.7.45269)"
78.153.140.195 - - [06/Jan/2026:21:31:46 -0700] "GET /app_dev.php/_profiler/phpinfo HTTP/1.1" 404 3508 "-" "Opera/8.54 (Windows NT 5.1; U; en)"
78.153.140.195 - - [06/Jan/2026:21:31:47 -0700] "GET /backend/.env HTTP/1.1" 404 437 "-" "Mozilla/5.0 (Linux; Android 6.0.1; SM-T800 Build/MMB29K) AppleWebKit/537.36 (KHTML, like Gecko) Chrome/60.0.3112.107 Safari/537.36"
78.153.140.195 - - [06/Jan/2026:21:31:47 -0700] "GET /app_dev.php/_profiler/phpinfo HTTP/1.1" 404 3512 "-" "Mozilla/5.0 (Macintosh; Intel Mac OS X 10_6_0) AppleWebKit/537.4 (KHTML, like Gecko) Chrome/22.0.1229.79 Safari/537.4"
78.153.140.195 - - [06/Jan/2026:21:31:47 -0700] "GET /secrets.env HTTP/1.1" 404 437 "-" "Mozilla/5.0 (Linux x86_64) AppleWebKit/537.36 KHTML, like Gecko) Chrome/30.0.1599.114 Safari/537.36 OPR/ 17.0.1251.0 OMI/4.0.2.15.NAME.5 TV Store/4.0 Model/ReferenceOEM-ReferenceDevice"
78.153.140.195 - - [06/Jan/2026:21:31:48 -0700] "GET /secrets.env HTTP/1.1" 301 549 "-" "Opera/9.80 (Windows NT 6.1; Win64; x64) Presto/2.12.388 Version/12.18"
78.153.140.195 - - [06/Jan/2026:21:31:48 -0700] "GET /admin/.env HTTP/1.1" 404 3512 "-" "Mozilla/5.0 (Windows NT 6.2; Win64; x64; rv:48.0) Gecko/20100101 Firefox/48.0"
78.153.140.195 - - [06/Jan/2026:21:31:48 -0700] "GET /admin/.env HTTP/1.1" 404 3508 "-" "Mozilla/5.0 (Macintosh; U; Intel Mac OS X; en-US; rv:1.8.1b1) Gecko/20060710 Firefox/2.0b1"
78.153.140.195 - - [06/Jan/2026:21:31:48 -0700] "GET /.env.example HTTP/1.1" 404 437 "-" "Mozilla/5.0 (X11; U; FreeBSD i386; en-US; rv:1.8.1.20) Gecko/20090413 Firefox/2.0.0.20"
78.153.140.195 - - [06/Jan/2026:21:31:49 -0700] "GET /web/.env HTTP/1.1" 404 437 "-" "Mozilla/5.0 (Linux; U; Android 4.4.2; en-us; SM-T210R Build/KOT49H) AppleWebKit/534.30 (KHTML, like Gecko) Version/4.0 Safari/534.30"
78.153.140.195 - - [06/Jan/2026:21:31:49 -0700] "GET /.env.example HTTP/1.1" 301 551 "-" "Mozilla/5.0 (compatible; MSIE 10.0; Windows NT 6.2; WOW64; Trident/6.0; MATMJS)"
78.153.140.195 - - [06/Jan/2026:21:31:50 -0700] "GET /laravel/.env HTTP/1.1" 404 3508 "-" "Lenovo-A390t_TD/S100 Release/11.2012 Mozilla/5.0 (Linux; U; Android 4.0.3) AppleWebKit/534.30 (KHTML, like Gecko) Version/4.0 Mobile Safari/534.30"
78.153.140.195 - - [06/Jan/2026:21:31:51 -0700] "GET /.config.yaml HTTP/1.1" 404 3508 "-" "Mozilla/5.0 (Linux; U; Android 4.0.4; en-us; KFJWA Build/IMM76D) AppleWebKit/534.30 (KHTML, like Gecko) Version/4.0 Safari/534.30"
78.153.140.195 - - [06/Jan/2026:21:31:51 -0700] "GET /laravel/.env HTTP/1.1" 404 3512 "-" "Mozilla/5.0 (Windows NT 6.1; WOW64) AppleWebKit/534.34 (KHTML, like Gecko) demobrowser/0.1 Safari/534.34"
78.153.140.195 - - [06/Jan/2026:21:31:51 -0700] "GET /web/.env HTTP/1.1" 301 543 "-" "Mozilla/4.0 (compatible; MSIE 5.5; Windows 95; BCD2000)"
78.153.140.195 - - [06/Jan/2026:21:31:52 -0700] "GET /.env.bak HTTP/1.1" 301 543 "-" "Mozilla/5.0 (Windows NT 6.1; rv:52.0) Gecko/20100101 Firefox/52.0"
78.153.140.195 - - [06/Jan/2026:21:31:52 -0700] "GET /.env.bak HTTP/1.1" 404 437 "-" "Mozilla/5.0 (Macintosh; U; PPC Mac OS X; fr-fr) AppleWebKit/125.5.5 (KHTML, like Gecko) Safari/125.11"
78.153.140.195 - - [06/Jan/2026:21:31:52 -0700] "GET /backend/.env HTTP/1.1" 404 3508 "-" "Mozilla/5.0 (Windows NT 6.1; rv:56.0) Gecko/20100101 Firefox/56.0"
78.153.140.195 - - [06/Jan/2026:21:31:53 -0700] "GET /.config.yaml HTTP/1.1" 404 3512 "-" "Mozilla/5.0 (Windows NT 6.1; U; ru; rv:5.0.1.6) Gecko/20110501 Firefox/5.0.1 Firefox/5.0.1"
78.153.140.195 - - [06/Jan/2026:21:31:53 -0700] "GET /staging/.env HTTP/1.1" 404 437 "-" "Mozilla/5.0 (iPad; U; CPU OS 4_3_3 like Mac OS X; fr-fr) AppleWebKit/533.17.9 (KHTML, like Gecko) Version/5.0.2 Mobile/8J3 Safari/6533.18.5"
78.153.140.195 - - [06/Jan/2026:21:31:53 -0700] "GET /staging/.env HTTP/1.1" 301 551 "-" "Mozilla/5.0 (Linux; Android 7.0; SM-J327T1 Build/NRD90M) AppleWebKit/537.36 (KHTML, like Gecko) Chrome/62.0.3202.84 Mobile Safari/537.36"
78.153.140.195 - - [06/Jan/2026:21:31:53 -0700] "GET /debug/default/view?panel=config HTTP/1.1" 404 437 "-" "Opera/9.80 (X11; Linux zbov; U; fr) Presto/2.10.254 Version/12.00"
78.153.140.195 - - [06/Jan/2026:21:31:53 -0700] "GET /secrets.env HTTP/1.1" 404 3508 "-" "Mozilla/5.0 (compatible; Linux x86_64; Mail.RU_Bot/2.0; +http://go.mail.ru/help/robots)"
78.153.140.195 - - [06/Jan/2026:21:31:54 -0700] "GET /core/.env HTTP/1.1" 404 437 "-" "Opera/9.80 (Windows NT 5.2; U; en) Presto/2.6.30 Version/10.63"
78.153.140.195 - - [06/Jan/2026:21:31:55 -0700] "GET /debug/default/view?panel=config HTTP/1.1" 301 589 "-" "Mozilla/4.0 (compatible; MSIE 8.0; Windows NT 6.1; Trident/4.0; GTB7.5; SLCC2; .NET CLR 2.0.50727; .NET CLR 3.5.30729; .NET CLR 3.0.30729; Media Center PC 6.0; InfoPath.2; .NET4.0C; .NET4.0E; playbrytetoolbar_Playbryte)"
78.153.140.195 - - [06/Jan/2026:21:31:55 -0700] "GET /phpinfo.php HTTP/1.1" 404 437 "-" "Mozilla/5.0 (Linux; U; Android 1.5; de-de; Galaxy Build/CUPCAKE) AppleWebKit/528.5  (KHTML, like Gecko) Version/3.1.2 Mobile Safari/525.20.1"
78.153.140.195 - - [06/Jan/2026:21:31:55 -0700] "GET /.env.example HTTP/1.1" 404 3508 "-" "Mozilla/5.0 (Linux; Android 6.0.1; Z981 Build/MMB29M) AppleWebKit/537.36 (KHTML, like Gecko) Chrome/64.0.3282.137 Mobile Safari/537.36"
78.153.140.195 - - [06/Jan/2026:21:31:55 -0700] "GET /backend/.env HTTP/1.1" 404 3512 "-" "Mozilla/5.0 (Linux; U; Android 4.0.3; en-us; Next10P12 Build/IML74K) AppleWebKit/534.30 (KHTML, like Gecko) Version/4.0 Safari/534.30"
78.153.140.195 - - [06/Jan/2026:21:31:55 -0700] "GET /core/.env HTTP/1.1" 301 545 "-" "Mozilla/4.0 (compatible; MSIE 6.0; Windows 98)"
78.153.140.195 - - [06/Jan/2026:21:31:56 -0700] "GET /secrets.env HTTP/1.1" 404 3512 "-" "Mozilla/5.0 (Windows; U; Windows NT 5.1; ja; rv:1.9.0.14) Gecko/2009082707 Firefox/3.0.14 (.NET CLR 3.5.30729)"
78.153.140.195 - - [06/Jan/2026:21:31:56 -0700] "GET /info/ HTTP/1.1" 404 437 "-" "Mozilla/5.0 (Linux; Android 4.4.2; GT-I9505 Build/KOT49H) AppleWebKit/537.36 (KHTML, like Gecko) Chrome/39.0.2171.93 Mobile Safari/537.36"
78.153.140.195 - - [06/Jan/2026:21:31:56 -0700] "GET /phpinfo.php HTTP/1.1" 301 549 "-" "Mozilla/5.0 (Macintosh; Intel Mac OS X 10_12_4) AppleWebKit/603.1.30 (KHTML, like Gecko) Version/10.1 Safari/603.1.30"
78.153.140.195 - - [06/Jan/2026:21:31:56 -0700] "GET /web/.env HTTP/1.1" 404 3508 "-" "Mozilla/5.0 (Linux; U; Android 2.3.6; en-gb; GT-S5302 Build/GINGERBREAD) AppleWebKit/533.1 (KHTML, like Gecko) Version/4.0 Mobile Safari/533.1"
78.153.140.195 - - [06/Jan/2026:21:31:57 -0700] "GET /info/ HTTP/1.1" 301 537 "-" "Mozilla/5.0 (Macintosh; Intel Mac OS X 10_10_5) AppleWebKit/537.36 (KHTML, like Gecko) Chrome/39.0.2171.95 Safari/537.36"
78.153.140.195 - - [06/Jan/2026:21:31:57 -0700] "GET /images/.env HTTP/1.1" 404 437 "-" "Mozilla/5.0 (X11; Linux i686; rv:16.0) Gecko/20100101 Firefox/16.0"
78.153.140.195 - - [06/Jan/2026:21:31:57 -0700] "GET /.env.bak HTTP/1.1" 404 3508 "-" "Mozilla/4.0 (compatible; MSIE 7.0; Windows NT 6.1; Trident/4.0; SLCC2; .NET CLR 2.0.50727; .NET CLR 3.5.30729; .NET CLR 3.0.30729; Media Center PC 6.0; .NET4.0C; .NET4.0E; WebMoney Advisor; Tablet PC 2.0; InfoPath.2)"
78.153.140.195 - - [06/Jan/2026:21:31:57 -0700] "GET /images/.env HTTP/1.1" 301 549 "-" "Mozilla/5.0 (Windows NT 6.1; Win64; x64) AppleWebKit/537.36 (KHTML, like Gecko) Chrome/47.0.2526.106 Safari/537.36"
78.153.140.195 - - [06/Jan/2026:21:31:57 -0700] "GET /.env.example HTTP/1.1" 404 3512 "-" "Mozilla/5.0 (compatible; MSIE 9.0; Windows NT 6.0; Trident/5.0; BOIE9;ENUS)"
78.153.140.195 - - [06/Jan/2026:21:31:58 -0700] "GET /.env.save.1 HTTP/1.1" 404 437 "-" "Mozilla/5.0 (Linux; Android 4.4.2; ASUS_T00J Build/KVT49L) AppleWebKit/537.36 (KHTML, like Gecko) Version/4.0 Chrome/30.0.0.0 Mobile Safari/537.36"
78.153.140.195 - - [06/Jan/2026:21:31:58 -0700] "GET /staging/.env HTTP/1.1" 404 3508 "-" "Mozilla/4.0 (compatible; MSIE 6.0; Windows CE; PPC; 240x320) Opera 8.65 [nl]"
78.153.140.195 - - [06/Jan/2026:21:31:59 -0700] "GET /web/.env HTTP/1.1" 404 3512 "-" "Mozilla/5.0 (Macintosh; U; Intel Mac OS X 10_6_8; nl-nl) AppleWebKit/533.21.1 (KHTML, like Gecko) Version/5.0.5 Safari/533.21.1"
78.153.140.195 - - [06/Jan/2026:21:31:59 -0700] "GET /.env.save.1 HTTP/1.1" 301 549 "-" "Mozilla/5.0 (Macintosh; Intel Mac OS X 10_7_5) AppleWebKit/536.30.1 (KHTML, like Gecko) Version/6.0.5 Safari/536.30.1"
78.153.140.195 - - [06/Jan/2026:21:31:59 -0700] "GET /.env.save HTTP/1.1" 404 437 "-" "Mozilla/5.0 (Windows NT 6.1; WOW64; rv:48.0) Gecko/20100101 Firefox/48.0"
78.153.140.195 - - [06/Jan/2026:21:31:59 -0700] "GET /API/.env HTTP/1.1" 404 437 "-" "Mozilla/5.0 (X11; U; Linux i686; en-US; rv:1.8.0.9) Gecko/20070102 Ubuntu/dapper-security Firefox/1.5.0.9"
78.153.140.195 - - [06/Jan/2026:21:31:59 -0700] "GET /.env.save HTTP/1.1" 301 545 "-" "Mozilla/5.0 (X11; U; Linux x86_64; en-US; rv:1.9.0.12) Gecko/2009070818 Ubuntu/8.10 (intrepid) Firefox/3.0.12"
78.153.140.195 - - [06/Jan/2026:21:31:59 -0700] "GET /debug/default/view?panel=config HTTP/1.1" 404 3508 "-" "Opera/9.80 (Windows NT 6.1; WOW64; Edition Campaign 21) Presto/2.12.388 Version/12.17"
78.153.140.195 - - [06/Jan/2026:21:31:59 -0700] "GET /.env.bak HTTP/1.1" 404 3512 "-" "Mozilla/5.0 (Windows; U; Windows NT 6.0; en-US) AppleWebKit/533.4 (KHTML, like Gecko) Chrome/5.0.375.127 Safari/533.4"
78.153.140.195 - - [06/Jan/2026:21:32:00 -0700] "GET /app/.env HTTP/1.1" 404 437 "-" "Mozilla/5.0 (Linux; Android 7.0; SM-G930V Build/NRD90M) AppleWebKit/537.36 (KHTML, like Gecko) Chrome/60.0.3112.116 Mobile Safari/537.36"
78.153.140.195 - - [06/Jan/2026:21:32:00 -0700] "GET /API/.env HTTP/1.1" 301 543 "-" "Mozilla/5.0 (Linux; U; Android 2.3.3; en-us; SonyEricssonR800at Build/3.0.1.B.0.285) AppleWebKit/533.1 (KHTML, like Gecko) Version/4.0 Mobile Safari/533.1"
78.153.140.195 - - [06/Jan/2026:21:32:00 -0700] "GET /test HTTP/1.1" 404 437 "-" "Mozilla/4.0 (compatible; MSIE 8.0; Win32)"
78.153.140.195 - - [06/Jan/2026:21:32:00 -0700] "GET /staging/.env HTTP/1.1" 404 3512 "-" "Mozilla/5.0 (X11; CrOS armv7l 6946.86.0) AppleWebKit/537.36 (KHTML, like Gecko) Chrome/43.0.2357.134 Safari/537.36"
78.153.140.195 - - [06/Jan/2026:21:32:01 -0700] "GET /core/.env HTTP/1.1" 404 3508 "-" "Mozilla/5.0 (X11; Linux i686; rv:19.0) Gecko/20100101 Firefox/19.0"
78.153.140.195 - - [06/Jan/2026:21:32:01 -0700] "GET /app/.env HTTP/1.1" 301 543 "-" "Mozilla/5.0 (Windows NT 5.1) AppleWebKit/535.1 (KHTML, like Gecko) Chrome/14.0.809.0 Safari/535.1"
78.153.140.195 - - [06/Jan/2026:21:32:01 -0700] "GET /debug/default/view?panel=config HTTP/1.1" 404 3512 "-" "Mozilla/5.0 (iPhone; CPU iPhone OS 9_2 like Mac OS X) AppleWebKit/601.1.46 (KHTML, like Gecko) Version/9.0 Mobile/13C5060d Safari/601.1"
78.153.140.195 - - [06/Jan/2026:21:32:02 -0700] "GET /phpinfo.php HTTP/1.1" 404 3508 "-" "Mozilla/5.0 (Linux; U; Android 2.3.6; en-us; SCH-I405 Build/GINGERBREAD) AppleWebKit/533.1 (KHTML, like Gecko) Version/4.0 Mobile Safari/533.1"
78.153.140.195 - - [06/Jan/2026:21:32:02 -0700] "GET /test HTTP/1.1" 301 535 "-" "Mozilla/5.0 (Windows NT 10.0; WOW64; Trident/7.0; EIE10;ENUSWOL; rv:11.0) like Gecko"
78.153.140.195 - - [06/Jan/2026:21:32:02 -0700] "GET /core/.env HTTP/1.1" 404 3512 "-" "Mozilla/4.0 (compatible; MSIE 5.0; Windows NT 4.0) Opera 6.0  [de]"
78.153.140.195 - - [06/Jan/2026:21:32:03 -0700] "GET /phpinfo.php HTTP/1.1" 404 3512 "-" "Mozilla/5.0 (Linux; U; Android 4.1.1; de-de; ADM816KC Build/JRO03H) AppleWebKit/534.30 (KHTML, like Gecko) Version/4.0 Safari/534.30"
78.153.140.195 - - [06/Jan/2026:21:32:04 -0700] "GET /info/ HTTP/1.1" 404 3508 "-" "Mozilla/5.0 (compatible; MSIE 9.0; Windows NT 6.1; Trident/5.0; Xbox)"
78.153.140.195 - - [06/Jan/2026:21:32:05 -0700] "GET /info/ HTTP/1.1" 404 3512 "-" "Mozilla/5.0 (Windows NT 10.0; WOW64; rv:44.0) Gecko/20100101 Firefox/44.0"
78.153.140.195 - - [06/Jan/2026:21:32:05 -0700] "GET /images/.env HTTP/1.1" 404 3508 "-" "Mozilla/5.0 (iPad; U; CPU OS 421 like Mac OS X; zh-CN) AppleWebKit/533.17.9 (KHTML like Gecko) Version/5.0.2 Mobile/8C148 Safari/6533.18.5"
78.153.140.195 - - [06/Jan/2026:21:32:05 -0700] "GET /images/.env HTTP/1.1" 404 3512 "-" "Mozilla/5.0 (Windows NT 6.1) AppleWebKit/537.36 (KHTML, like Gecko) Chrome/27.0.1453.90 Safari/537.36"
78.153.140.195 - - [06/Jan/2026:21:32:06 -0700] "GET /.env.save.1 HTTP/1.1" 404 3508 "-" "Mozilla/5.0 (Windows NT 6.0; WOW64; rv:40.0) Gecko/20100101 Firefox/40.0"
78.153.140.195 - - [06/Jan/2026:21:32:06 -0700] "GET /.env.save HTTP/1.1" 404 3508 "-" "Opera/9.21 (X11; Linux i686; U; en)"
78.153.140.195 - - [06/Jan/2026:21:32:08 -0700] "GET /API/.env HTTP/1.1" 404 3508 "-" "Mozilla/5.0 (Windows NT 6.3; WOW64) AppleWebKit/537.36 (KHTML, like Gecko) Chrome/63.0.3239.132 Safari/537.36 OPR/50.0.2762.67"
78.153.140.195 - - [06/Jan/2026:21:32:08 -0700] "GET /.env.save.1 HTTP/1.1" 404 3512 "-" "Opera/9.24 (Macintosh; PPC Mac OS X; U; en)"
78.153.140.195 - - [06/Jan/2026:21:32:10 -0700] "GET /app/.env HTTP/1.1" 404 3508 "-" "Mozilla/5.0 (X11; U; Linux x86_64; ru; rv:1.9.0.14) Gecko/2009090217 Ubuntu/9.04 (jaunty) Firefox/3.0.14 (.NET CLR 3.5.30729)"
78.153.140.195 - - [06/Jan/2026:21:32:10 -0700] "GET /.env.save HTTP/1.1" 404 3512 "-" "Mozilla/5.0 (Macintosh; Intel Mac OS X 10.8; rv:37.0) Gecko/20100101 Firefox/37.0"
78.153.140.195 - - [06/Jan/2026:21:32:11 -0700] "GET /test HTTP/1.1" 404 3508 "-" "Mozilla/5.0 (Macintosh; Intel Mac OS X 10_9_5) AppleWebKit/537.36 (KHTML, like Gecko) Chrome/63.0.3239.84 Safari/537.36"
78.153.140.195 - - [06/Jan/2026:21:32:11 -0700] "GET /API/.env HTTP/1.1" 404 3512 "-" "Mozilla/5.0 (Linux; U; Android 4.4.2; en-ca; GT-P5210 Build/KOT49H) AppleWebKit/534.30 (KHTML, like Gecko) Version/4.0 Safari/534.30"
78.153.140.195 - - [06/Jan/2026:21:32:12 -0700] "GET /app/.env HTTP/1.1" 404 3512 "-" "Mozilla/5.0 (Windows NT 10.0; WOW64) AppleWebKit/537.36 (KHTML, like Gecko) Chrome/55.0.2859.0 Safari/537.36 OPR/42.0.2372.0 (Edition developer)"
78.153.140.195 - - [06/Jan/2026:21:32:13 -0700] "GET /test HTTP/1.1" 404 3512 "-" "Mozilla/5.0 (Windows NT 6.3; WOW64) AppleWebKit/537.36 (KHTML, like Gecko) Chrome/37.0.2062.124 Safari/537.36"
147.135.212.200 - - [06/Jan/2026:21:33:05 -0700] "GET /robots.txt HTTP/1.1" 404 493 "-" "Mozilla/5.0 (compatible; MJ12bot/v1.4.8; http://mj12bot.com/)"
147.135.212.200 - - [06/Jan/2026:21:33:08 -0700] "GET /ca/tecreations/progress/2025/desk/lol,%20Merry%20Christmas!%20Working%20on%20it./%00http HTTP/1.1" 404 437 "-" "Mozilla/5.0 (compatible; MJ12bot/v1.4.8; http://mj12bot.com/)"
147.135.212.200 - - [06/Jan/2026:21:33:13 -0700] "GET /ca/tecreations/snapshots/2025/9/6/20.22.30%20-%20User%20Initiated/%00http HTTP/1.1" 404 437 "-" "Mozilla/5.0 (compatible; MJ12bot/v1.4.8; http://mj12bot.com/)"
147.135.212.200 - - [06/Jan/2026:21:33:18 -0700] "GET /ca/tecreations/snapshots/2025/9/6/8.39.41%20-%20User%20Initiated/%00http HTTP/1.1" 404 437 "-" "Mozilla/5.0 (compatible; MJ12bot/v1.4.8; http://mj12bot.com/)"
147.135.212.200 - - [06/Jan/2026:21:33:21 -0700] "GET /ca/tecreations/snapshots/2025/9/6/Evening%20-%2012.00.00/%00http HTTP/1.1" 404 437 "-" "Mozilla/5.0 (compatible; MJ12bot/v1.4.8; http://mj12bot.com/)"
147.135.212.200 - - [06/Jan/2026:21:33:25 -0700] "GET /ca/tecreations/snapshots/2025/9/6/Evening%20-%2023.59.59/%00http HTTP/1.1" 404 437 "-" "Mozilla/5.0 (compatible; MJ12bot/v1.4.8; http://mj12bot.com/)"
147.135.212.200 - - [06/Jan/2026:21:33:27 -0700] "GET /ca/tecreations/snapshots/2025/9/7/19.31.54%20-%20User%20Initiated/%00http HTTP/1.1" 404 437 "-" "Mozilla/5.0 (compatible; MJ12bot/v1.4.8; http://mj12bot.com/)"
147.135.212.200 - - [06/Jan/2026:21:33:29 -0700] "GET /ca/tecreations/snapshots/2025/9/7/22.20.41%20-%20User%20Initiated/%00http HTTP/1.1" 404 437 "-" "Mozilla/5.0 (compatible; MJ12bot/v1.4.8; http://mj12bot.com/)"
114.119.158.46 - - [06/Jan/2026:21:33:35 -0700] "GET /ca/tecreations/Apps/BibleTranslations.html HTTP/1.1" 200 4266 "https://tecreations.ca/ca/tecreations/Apps" "Mozilla/5.0 (Linux; Android 7.0;) AppleWebKit/537.36 (KHTML, like Gecko) Mobile Safari/537.36 (compatible; PetalBot;+https://webmaster.petalsearch.com/site/petalbot)"
43.173.180.121 - - [06/Jan/2026:21:33:42 -0700] "GET /ca/tecreations/ViewFile.php?path=ca/tecreations/php_index.php HTTP/1.1" 200 6232 "-" "Mozilla/5.0 (Windows NT 10.0; Win64; x64) AppleWebKit/537.36 (KHTML, like Gecko) Chrome/107.0.0.0 Safari/537.36"
43.173.177.9 - - [06/Jan/2026:21:33:42 -0700] "GET /ca/tecreations/menu HTTP/1.1" 301 4289 "-" "Mozilla/5.0 (Windows NT 10.0; Win64; x64) AppleWebKit/537.36 (KHTML, like Gecko) Chrome/105.0.0.0 Safari/537.3"
43.173.177.9 - - [06/Jan/2026:21:33:42 -0700] "GET /ca/tecreations/menu/ HTTP/1.1" 200 1114 "https://tecreations.ca/ca/tecreations/menu" "Mozilla/5.0 (Windows NT 10.0; Win64; x64) AppleWebKit/537.36 (KHTML, like Gecko) Chrome/105.0.0.0 Safari/537.3"
95.214.55.117 - - [06/Jan/2026:21:34:43 -0700] "PROPFIND / HTTP/1.1" 302 3931 "-" "-"
114.119.158.46 - - [06/Jan/2026:21:35:12 -0700] "GET /ca/tecreations/Apps/BibleBooks.html HTTP/1.1" 200 5007 "https://tecreations.ca/ca/tecreations/Apps" "Mozilla/5.0 (Linux; Android 7.0;) AppleWebKit/537.36 (KHTML, like Gecko) Mobile Safari/537.36 (compatible; PetalBot;+https://webmaster.petalsearch.com/site/petalbot)"
74.7.175.163 - - [06/Jan/2026:21:35:12 -0700] "GET /robots.txt HTTP/1.1" 404 4207 "-" "Mozilla/5.0 (Macintosh; Intel Mac OS X 10_15_7) AppleWebKit/537.36 (KHTML, like Gecko) Chrome/131.0.0.0 Safari/537.36; compatible; OAI-SearchBot/1.3; robots.txt; +https://openai.com/searchbot"
74.7.243.192 - - [06/Jan/2026:21:35:12 -0700] "GET / HTTP/1.1" 302 3943 "-" "Mozilla/5.0 AppleWebKit/537.36 (KHTML, like Gecko; compatible; GPTBot/1.3; +https://openai.com/gptbot)"
74.7.243.192 - - [06/Jan/2026:21:35:12 -0700] "GET /ca/tecreations/ HTTP/1.1" 200 4164 "-" "Mozilla/5.0 AppleWebKit/537.36 (KHTML, like Gecko; compatible; GPTBot/1.3; +https://openai.com/gptbot)"
114.119.158.46 - - [06/Jan/2026:21:35:36 -0700] "GET /ca/tecreations/Apps/BTCPrice.php HTTP/1.1" 200 4281 "https://tecreations.ca/ca/tecreations/ViewFile.php?path=ca/tecreations/Apps/BTCPrice.php" "Mozilla/5.0 (Linux; Android 7.0;) AppleWebKit/537.36 (KHTML, like Gecko) Mobile Safari/537.36 (compatible; PetalBot;+https://webmaster.petalsearch.com/site/petalbot)"
95.214.54.147 - - [06/Jan/2026:21:36:07 -0700] "GET / HTTP/1.1" 404 454 "-" "Wget"
114.119.158.46 - - [06/Jan/2026:21:36:39 -0700] "GET /ca/tecreations HTTP/1.1" 301 4298 "https://tecreations.ca/" "Mozilla/5.0 (Linux; Android 7.0;) AppleWebKit/537.36 (KHTML, like Gecko) Mobile Safari/537.36 (compatible; PetalBot;+https://webmaster.petalsearch.com/site/petalbot)"
114.119.158.46 - - [06/Jan/2026:21:36:40 -0700] "GET /ca/tecreations/ HTTP/1.1" 200 7889 "https://tecreations.ca/" "Mozilla/5.0 (Linux; Android 7.0;) AppleWebKit/537.36 (KHTML, like Gecko) Mobile Safari/537.36 (compatible; PetalBot;+https://webmaster.petalsearch.com/site/petalbot)"
114.119.158.46 - - [06/Jan/2026:21:37:29 -0700] "GET /ca/tecreations/PUBLIC/SNAPSHOTS/tecreations.ca/tec8/tec8_31.jar HTTP/1.1" 404 4190 "https://tecreations.ca/ca/tecreations/PUBLIC/SNAPSHOTS/tecreations.ca/tec8/" "Mozilla/5.0 (Linux; Android 7.0;) AppleWebKit/537.36 (KHTML, like Gecko) Mobile Safari/537.36 (compatible; PetalBot;+https://webmaster.petalsearch.com/site/petalbot)"
114.119.154.166 - - [06/Jan/2026:21:37:58 -0700] "GET /ca/UnicodeViewer.php HTTP/1.1" 200 4441 "http://tecreations.ca/" "Mozilla/5.0 (Linux; Android 7.0;) AppleWebKit/537.36 (KHTML, like Gecko) Mobile Safari/537.36 (compatible; PetalBot;+https://webmaster.petalsearch.com/site/petalbot)"
34.76.210.200 - - [06/Jan/2026:21:38:03 -0700] "GET / HTTP/1.1" 404 491 "-" "python-requests/2.32.5"
216.244.66.227 - - [06/Jan/2026:21:38:07 -0700] "GET /ca/tecreations/snapshots/2025/10/31/?C=N;O=D HTTP/1.1" 404 437 "-" "Mozilla/5.0 (compatible; DotBot/1.2; +https://opensiteexplorer.org/dotbot; help@moz.com)"
95.214.55.117 - - [06/Jan/2026:21:38:46 -0700] "PROPFIND / HTTP/1.1" 302 3931 "-" "-"
114.119.154.166 - - [06/Jan/2026:21:39:19 -0700] "GET /ca/tecreations/ebay/best-autoparts/?C=S%3BO%3DA HTTP/1.1" 404 4226 "https://www.tecreations.ca/ca/tecreations/ebay/best-autoparts/?C=N%3BO%3DD" "Mozilla/5.0 (Linux; Android 7.0;) AppleWebKit/537.36 (KHTML, like Gecko) Mobile Safari/537.36 (compatible; PetalBot;+https://webmaster.petalsearch.com/site/petalbot)"
3.132.23.201 - - [06/Jan/2026:21:40:06 -0700] "GET / HTTP/1.1" 404 435 "-" "cypex.ai/scanning Mozilla/5.0 (Macintosh; Intel Mac OS X 10_15_7) Chrome/126.0.0.0 Safari/537.36"
114.119.148.64 - - [06/Jan/2026:21:40:43 -0700] "GET /BCTLSNetwork_bo.jar HTTP/1.1" 200 1665357 "https://tecreations.ca/ca/tecreations/includes" "Mozilla/5.0 (Linux; Android 7.0;) AppleWebKit/537.36 (KHTML, like Gecko) Mobile Safari/537.36 (compatible; PetalBot;+https://webmaster.petalsearch.com/site/petalbot)"
47.128.25.235 - - [06/Jan/2026:21:41:13 -0700] "GET /ca/tecreations/UnicodeTest2.php?a=3&b=8&method=mb_chr&z=E HTTP/1.1" 404 4274 "-" "Mozilla/5.0 (compatible; Bytespider; spider-feedback@bytedance.com) AppleWebKit/537.36 (KHTML, like Gecko) Chrome/70.0.0.0 Safari/537.36"
47.128.46.187 - - [06/Jan/2026:21:41:13 -0700] "GET /ca/tecreations/UnicodeTest2.php?z=9&a=2&b=5&method=decimal HTTP/1.1" 404 4274 "-" "Mozilla/5.0 (compatible; Bytespider; spider-feedback@bytedance.com) AppleWebKit/537.36 (KHTML, like Gecko) Chrome/70.0.0.0 Safari/537.36"
40.77.167.44 - - [06/Jan/2026:21:41:24 -0700] "GET /ca/tecreations/UnicodeTest2.php?z=C&a=C&b=E&method=decimalBOLD HTTP/1.1" 404 4299 "-" "Mozilla/5.0 AppleWebKit/537.36 (KHTML, like Gecko; compatible; bingbot/2.0; +http://www.bing.com/bingbot.htm) Chrome/116.0.1938.76 Safari/537.36"
114.119.154.166 - - [06/Jan/2026:21:42:06 -0700] "GET /ca/tecreations/tstring/set.php HTTP/1.1" 200 4172 "https://www.tecreations.ca/ca/tecreations/tstring/?C=M%3BO%3DA" "Mozilla/5.0 (Linux; Android 7.0;) AppleWebKit/537.36 (KHTML, like Gecko) Mobile Safari/537.36 (compatible; PetalBot;+https://webmaster.petalsearch.com/site/petalbot)"
95.214.55.117 - - [06/Jan/2026:21:42:07 -0700] "PROPFIND / HTTP/1.1" 302 3931 "-" "-"
185.189.182.234 - - [06/Jan/2026:21:43:14 -0700] "GET / HTTP/1.0" 400 625 "-" "-"
114.119.158.46 - - [06/Jan/2026:21:43:31 -0700] "GET /2ndAdventResetter.php HTTP/1.1" 200 3931 "https://tecreations.ca/" "Mozilla/5.0 (Linux; Android 7.0;) AppleWebKit/537.36 (KHTML, like Gecko) Mobile Safari/537.36 (compatible; PetalBot;+https://webmaster.petalsearch.com/site/petalbot)"
187.57.23.79 - - [06/Jan/2026:21:44:06 -0700] "GET /ca/tecreations/menu/non-ccm.php HTTP/1.1" 404 4171 "https://tecreations.ca/" "Mozilla/5.0 (Macintosh; Intel Mac OS X 10_15_7) AppleWebKit/605.1.15 (KHTML, like Gecko) Version/18.3.1 Safari/605.1.15"
71.6.134.234 - - [06/Jan/2026:21:44:10 -0700] "\x16\x03\x01" 400 488 "-" "-"
3.132.23.201 - - [06/Jan/2026:21:45:20 -0700] "\x16\x03\x01" 400 488 "-" "-"
3.132.23.201 - - [06/Jan/2026:21:45:34 -0700] "\n" 400 488 "-" "-"
95.214.55.117 - - [06/Jan/2026:21:45:35 -0700] "PROPFIND / HTTP/1.1" 302 3931 "-" "-"
79.124.40.174 - - [06/Jan/2026:21:46:32 -0700] "GET /?XDEBUG_SESSION_START=phpstorm HTTP/1.1" 404 454 "-" "Mozilla/5.0 (Windows NT 10.0; Win64; x64) AppleWebKit/537.36 (KHTML, like Gecko) Chrome/78.0.3904.108 Safari/537.36"
3.132.23.201 - - [06/Jan/2026:21:48:03 -0700] "SSH-2.0-Go" 400 488 "-" "-"
66.249.66.76 - - [06/Jan/2026:21:48:18 -0700] "GET /ca/tecreations/UnicodeTest2.php?z=3&a=3&b=9&method=entity HTTP/1.1" 404 4227 "-" "Mozilla/5.0 (Linux; Android 6.0.1; Nexus 5X Build/MMB29P) AppleWebKit/537.36 (KHTML, like Gecko) Chrome/143.0.7499.169 Mobile Safari/537.36 (compatible; Googlebot/2.1; +http://www.google.com/bot.html)"
47.128.98.227 - - [06/Jan/2026:21:48:37 -0700] "GET /ca/tecreations/UnicodeTest2.php?a=7&b=D&method=decimalBOLD&z=3 HTTP/1.1" 404 4274 "-" "Mozilla/5.0 (compatible; Bytespider; spider-feedback@bytedance.com) AppleWebKit/537.36 (KHTML, like Gecko) Chrome/70.0.0.0 Safari/537.36"
47.128.112.253 - - [06/Jan/2026:21:48:37 -0700] "GET /ca/tecreations/UnicodeTest2.php?z=E&a=7&b=C&method=mb_chr HTTP/1.1" 404 4274 "-" "Mozilla/5.0 (compatible; Bytespider; spider-feedback@bytedance.com) AppleWebKit/537.36 (KHTML, like Gecko) Chrome/70.0.0.0 Safari/537.36"
95.214.55.117 - - [06/Jan/2026:21:49:32 -0700] "PROPFIND / HTTP/1.1" 302 3931 "-" "-"
3.132.23.201 - - [06/Jan/2026:21:50:04 -0700] "\x16\x03\x01" 400 488 "-" "-"
66.132.153.120 - - [06/Jan/2026:21:50:09 -0700] "GET / HTTP/1.1" 302 3875 "-" "Mozilla/5.0 (compatible; CensysInspect/1.1; +https://about.censys.io/)"
66.132.153.120 - - [06/Jan/2026:21:50:16 -0700] "GET /ca/tecreations/ HTTP/1.1" 200 7846 "-" "Mozilla/5.0 (compatible; CensysInspect/1.1; +https://about.censys.io/)"
66.132.153.120 - - [06/Jan/2026:21:50:16 -0700] "GET /favicon.png HTTP/1.1" 200 5009 "-" "Mozilla/5.0 (compatible; CensysInspect/1.1; +https://about.censys.io/)"
66.249.66.33 - - [06/Jan/2026:21:50:57 -0700] "GET /ca/tecreations/UnicodeTest2.php?z=B&a=D&b=9&method=mb_chr HTTP/1.1" 404 4227 "-" "Mozilla/5.0 (Linux; Android 6.0.1; Nexus 5X Build/MMB29P) AppleWebKit/537.36 (KHTML, like Gecko) Chrome/143.0.7499.169 Mobile Safari/537.36 (compatible; Googlebot/2.1; +http://www.google.com/bot.html)"
85.208.96.206 - - [06/Jan/2026:21:50:58 -0700] "GET /robots.txt HTTP/1.1" 404 4190 "-" "Mozilla/5.0 (compatible; SemrushBot/7~bl; +http://www.semrush.com/bot.html)"
85.208.96.193 - - [06/Jan/2026:21:50:59 -0700] "GET /ca/tecreations/progress/2025/vps/BCTLSNetwork/BCTLSNetwork.2025.12.21.1249.jar HTTP/1.1" 200 3992 "-" "Mozilla/5.0 (compatible; SemrushBot/7~bl; +http://www.semrush.com/bot.html)"
52.1.157.90 - - [06/Jan/2026:21:52:05 -0700] "GET /ca/tecreations/progress/2025/vps/login/templates/account/request_reset_pass_link.html HTTP/1.1" 200 4517 "-" "Mozilla/5.0 AppleWebKit/537.36 (KHTML, like Gecko; compatible; Amazonbot/0.1; +https://developer.amazon.com/support/amazonbot) Chrome/119.0.6045.214 Safari/537.36"
91.92.41.39 - - [06/Jan/2026:21:52:43 -0700] "GET /.env HTTP/1.1" 404 491 "-" "Mozilla/5.0 (X11; Linux x86_64) AppleWebKit/537.36 (KHTML, like Gecko) Chrome/81.0.4044.129 Safari/537.36"
91.92.41.39 - - [06/Jan/2026:21:52:43 -0700] "POST / HTTP/1.1" 404 491 "-" "Mozilla/5.0 (X11; Linux x86_64) AppleWebKit/537.36 (KHTML, like Gecko) Chrome/81.0.4044.129 Safari/537.36"
91.92.41.39 - - [06/Jan/2026:21:52:44 -0700] "GET /.env HTTP/1.1" 404 4189 "-" "Mozilla/5.0 (X11; Linux x86_64) AppleWebKit/537.36 (KHTML, like Gecko) Chrome/81.0.4044.129 Safari/537.36"
91.92.41.39 - - [06/Jan/2026:21:52:45 -0700] "POST / HTTP/1.1" 302 3931 "-" "Mozilla/5.0 (X11; Linux x86_64) AppleWebKit/537.36 (KHTML, like Gecko) Chrome/81.0.4044.129 Safari/537.36"
95.214.55.117 - - [06/Jan/2026:21:53:09 -0700] "PROPFIND / HTTP/1.1" 302 3931 "-" "-"
47.128.49.242 - - [06/Jan/2026:21:55:59 -0700] "GET /ca/tecreations/UnicodeTest2.php?a=7&b=9&method=entity&z=10 HTTP/1.1" 404 4274 "-" "Mozilla/5.0 (compatible; Bytespider; spider-feedback@bytedance.com) AppleWebKit/537.36 (KHTML, like Gecko) Chrome/70.0.0.0 Safari/537.36"
95.214.55.117 - - [06/Jan/2026:21:56:53 -0700] "PROPFIND / HTTP/1.1" 302 3931 "-" "-"
216.244.66.227 - - [06/Jan/2026:21:58:25 -0700] "GET /robots.txt HTTP/1.1" 301 547 "-" "Mozilla/5.0 (compatible; DotBot/1.2; +https://opensiteexplorer.org/dotbot; help@moz.com)"
216.244.66.227 - - [06/Jan/2026:21:58:26 -0700] "GET /robots.txt HTTP/1.1" 404 3557 "-" "Mozilla/5.0 (compatible; DotBot/1.2; +https://opensiteexplorer.org/dotbot; help@moz.com)"
78.153.140.149 - - [06/Jan/2026:21:59:03 -0700] "GET /.env HTTP/1.1" 404 491 "-" "Mozilla/5.0 (Windows NT 10.0; Win64; x64) AppleWebKit/537.36 (KHTML, like Gecko) Chrome/116.0.5845.140 Safari/537.36"
