114.119.142.39 - - [06/Jan/2026:12:54:19 -0700] "GET /ca/tecreations/UnicodeViewer.php?z=0&a=9&b=8&method=mb_chr HTTP/1.1" 404 4190 "https://tecreations.ca/ca/tecreations/UnicodeViewer.php?z=0&a=9&b=8&method=GET" "Mozilla/5.0 (Linux; Android 7.0;) AppleWebKit/537.36 (KHTML, like Gecko) Mobile Safari/537.36 (compatible; PetalBot;+https://webmaster.petalsearch.com/site/petalbot)"
66.249.66.45 - - [06/Jan/2026:12:54:29 -0700] "GET /ca/tecreations/UnicodeTest2.php?z=2&a=0&b=0&method=decimalBOLD HTTP/1.1" 404 4227 "-" "Mozilla/5.0 (Linux; Android 6.0.1; Nexus 5X Build/MMB29P) AppleWebKit/537.36 (KHTML, like Gecko) Chrome/143.0.7499.169 Mobile Safari/537.36 (compatible; GoogleOther)"
34.26.165.87 - - [06/Jan/2026:12:55:08 -0700] "HEAD /backup/ HTTP/1.1" 404 140 "-" "Mozilla/5.0 (Windows NT 11.0; Win64; x64) AppleWebKit/537.36 (KHTML, like Gecko) Edg/128.0.2790.25 Chrome/128.0.6540.22 Safari/537.36"
34.26.165.87 - - [06/Jan/2026:12:55:08 -0700] "HEAD / HTTP/1.1" 404 140 "-" "Mozilla/5.0 (Linux; Android 12; TECNO CK6n) AppleWebKit/537.36 (KHTML, like Gecko) Chrome/125.0.6422.50 Mobile Safari/537.36"
34.26.165.87 - - [06/Jan/2026:12:55:08 -0700] "HEAD /new/ HTTP/1.1" 404 140 "-" "Mozilla/5.0 (Windows NT 11.0; Win64; x64) AppleWebKit/537.36 (KHTML, like Gecko) Edg/128.0.2790.25 Chrome/128.0.6540.22 Safari/537.36"
34.26.165.87 - - [06/Jan/2026:12:55:08 -0700] "HEAD /wordpress/ HTTP/1.1" 404 140 "-" "Mozilla/5.0 (Windows NT 10.0; Win64; x64) AppleWebKit/537.36 (KHTML, like Gecko) Chrome/127.0.6534.42 Safari/537.36"
34.26.165.87 - - [06/Jan/2026:12:55:08 -0700] "HEAD /blog/ HTTP/1.1" 404 140 "-" "Mozilla/5.0 (X11; Linux x86_64) AppleWebKit/537.36 (KHTML, like Gecko) Chrome/125.0.6422.76 Safari/537.36"
34.26.165.87 - - [06/Jan/2026:12:55:08 -0700] "HEAD /wp/ HTTP/1.1" 404 140 "-" "Mozilla/5.0 (Macintosh; Intel Mac OS X 14_5) AppleWebKit/605.1.15 (KHTML, like Gecko) Version/17.5 Safari/605.1.15"
34.26.165.87 - - [06/Jan/2026:12:55:08 -0700] "HEAD /old/ HTTP/1.1" 404 140 "-" "Mozilla/5.0 (Windows NT 11.0; Win64; x64) AppleWebKit/537.36 (KHTML, like Gecko) Chrome/128.0.6540.18 Safari/537.36"
114.119.152.47 - - [06/Jan/2026:12:55:44 -0700] "GET /ca/tecreations/UnicodeViewer.php?z=0&a=9&b=8&method=decimal HTTP/1.1" 404 4190 "https://tecreations.ca/ca/tecreations/UnicodeViewer.php?z=0&a=9&b=8&method=GET" "Mozilla/5.0 (Linux; Android 7.0;) AppleWebKit/537.36 (KHTML, like Gecko) Mobile Safari/537.36 (compatible; PetalBot;+https://webmaster.petalsearch.com/site/petalbot)"
95.214.55.117 - - [06/Jan/2026:12:56:56 -0700] "PROPFIND / HTTP/1.1" 302 3931 "-" "-"
114.119.152.47 - - [06/Jan/2026:12:57:08 -0700] "GET /ca/tecreations/UnicodeViewer.php?z=0&a=9&b=6&method=decimalBOLD HTTP/1.1" 404 4190 "https://tecreations.ca/ca/tecreations/UnicodeViewer.php?z=0&a=9&b=4&method=decimalBOLD" "Mozilla/5.0 (Linux; Android 7.0;) AppleWebKit/537.36 (KHTML, like Gecko) Mobile Safari/537.36 (compatible; PetalBot;+https://webmaster.petalsearch.com/site/petalbot)"
66.249.66.202 - - [06/Jan/2026:12:57:36 -0700] "GET /ca/tecreations/UnicodeTest2.php?z=4&a=E&b=D&method=decimal HTTP/1.1" 404 4227 "-" "Mozilla/5.0 (Linux; Android 6.0.1; Nexus 5X Build/MMB29P) AppleWebKit/537.36 (KHTML, like Gecko) Chrome/143.0.7499.169 Mobile Safari/537.36 (compatible; Googlebot/2.1; +http://www.google.com/bot.html)"
66.249.66.1 - - [06/Jan/2026:12:57:36 -0700] "GET /robots.txt HTTP/1.1" 404 4263 "-" "Mozilla/5.0 (compatible; Googlebot/2.1; +http://www.google.com/bot.html)"
66.249.66.198 - - [06/Jan/2026:12:57:37 -0700] "GET /ca/tecreations/UnicodeViewer.php?z=C&a=6&b=9&method=decimal HTTP/1.1" 404 4263 "-" "Mozilla/5.0 (Linux; Android 6.0.1; Nexus 5X Build/MMB29P) AppleWebKit/537.36 (KHTML, like Gecko) Chrome/143.0.7499.169 Mobile Safari/537.36 (compatible; Googlebot/2.1; +http://www.google.com/bot.html)"
47.128.16.203 - - [06/Jan/2026:12:57:44 -0700] "GET /ca/tecreations/UnicodeTest2.php?a=C&b=E&method=mb_chr&z=1 HTTP/1.1" 404 4278 "-" "Mozilla/5.0 (compatible; Bytespider; spider-feedback@bytedance.com) AppleWebKit/537.36 (KHTML, like Gecko) Chrome/70.0.0.0 Safari/537.36"
114.119.152.47 - - [06/Jan/2026:12:58:32 -0700] "GET /ca/tecreations/UnicodeViewer.php?z=0&a=9&b=6&method=GET HTTP/1.1" 404 4190 "https://tecreations.ca/ca/tecreations/UnicodeViewer.php?z=0&a=9&b=8&method=GET" "Mozilla/5.0 (Linux; Android 7.0;) AppleWebKit/537.36 (KHTML, like Gecko) Mobile Safari/537.36 (compatible; PetalBot;+https://webmaster.petalsearch.com/site/petalbot)"
193.142.147.209 - - [06/Jan/2026:12:58:32 -0700] "POST / HTTP/1.1" 302 3894 "-" "Mozilla/5.0 (Windows NT 10.0; Win64; x64) AppleWebKit/537.36"
193.142.147.209 - - [06/Jan/2026:12:58:33 -0700] "GET /ca/tecreations/ HTTP/1.1" 200 7866 "https://134.122.41.0:443" "Mozilla/5.0 (Windows NT 10.0; Win64; x64) AppleWebKit/537.36"
47.128.32.154 - - [06/Jan/2026:12:58:41 -0700] "GET /ca/tecreations/UnicodeTest2.php?z=E&a=D&b=5&method=decimalBOLD HTTP/1.1" 404 4274 "-" "Mozilla/5.0 (compatible; Bytespider; spider-feedback@bytedance.com) AppleWebKit/537.36 (KHTML, like Gecko) Chrome/70.0.0.0 Safari/537.36"
47.128.38.132 - - [06/Jan/2026:12:58:41 -0700] "GET /ca/tecreations/UnicodeTest2.php?a=F&b=5&method=mb_chr&z=1 HTTP/1.1" 404 4274 "-" "Mozilla/5.0 (compatible; Bytespider; spider-feedback@bytedance.com) AppleWebKit/537.36 (KHTML, like Gecko) Chrome/70.0.0.0 Safari/537.36"
216.244.66.227 - - [06/Jan/2026:12:59:37 -0700] "GET /ca/tecreations/snapshots/2025/8/27/?C=S;O=D HTTP/1.1" 404 437 "-" "Mozilla/5.0 (compatible; DotBot/1.2; +https://opensiteexplorer.org/dotbot; help@moz.com)"
114.119.135.63 - - [06/Jan/2026:12:59:54 -0700] "GET /ca/tecreations/UnicodeViewer.php?z=0&a=9&b=5&method=GET HTTP/1.1" 404 4190 "https://tecreations.ca/ca/tecreations/UnicodeViewer.php?z=0&a=9&b=8&method=GET" "Mozilla/5.0 (Linux; Android 7.0;) AppleWebKit/537.36 (KHTML, like Gecko) Mobile Safari/537.36 (compatible; PetalBot;+https://webmaster.petalsearch.com/site/petalbot)"
95.214.55.117 - - [06/Jan/2026:13:00:37 -0700] "PROPFIND / HTTP/1.1" 302 3931 "-" "-"
114.119.154.166 - - [06/Jan/2026:13:01:17 -0700] "GET /ca/tecreations/UnicodeViewer.php?z=0&a=9&b=4&method=mb_chr HTTP/1.1" 404 4190 "https://tecreations.ca/ca/tecreations/UnicodeViewer.php?z=0&a=9&b=4&method=decimalBOLD" "Mozilla/5.0 (Linux; Android 7.0;) AppleWebKit/537.36 (KHTML, like Gecko) Mobile Safari/537.36 (compatible; PetalBot;+https://webmaster.petalsearch.com/site/petalbot)"
62.84.185.67 - - [06/Jan/2026:13:02:21 -0700] "GET /robots.txt HTTP/1.1" 404 3722 "-" "Mozilla/5.0 (compatible; MJ12bot/v1.4.8; http://mj12bot.com/)"
62.84.185.67 - - [06/Jan/2026:13:02:22 -0700] "GET /ca/tecreations/ViewFile.php?path=/ca/tecreations/List.php HTTP/1.1" 200 5954 "-" "Mozilla/5.0 (compatible; MJ12bot/v1.4.8; http://mj12bot.com/)"
62.84.185.67 - - [06/Jan/2026:13:02:24 -0700] "GET /ca/tecreations/ViewFile.php?path=/ca/tecreations/ViewFile.php HTTP/1.1" 200 6224 "-" "Mozilla/5.0 (compatible; MJ12bot/v1.4.8; http://mj12bot.com/)"
62.84.185.67 - - [06/Jan/2026:13:02:25 -0700] "GET /robots.txt HTTP/1.1" 404 456 "-" "Mozilla/5.0 (compatible; MJ12bot/v1.4.8; http://mj12bot.com/)"
62.84.185.67 - - [06/Jan/2026:13:02:26 -0700] "GET /ca/tecreations/snapshots/2025/10/23/Evening%20-%2023.59.59/%00http HTTP/1.1" 404 456 "-" "Mozilla/5.0 (compatible; MJ12bot/v1.4.8; http://mj12bot.com/)"
62.84.185.67 - - [06/Jan/2026:13:02:28 -0700] "GET /ca/tecreations/snapshots/2025/11/6/3.03.09%20-%20User%20Initiated/%00http HTTP/1.1" 404 456 "-" "Mozilla/5.0 (compatible; MJ12bot/v1.4.8; http://mj12bot.com/)"
62.84.185.67 - - [06/Jan/2026:13:02:30 -0700] "GET /ca/tecreations/snapshots/2025/11/6/Evening%20-%2023.59.59/%00http HTTP/1.1" 404 456 "-" "Mozilla/5.0 (compatible; MJ12bot/v1.4.8; http://mj12bot.com/)"
62.84.185.67 - - [06/Jan/2026:13:02:31 -0700] "GET /ca/tecreations/snapshots/2025/11/6/Morning%20-%2011.59.59/%00http HTTP/1.1" 404 456 "-" "Mozilla/5.0 (compatible; MJ12bot/v1.4.8; http://mj12bot.com/)"
114.119.154.166 - - [06/Jan/2026:13:02:41 -0700] "GET /ca/tecreations/UnicodeViewer.php?z=0&a=9&b=4&method=entity HTTP/1.1" 404 4190 "https://tecreations.ca/ca/tecreations/UnicodeViewer.php?z=0&a=9&b=4&method=decimalBOLD" "Mozilla/5.0 (Linux; Android 7.0;) AppleWebKit/537.36 (KHTML, like Gecko) Mobile Safari/537.36 (compatible; PetalBot;+https://webmaster.petalsearch.com/site/petalbot)"
40.77.167.35 - - [06/Jan/2026:13:03:25 -0700] "GET /ca/tecreations/documentation/security/crypto.php HTTP/1.1" 404 437 "-" "Mozilla/5.0 AppleWebKit/537.36 (KHTML, like Gecko; compatible; bingbot/2.0; +http://www.bing.com/bingbot.htm) Chrome/116.0.1938.76 Safari/537.36"
114.119.142.39 - - [06/Jan/2026:13:04:04 -0700] "GET /ca/tecreations/UnicodeViewer.php?z=0&a=9&b=4&method=decimalBOLD HTTP/1.1" 404 4190 "https://tecreations.ca/ca/tecreations/UnicodeViewer.php?z=0&a=9&b=4&method=decimalBOLD" "Mozilla/5.0 (Linux; Android 7.0;) AppleWebKit/537.36 (KHTML, like Gecko) Mobile Safari/537.36 (compatible; PetalBot;+https://webmaster.petalsearch.com/site/petalbot)"
95.214.55.117 - - [06/Jan/2026:13:04:07 -0700] "PROPFIND / HTTP/1.1" 302 3931 "-" "-"
62.84.185.67 - - [06/Jan/2026:13:04:26 -0700] "GET /ca/tecreations/snapshots/2025/11/7/Morning%20-%2011.59.59/%00http HTTP/1.1" 404 456 "-" "Mozilla/5.0 (compatible; MJ12bot/v1.4.8; http://mj12bot.com/)"
62.84.185.67 - - [06/Jan/2026:13:04:28 -0700] "GET /ca/tecreations/snapshots/2025/11/8/00.52.45%20-%20User%20Initiated/%00http HTTP/1.1" 404 456 "-" "Mozilla/5.0 (compatible; MJ12bot/v1.4.8; http://mj12bot.com/)"
62.84.185.67 - - [06/Jan/2026:13:04:30 -0700] "GET /ca/tecreations/snapshots/2025/11/8/Evening%20-%2023.59.59/%00http HTTP/1.1" 404 456 "-" "Mozilla/5.0 (compatible; MJ12bot/v1.4.8; http://mj12bot.com/)"
62.84.185.67 - - [06/Jan/2026:13:04:31 -0700] "GET /ca/tecreations/snapshots/2025/7/22/Evening%20-%2023.59.57/%00http HTTP/1.1" 404 456 "-" "Mozilla/5.0 (compatible; MJ12bot/v1.4.8; http://mj12bot.com/)"
62.84.185.67 - - [06/Jan/2026:13:04:33 -0700] "GET /ca/tecreations/snapshots/2025/7/22/Morning%20-%2011.59.58/%00http HTTP/1.1" 404 456 "-" "Mozilla/5.0 (compatible; MJ12bot/v1.4.8; http://mj12bot.com/)"
62.84.185.67 - - [06/Jan/2026:13:04:35 -0700] "GET /ca/tecreations/snapshots/2025/7/23/16.11.27%20-%20User%20Initiated/%00http HTTP/1.1" 404 456 "-" "Mozilla/5.0 (compatible; MJ12bot/v1.4.8; http://mj12bot.com/)"
62.84.185.67 - - [06/Jan/2026:13:04:36 -0700] "GET /ca/tecreations/snapshots/2025/7/23/19.19.48%20-%20User%20Initiated/%00http HTTP/1.1" 404 456 "-" "Mozilla/5.0 (compatible; MJ12bot/v1.4.8; http://mj12bot.com/)"
62.84.185.67 - - [06/Jan/2026:13:04:38 -0700] "GET /ca/tecreations/snapshots/2025/7/23/Evening%20-%2023.59.58/%00http HTTP/1.1" 404 456 "-" "Mozilla/5.0 (compatible; MJ12bot/v1.4.8; http://mj12bot.com/)"
62.84.185.67 - - [06/Jan/2026:13:04:40 -0700] "GET /ca/tecreations/snapshots/2025/7/23/Morning%20-%2011.59.59/%00http HTTP/1.1" 404 456 "-" "Mozilla/5.0 (compatible; MJ12bot/v1.4.8; http://mj12bot.com/)"
62.84.185.67 - - [06/Jan/2026:13:04:41 -0700] "GET /ca/tecreations/snapshots/2025/7/24/12.40.42%20-%20User%20Initiated/%00http HTTP/1.1" 404 456 "-" "Mozilla/5.0 (compatible; MJ12bot/v1.4.8; http://mj12bot.com/)"
62.84.185.67 - - [06/Jan/2026:13:04:43 -0700] "GET /ca/tecreations/snapshots/2025/7/24/Evening%20-%2023.59.58/%00http HTTP/1.1" 404 456 "-" "Mozilla/5.0 (compatible; MJ12bot/v1.4.8; http://mj12bot.com/)"
62.84.185.67 - - [06/Jan/2026:13:04:45 -0700] "GET /ca/tecreations/snapshots/2025/7/24/Morning%20-%2011.59.59/%00http HTTP/1.1" 404 456 "-" "Mozilla/5.0 (compatible; MJ12bot/v1.4.8; http://mj12bot.com/)"
62.84.185.67 - - [06/Jan/2026:13:04:46 -0700] "GET /ca/tecreations/snapshots/2025/7/25/19.25.08%20-%20User%20Initiated/%00http HTTP/1.1" 404 456 "-" "Mozilla/5.0 (compatible; MJ12bot/v1.4.8; http://mj12bot.com/)"
62.84.185.67 - - [06/Jan/2026:13:04:48 -0700] "GET /ca/tecreations/snapshots/2025/7/25/2.02.04%20-%20User%20Initiated/%00http HTTP/1.1" 404 456 "-" "Mozilla/5.0 (compatible; MJ12bot/v1.4.8; http://mj12bot.com/)"
62.84.185.67 - - [06/Jan/2026:13:04:49 -0700] "GET /ca/tecreations/snapshots/2025/7/25/Morning%20-%2011.59.59/%00http HTTP/1.1" 404 456 "-" "Mozilla/5.0 (compatible; MJ12bot/v1.4.8; http://mj12bot.com/)"
62.84.185.67 - - [06/Jan/2026:13:04:51 -0700] "GET /ca/tecreations/snapshots/2025/7/26/Evening%20-%2023.59.58/%00http HTTP/1.1" 404 456 "-" "Mozilla/5.0 (compatible; MJ12bot/v1.4.8; http://mj12bot.com/)"
62.84.185.67 - - [06/Jan/2026:13:04:53 -0700] "GET /ca/tecreations/snapshots/2025/7/26/Morning%20-%2011.59.59/%00http HTTP/1.1" 404 456 "-" "Mozilla/5.0 (compatible; MJ12bot/v1.4.8; http://mj12bot.com/)"
62.84.185.67 - - [06/Jan/2026:13:04:54 -0700] "GET /ca/tecreations/snapshots/2025/7/27/4.00.04%20-%20User%20Initiated/%00http HTTP/1.1" 404 456 "-" "Mozilla/5.0 (compatible; MJ12bot/v1.4.8; http://mj12bot.com/)"
62.84.185.67 - - [06/Jan/2026:13:04:56 -0700] "GET /ca/tecreations/snapshots/2025/7/27/Evening%20-%2015.09.38/%00http HTTP/1.1" 404 456 "-" "Mozilla/5.0 (compatible; MJ12bot/v1.4.8; http://mj12bot.com/)"
62.84.185.67 - - [06/Jan/2026:13:04:58 -0700] "GET /ca/tecreations/snapshots/2025/7/27/Evening%20-%2015.09.46/%00http HTTP/1.1" 404 456 "-" "Mozilla/5.0 (compatible; MJ12bot/v1.4.8; http://mj12bot.com/)"
62.84.185.67 - - [06/Jan/2026:13:04:59 -0700] "GET /ca/tecreations/snapshots/2025/7/27/Morning%20-%2011.59.59/%00http HTTP/1.1" 404 456 "-" "Mozilla/5.0 (compatible; MJ12bot/v1.4.8; http://mj12bot.com/)"
62.84.185.67 - - [06/Jan/2026:13:05:01 -0700] "GET /ca/tecreations/snapshots/2025/7/28/10.27.41%20-%20User%20Initiated/%00http HTTP/1.1" 404 456 "-" "Mozilla/5.0 (compatible; MJ12bot/v1.4.8; http://mj12bot.com/)"
62.84.185.67 - - [06/Jan/2026:13:05:03 -0700] "GET /ca/tecreations/snapshots/2025/7/28/17.06.53%20-%20User%20Initiated/%00http HTTP/1.1" 404 456 "-" "Mozilla/5.0 (compatible; MJ12bot/v1.4.8; http://mj12bot.com/)"
62.84.185.67 - - [06/Jan/2026:13:05:04 -0700] "GET /ca/tecreations/snapshots/2025/7/28/20.48.04%20-%20User%20Initiated/%00http HTTP/1.1" 404 456 "-" "Mozilla/5.0 (compatible; MJ12bot/v1.4.8; http://mj12bot.com/)"
62.84.185.67 - - [06/Jan/2026:13:05:06 -0700] "GET /ca/tecreations/snapshots/2025/7/28/Evening%20-%2023.59.57/%00http HTTP/1.1" 404 456 "-" "Mozilla/5.0 (compatible; MJ12bot/v1.4.8; http://mj12bot.com/)"
62.84.185.67 - - [06/Jan/2026:13:05:07 -0700] "GET /robots.txt HTTP/1.1" 404 3726 "-" "Mozilla/5.0 (compatible; MJ12bot/v1.4.8; http://mj12bot.com/)"
62.84.185.67 - - [06/Jan/2026:13:05:09 -0700] "GET /ca/tecreations/progress/2025/vps/BCTLSNetwork/BCTLSNetwork_bo.2025.12.21.1832.jar HTTP/1.1" 200 167585 "-" "Mozilla/5.0 (compatible; MJ12bot/v1.4.8; http://mj12bot.com/)"
62.84.185.67 - - [06/Jan/2026:13:05:11 -0700] "GET /ca/tecreations/progress/2025/vps/BCTLSNetwork/BCTLSNetwork_bo.2025.12.23.1736.jar HTTP/1.1" 200 207644 "-" "Mozilla/5.0 (compatible; MJ12bot/v1.4.8; http://mj12bot.com/)"
62.84.185.67 - - [06/Jan/2026:13:05:13 -0700] "GET /ca/tecreations/progress/2025/vps/login/?C=D;O=A HTTP/1.1" 200 4405 "-" "Mozilla/5.0 (compatible; MJ12bot/v1.4.8; http://mj12bot.com/)"
62.84.185.67 - - [06/Jan/2026:13:05:14 -0700] "GET /ca/tecreations/progress/2025/vps/login/?C=M;O=A HTTP/1.1" 200 4400 "-" "Mozilla/5.0 (compatible; MJ12bot/v1.4.8; http://mj12bot.com/)"
62.84.185.67 - - [06/Jan/2026:13:05:16 -0700] "GET /ca/tecreations/progress/2025/vps/login/?C=N;O=D HTTP/1.1" 200 4393 "-" "Mozilla/5.0 (compatible; MJ12bot/v1.4.8; http://mj12bot.com/)"
62.84.185.67 - - [06/Jan/2026:13:05:18 -0700] "GET /ca/tecreations/progress/2025/vps/login/?C=S;O=A HTTP/1.1" 200 4389 "-" "Mozilla/5.0 (compatible; MJ12bot/v1.4.8; http://mj12bot.com/)"
114.119.142.39 - - [06/Jan/2026:13:05:28 -0700] "GET /ca/tecreations/UnicodeViewer.php?z=0&a=9&b=4&method=decimal HTTP/1.1" 404 4190 "https://tecreations.ca/ca/tecreations/UnicodeViewer.php?z=0&a=9&b=4&method=decimalBOLD" "Mozilla/5.0 (Linux; Android 7.0;) AppleWebKit/537.36 (KHTML, like Gecko) Mobile Safari/537.36 (compatible; PetalBot;+https://webmaster.petalsearch.com/site/petalbot)"
114.119.142.39 - - [06/Jan/2026:13:06:52 -0700] "GET /ca/tecreations/UnicodeViewer.php?z=0&a=9&b=2&method=mb_chr HTTP/1.1" 404 4190 "https://tecreations.ca/ca/tecreations/UnicodeViewer.php?z=0&a=9&b=2&method=GET" "Mozilla/5.0 (Linux; Android 7.0;) AppleWebKit/537.36 (KHTML, like Gecko) Mobile Safari/537.36 (compatible; PetalBot;+https://webmaster.petalsearch.com/site/petalbot)"
40.77.167.17 - - [06/Jan/2026:13:07:26 -0700] "GET /sitemaps.xml HTTP/1.1" 404 4299 "-" "Mozilla/5.0 AppleWebKit/537.36 (KHTML, like Gecko; compatible; bingbot/2.0; +http://www.bing.com/bingbot.htm) Chrome/116.0.1938.76 Safari/537.36"
204.76.203.219 - - [06/Jan/2026:13:07:47 -0700] "GET / HTTP/1.1" 404 491 "-" "Mozilla/5.0 (Windows NT 10.0; Win64; x64) AppleWebKit/537.36 (KHTML, like Gecko) Chrome/90.0.4430.85 Safari/537.36 Edg/90.0.818.46"
95.214.55.117 - - [06/Jan/2026:13:07:49 -0700] "PROPFIND / HTTP/1.1" 302 3931 "-" "-"
114.119.135.63 - - [06/Jan/2026:13:08:15 -0700] "GET /ca/tecreations/UnicodeViewer.php?z=0&a=9&b=2&method=decimalBOLD HTTP/1.1" 404 4190 "https://tecreations.ca/ca/tecreations/UnicodeViewer.php?z=0&a=9&b=4&method=decimalBOLD" "Mozilla/5.0 (Linux; Android 7.0;) AppleWebKit/537.36 (KHTML, like Gecko) Mobile Safari/537.36 (compatible; PetalBot;+https://webmaster.petalsearch.com/site/petalbot)"
114.119.135.63 - - [06/Jan/2026:13:09:39 -0700] "GET /ca/tecreations/UnicodeViewer.php?z=0&a=9&b=1&method=decimalBOLD HTTP/1.1" 404 4190 "https://tecreations.ca/ca/tecreations/UnicodeViewer.php?z=0&a=9&b=4&method=decimalBOLD" "Mozilla/5.0 (Linux; Android 7.0;) AppleWebKit/537.36 (KHTML, like Gecko) Mobile Safari/537.36 (compatible; PetalBot;+https://webmaster.petalsearch.com/site/petalbot)"
47.128.42.91 - - [06/Jan/2026:13:09:43 -0700] "GET /ca/tecreations/UnicodeViewer.php?a=9&b=9&method=decimalBOLD&z=9 HTTP/1.1" 404 4278 "-" "Mozilla/5.0 (Linux; Android 5.0) AppleWebKit/537.36 (KHTML, like Gecko) Mobile Safari/537.36 (compatible; Bytespider; spider-feedback@bytedance.com)"
47.128.114.12 - - [06/Jan/2026:13:09:43 -0700] "GET /ca/tecreations/snapshots/2025/4/ HTTP/1.1" 404 4274 "-" "Mozilla/5.0 (compatible; Bytespider; spider-feedback@bytedance.com) AppleWebKit/537.36 (KHTML, like Gecko) Chrome/70.0.0.0 Safari/537.36"
47.128.114.12 - - [06/Jan/2026:13:10:03 -0700] "-" 408 3758 "-" "-"
193.142.147.209 - - [06/Jan/2026:13:10:07 -0700] "POST / HTTP/1.1" 404 454 "-" "Mozilla/5.0 (Windows NT 10.0; Win64; x64) AppleWebKit/537.36"
95.214.55.117 - - [06/Jan/2026:13:11:31 -0700] "PROPFIND / HTTP/1.1" 302 3931 "-" "-"
198.235.24.232 - - [06/Jan/2026:13:12:41 -0700] "GET / HTTP/1.0" 404 456 "-" "Hello from Palo Alto Networks, find out more about our scans in https://docs-cortex.paloaltonetworks.com/r/1/Cortex-Xpanse/Scanning-activity"
43.173.169.21 - - [06/Jan/2026:13:13:40 -0700] "GET /ca/tecreations/documentation/List.php HTTP/1.1" 200 6134 "-" "Mozilla/5.0 (Windows NT 10.0; Win64; x64) AppleWebKit/537.36 (KHTML, like Gecko) Chrome/116.0.0.0 Safari/537.36"
43.173.172.211 - - [06/Jan/2026:13:13:40 -0700] "GET /ca/tecreations/style.css HTTP/1.1" 200 4585 "https://tecreations.ca/ca/tecreations/documentation/List.php" "Mozilla/5.0 (Windows NT 10.0; Win64; x64) AppleWebKit/537.36 (KHTML, like Gecko) Chrome/116.0.0.0 Safari/537.36"
66.249.66.168 - - [06/Jan/2026:13:13:47 -0700] "GET /ca/tecreations/UnicodeTest2.php?z=F&a=0&b=0&method=mb_chr HTTP/1.1" 404 4227 "-" "Mozilla/5.0 (Linux; Android 6.0.1; Nexus 5X Build/MMB29P) AppleWebKit/537.36 (KHTML, like Gecko) Chrome/143.0.7499.169 Mobile Safari/537.36 (compatible; GoogleOther)"
114.119.158.46 - - [06/Jan/2026:13:14:37 -0700] "GET /ca/tecreations/UnicodeViewer.php?z=0&a=8&b=F&method=GET HTTP/1.1" 404 4190 "https://tecreations.ca/ca/tecreations/UnicodeViewer.php?z=9&a=8&b=F&method=GET" "Mozilla/5.0 (Linux; Android 7.0;) AppleWebKit/537.36 (KHTML, like Gecko) Mobile Safari/537.36 (compatible; PetalBot;+https://webmaster.petalsearch.com/site/petalbot)"
114.119.154.166 - - [06/Jan/2026:13:15:03 -0700] "GET /ca/tecreations/UnicodeViewer.php?z=0&a=8&b=C&method=decimal HTTP/1.1" 404 4190 "https://tecreations.ca/ca/tecreations/UnicodeViewer.php?z=0&a=8&b=C&method=GET" "Mozilla/5.0 (Linux; Android 7.0;) AppleWebKit/537.36 (KHTML, like Gecko) Mobile Safari/537.36 (compatible; PetalBot;+https://webmaster.petalsearch.com/site/petalbot)"
95.214.55.117 - - [06/Jan/2026:13:15:09 -0700] "PROPFIND / HTTP/1.1" 302 3931 "-" "-"
114.119.135.63 - - [06/Jan/2026:13:15:54 -0700] "GET /ca/tecreations/UnicodeViewer.php?z=0&a=8&b=C&method=GET HTTP/1.1" 404 4190 "https://tecreations.ca/ca/tecreations/UnicodeViewer.php?z=B&a=8&b=C&method=GET" "Mozilla/5.0 (Linux; Android 7.0;) AppleWebKit/537.36 (KHTML, like Gecko) Mobile Safari/537.36 (compatible; PetalBot;+https://webmaster.petalsearch.com/site/petalbot)"
114.119.152.47 - - [06/Jan/2026:13:16:38 -0700] "GET /ca/tecreations/UnicodeViewer.php?z=0&a=8&b=A&method=GET HTTP/1.1" 404 4190 "https://tecreations.ca/ca/tecreations/UnicodeViewer.php?z=3&a=8&b=A&method=GET" "Mozilla/5.0 (Linux; Android 7.0;) AppleWebKit/537.36 (KHTML, like Gecko) Mobile Safari/537.36 (compatible; PetalBot;+https://webmaster.petalsearch.com/site/petalbot)"
47.128.121.204 - - [06/Jan/2026:13:17:07 -0700] "GET /ca/tecreations/UnicodeTest2.php?a=E&b=8&method=decimal&z=6 HTTP/1.1" 404 4274 "-" "Mozilla/5.0 (compatible; Bytespider; spider-feedback@bytedance.com) AppleWebKit/537.36 (KHTML, like Gecko) Chrome/70.0.0.0 Safari/537.36"
47.128.112.206 - - [06/Jan/2026:13:17:07 -0700] "GET /ca/tecreations/UnicodeTest2.php?a=E&b=4&method=entity&z=B HTTP/1.1" 404 4274 "-" "Mozilla/5.0 (compatible; Bytespider; spider-feedback@bytedance.com) AppleWebKit/537.36 (KHTML, like Gecko) Chrome/70.0.0.0 Safari/537.36"
114.119.144.15 - - [06/Jan/2026:13:17:31 -0700] "GET /ca/tecreations/UnicodeViewer.php?z=0&a=8&b=9&method=decimal HTTP/1.1" 404 4190 "https://tecreations.ca/ca/tecreations/UnicodeViewer.php?z=0&a=8&b=9&method=GET" "Mozilla/5.0 (Linux; Android 7.0;) AppleWebKit/537.36 (KHTML, like Gecko) Mobile Safari/537.36 (compatible; PetalBot;+https://webmaster.petalsearch.com/site/petalbot)"
95.214.55.117 - - [06/Jan/2026:13:18:50 -0700] "PROPFIND / HTTP/1.1" 302 3931 "-" "-"
114.119.135.63 - - [06/Jan/2026:13:18:52 -0700] "GET /ca/tecreations/UnicodeViewer.php?z=0&a=8&b=8&method=mb_chr HTTP/1.1" 404 4190 "https://tecreations.ca/ca/tecreations/UnicodeViewer.php?z=0&a=8&b=8&method=GET" "Mozilla/5.0 (Linux; Android 7.0;) AppleWebKit/537.36 (KHTML, like Gecko) Mobile Safari/537.36 (compatible; PetalBot;+https://webmaster.petalsearch.com/site/petalbot)"
216.73.216.220 - - [06/Jan/2026:13:20:14 -0700] "GET /robots.txt HTTP/1.1" 404 4218 "-" "Mozilla/5.0 AppleWebKit/537.36 (KHTML, like Gecko; compatible; ClaudeBot/1.0; +claudebot@anthropic.com)"
216.73.216.220 - - [06/Jan/2026:13:20:14 -0700] "GET /ca/tecreations/scriptures/NIV/en/Psalms/Psalm_60.php HTTP/1.1" 302 1948 "-" "Mozilla/5.0 AppleWebKit/537.36 (KHTML, like Gecko; compatible; ClaudeBot/1.0; +claudebot@anthropic.com)"
114.119.154.166 - - [06/Jan/2026:13:20:14 -0700] "GET /ca/tecreations/UnicodeViewer.php?z=0&a=8&b=8&method=decimalBOLD HTTP/1.1" 404 4190 "https://tecreations.ca/ca/tecreations/UnicodeViewer.php?z=0&a=8&b=8&method=GET" "Mozilla/5.0 (Linux; Android 7.0;) AppleWebKit/537.36 (KHTML, like Gecko) Mobile Safari/537.36 (compatible; PetalBot;+https://webmaster.petalsearch.com/site/petalbot)"
216.73.216.220 - - [06/Jan/2026:13:21:14 -0700] "GET /ca/tecreations/scriptures/NIV/fr-ca/Psaumes/Psaume_60.php HTTP/1.1" 302 5706 "-" "Mozilla/5.0 AppleWebKit/537.36 (KHTML, like Gecko; compatible; ClaudeBot/1.0; +claudebot@anthropic.com)"
114.119.135.63 - - [06/Jan/2026:13:21:38 -0700] "GET /ca/tecreations/UnicodeViewer.php?z=0&a=8&b=8&method=GET HTTP/1.1" 404 4190 "https://tecreations.ca/ca/tecreations/UnicodeViewer.php?z=0&a=9&b=8&method=GET" "Mozilla/5.0 (Linux; Android 7.0;) AppleWebKit/537.36 (KHTML, like Gecko) Mobile Safari/537.36 (compatible; PetalBot;+https://webmaster.petalsearch.com/site/petalbot)"
197.43.72.77 - - [06/Jan/2026:13:21:52 -0700] "GET /ca/tecreations/List.php HTTP/1.1" 200 9296 "-" "Mozilla/5.0 ArchLinux (X11; U; Linux x86_64; en-US) AppleWebKit/534.30 (KHTML, like Gecko) Chrome/12.0.742.100"
216.73.216.220 - - [06/Jan/2026:13:22:01 -0700] "GET /ca/tecreations/scriptures/NIV/fr-ca/Psaumes/Psaume_57.php HTTP/1.1" 302 5048 "-" "Mozilla/5.0 AppleWebKit/537.36 (KHTML, like Gecko; compatible; ClaudeBot/1.0; +claudebot@anthropic.com)"
95.214.55.117 - - [06/Jan/2026:13:22:15 -0700] "PROPFIND / HTTP/1.1" 302 3931 "-" "-"
216.73.216.220 - - [06/Jan/2026:13:22:43 -0700] "GET /ca/tecreations/scriptures/NIV/en/Psalms/Psalm_57.php HTTP/1.1" 200 4844 "-" "Mozilla/5.0 AppleWebKit/537.36 (KHTML, like Gecko; compatible; ClaudeBot/1.0; +claudebot@anthropic.com)"
114.119.148.64 - - [06/Jan/2026:13:23:01 -0700] "GET /ca/tecreations/UnicodeViewer.php?z=0&a=8&b=7&method=GET HTTP/1.1" 404 4190 "https://tecreations.ca/ca/tecreations/UnicodeViewer.php?z=0&a=8&b=9&method=GET" "Mozilla/5.0 (Linux; Android 7.0;) AppleWebKit/537.36 (KHTML, like Gecko) Mobile Safari/537.36 (compatible; PetalBot;+https://webmaster.petalsearch.com/site/petalbot)"
114.119.135.63 - - [06/Jan/2026:13:24:25 -0700] "GET /ca/tecreations/UnicodeViewer.php?z=0&a=8&b=6&method=entity HTTP/1.1" 404 4190 "https://tecreations.ca/ca/tecreations/UnicodeViewer.php?z=0&a=8&b=6&method=GET" "Mozilla/5.0 (Linux; Android 7.0;) AppleWebKit/537.36 (KHTML, like Gecko) Mobile Safari/537.36 (compatible; PetalBot;+https://webmaster.petalsearch.com/site/petalbot)"
47.128.56.215 - - [06/Jan/2026:13:24:29 -0700] "GET /ca/tecreations/scriptures/NIV/fr-ca/Psaumes/Psaume_57.php HTTP/1.1" 302 5104 "-" "Mozilla/5.0 (Linux; Android 5.0) AppleWebKit/537.36 (KHTML, like Gecko) Mobile Safari/537.36 (compatible; Bytespider; spider-feedback@bytedance.com)"
114.119.154.166 - - [06/Jan/2026:13:25:48 -0700] "GET /ca/tecreations/UnicodeViewer.php?z=0&a=8&b=6&method=GET HTTP/1.1" 404 4190 "https://tecreations.ca/ca/tecreations/UnicodeViewer.php?z=B&a=8&b=6&method=GET" "Mozilla/5.0 (Linux; Android 7.0;) AppleWebKit/537.36 (KHTML, like Gecko) Mobile Safari/537.36 (compatible; PetalBot;+https://webmaster.petalsearch.com/site/petalbot)"
95.214.55.117 - - [06/Jan/2026:13:25:57 -0700] "PROPFIND / HTTP/1.1" 302 3931 "-" "-"
141.98.11.140 - - [06/Jan/2026:13:26:55 -0700] "GET / HTTP/1.1" 404 435 "-" "-"
38.242.226.127 - - [06/Jan/2026:13:26:58 -0700] "GET /robots.txt HTTP/1.1" 404 3759 "-" "Mozilla/5.0 (compatible; MJ12bot/v1.4.8; http://mj12bot.com/)"
38.242.226.127 - - [06/Jan/2026:13:27:02 -0700] "GET /ca/tecreations/snapshots/2025/10/31/Evening%20-%2023.59.59/ HTTP/1.1" 200 4264 "-" "Mozilla/5.0 (compatible; MJ12bot/v1.4.8; http://mj12bot.com/)"
38.242.226.127 - - [06/Jan/2026:13:27:05 -0700] "GET /ca/tecreations/snapshots/2025/11/1/1.53.55%20-%20User%20Initiated/ HTTP/1.1" 200 4264 "-" "Mozilla/5.0 (compatible; MJ12bot/v1.4.8; http://mj12bot.com/)"
114.119.137.116 - - [06/Jan/2026:13:27:12 -0700] "GET /ca/tecreations/UnicodeViewer.php?z=0&a=8&b=5&method=decimal HTTP/1.1" 404 4190 "https://tecreations.ca/ca/tecreations/UnicodeViewer.php?z=0&a=8&b=5&method=GET" "Mozilla/5.0 (Linux; Android 7.0;) AppleWebKit/537.36 (KHTML, like Gecko) Mobile Safari/537.36 (compatible; PetalBot;+https://webmaster.petalsearch.com/site/petalbot)"
38.242.226.127 - - [06/Jan/2026:13:27:15 -0700] "GET /ca/tecreations/snapshots/2025/11/1/Morning%20-%2010.59.59/ HTTP/1.1" 200 7508 "-" "Mozilla/5.0 (compatible; MJ12bot/v1.4.8; http://mj12bot.com/)"
38.242.226.127 - - [06/Jan/2026:13:27:20 -0700] "GET /ca/tecreations/snapshots/2025/11/2/1.41.05%20-%20User%20Initiated/ HTTP/1.1" 200 4264 "-" "Mozilla/5.0 (compatible; MJ12bot/v1.4.8; http://mj12bot.com/)"
38.242.226.127 - - [06/Jan/2026:13:27:24 -0700] "GET /ca/tecreations/snapshots/2025/11/2/17.10.14%20-%20User%20Initiated/ HTTP/1.1" 200 4264 "-" "Mozilla/5.0 (compatible; MJ12bot/v1.4.8; http://mj12bot.com/)"
38.242.226.127 - - [06/Jan/2026:13:27:33 -0700] "GET /ca/tecreations/snapshots/2025/11/2/Evening%20-%2023.59.59/ HTTP/1.1" 200 7508 "-" "Mozilla/5.0 (compatible; MJ12bot/v1.4.8; http://mj12bot.com/)"
38.242.226.127 - - [06/Jan/2026:13:27:40 -0700] "GET /ca/tecreations/snapshots/2025/11/2/Morning%20-%2011.59.59/ HTTP/1.1" 200 7508 "-" "Mozilla/5.0 (compatible; MJ12bot/v1.4.8; http://mj12bot.com/)"
38.242.226.127 - - [06/Jan/2026:13:27:44 -0700] "GET /ca/tecreations/snapshots/2025/11/3/8.21.44%20-%20User%20Initiated/ HTTP/1.1" 200 4264 "-" "Mozilla/5.0 (compatible; MJ12bot/v1.4.8; http://mj12bot.com/)"
38.242.226.127 - - [06/Jan/2026:13:27:47 -0700] "GET /robots.txt HTTP/1.1" 404 493 "-" "Mozilla/5.0 (compatible; MJ12bot/v1.4.8; http://mj12bot.com/)"
38.242.226.127 - - [06/Jan/2026:13:27:51 -0700] "GET /ca/tecreations/snapshots/2025/11/5/16.26.23%20-%20User%20Initiated/%00http HTTP/1.1" 404 437 "-" "Mozilla/5.0 (compatible; MJ12bot/v1.4.8; http://mj12bot.com/)"
38.242.226.127 - - [06/Jan/2026:13:27:54 -0700] "GET /ca/tecreations/snapshots/2025/11/5/2.46.06%20-%20User%20Initiated/%00http HTTP/1.1" 404 437 "-" "Mozilla/5.0 (compatible; MJ12bot/v1.4.8; http://mj12bot.com/)"
47.128.53.241 - - [06/Jan/2026:13:28:07 -0700] "GET /ca/tecreations/UnicodeViewer.php?a=9&b=B&method=mb_chr&z=0 HTTP/1.1" 404 4278 "-" "Mozilla/5.0 (Linux; Android 5.0) AppleWebKit/537.36 (KHTML, like Gecko) Mobile Safari/537.36 (compatible; Bytespider; spider-feedback@bytedance.com)"
114.119.148.64 - - [06/Jan/2026:13:28:36 -0700] "GET /ca/tecreations/UnicodeViewer.php?z=0&a=8&b=4&method=mb_chr HTTP/1.1" 404 4190 "https://tecreations.ca/ca/tecreations/UnicodeViewer.php?z=0&a=8&b=4&method=GET" "Mozilla/5.0 (Linux; Android 7.0;) AppleWebKit/537.36 (KHTML, like Gecko) Mobile Safari/537.36 (compatible; PetalBot;+https://webmaster.petalsearch.com/site/petalbot)"
95.214.55.117 - - [06/Jan/2026:13:29:35 -0700] "PROPFIND / HTTP/1.1" 302 3931 "-" "-"
114.119.158.46 - - [06/Jan/2026:13:29:59 -0700] "GET /ca/tecreations/UnicodeViewer.php?z=0&a=8&b=4&method=entity HTTP/1.1" 404 4190 "https://tecreations.ca/ca/tecreations/UnicodeViewer.php?z=0&a=8&b=4&method=GET" "Mozilla/5.0 (Linux; Android 7.0;) AppleWebKit/537.36 (KHTML, like Gecko) Mobile Safari/537.36 (compatible; PetalBot;+https://webmaster.petalsearch.com/site/petalbot)"
114.119.144.15 - - [06/Jan/2026:13:31:23 -0700] "GET /ca/tecreations/UnicodeViewer.php?z=0&a=8&b=4&method=entity HTTP/1.1" 404 4190 "https://tecreations.ca/ca/tecreations/UnicodeViewer.php?z=0&a=8&b=4&method=GET" "Mozilla/5.0 (Linux; Android 7.0;) AppleWebKit/537.36 (KHTML, like Gecko) Mobile Safari/537.36 (compatible; PetalBot;+https://webmaster.petalsearch.com/site/petalbot)"
47.128.16.99 - - [06/Jan/2026:13:31:52 -0700] "GET /ca/tecreations/UnicodeViewer.php?a=C&b=D&method=decimalBOLD&z=1 HTTP/1.1" 404 4278 "-" "Mozilla/5.0 (Linux; Android 5.0) AppleWebKit/537.36 (KHTML, like Gecko) Mobile Safari/537.36 (compatible; Bytespider; spider-feedback@bytedance.com)"
45.160.88.224 - - [06/Jan/2026:13:32:08 -0700] "GET /ca/tecreations/php_stuff/php_login/Login/ChangeQA.php HTTP/1.1" 500 3918 "https://tecreations.ca/" "Mozilla/5.0 (Windows NT 10.0; Win64; x64) AppleWebKit/537.36 (KHTML, like Gecko) Chrome/135.0.0.0 Safari/537.36 Edg/135.0.0.0"
114.119.158.46 - - [06/Jan/2026:13:32:47 -0700] "GET /ca/tecreations/UnicodeViewer.php?z=0&a=8&b=3&method=GET HTTP/1.1" 404 4190 "https://tecreations.ca/ca/tecreations/UnicodeViewer.php?z=0&a=8&b=9&method=GET" "Mozilla/5.0 (Linux; Android 7.0;) AppleWebKit/537.36 (KHTML, like Gecko) Mobile Safari/537.36 (compatible; PetalBot;+https://webmaster.petalsearch.com/site/petalbot)"
95.214.55.117 - - [06/Jan/2026:13:33:11 -0700] "PROPFIND / HTTP/1.1" 302 3931 "-" "-"
114.119.144.15 - - [06/Jan/2026:13:34:11 -0700] "GET /ca/tecreations/UnicodeViewer.php?z=0&a=8&b=2&method=mb_chr HTTP/1.1" 404 4190 "https://tecreations.ca/ca/tecreations/UnicodeViewer.php?z=0&a=8&b=2&method=GET" "Mozilla/5.0 (Linux; Android 7.0;) AppleWebKit/537.36 (KHTML, like Gecko) Mobile Safari/537.36 (compatible; PetalBot;+https://webmaster.petalsearch.com/site/petalbot)"
47.128.43.125 - - [06/Jan/2026:13:35:32 -0700] "GET /ca/tecreations/UnicodeViewer.php?a=D&b=8&method=decimal&z=6 HTTP/1.1" 404 4278 "-" "Mozilla/5.0 (Linux; Android 5.0) AppleWebKit/537.36 (KHTML, like Gecko) Mobile Safari/537.36 (compatible; Bytespider; spider-feedback@bytedance.com)"
114.119.152.47 - - [06/Jan/2026:13:35:40 -0700] "GET /ca/tecreations/UnicodeViewer.php?z=0&a=8&b=2&method=entity HTTP/1.1" 404 4190 "https://tecreations.ca/ca/tecreations/UnicodeViewer.php?z=0&a=8&b=2&method=GET" "Mozilla/5.0 (Linux; Android 7.0;) AppleWebKit/537.36 (KHTML, like Gecko) Mobile Safari/537.36 (compatible; PetalBot;+https://webmaster.petalsearch.com/site/petalbot)"
114.119.158.46 - - [06/Jan/2026:13:36:58 -0700] "GET /ca/tecreations/UnicodeViewer.php?z=0&a=8&b=0&method=decimalBOLD HTTP/1.1" 404 4190 "https://tecreations.ca/ca/tecreations/UnicodeViewer.php?z=0&a=4&b=0&method=decimalBOLD" "Mozilla/5.0 (Linux; Android 7.0;) AppleWebKit/537.36 (KHTML, like Gecko) Mobile Safari/537.36 (compatible; PetalBot;+https://webmaster.petalsearch.com/site/petalbot)"
95.214.55.117 - - [06/Jan/2026:13:37:06 -0700] "PROPFIND / HTTP/1.1" 302 3931 "-" "-"
216.73.216.220 - - [06/Jan/2026:13:37:11 -0700] "GET /java/?C=M&O=A HTTP/1.1" 302 3956 "-" "Mozilla/5.0 AppleWebKit/537.36 (KHTML, like Gecko; compatible; ClaudeBot/1.0; +claudebot@anthropic.com)"
216.73.216.220 - - [06/Jan/2026:13:37:11 -0700] "GET /java/List.php HTTP/1.1" 200 545 "https://tecreations.ca/java/?C=M&O=A" "Mozilla/5.0 AppleWebKit/537.36 (KHTML, like Gecko; compatible; ClaudeBot/1.0; +claudebot@anthropic.com)"
114.119.158.46 - - [06/Jan/2026:13:38:23 -0700] "GET /ca/tecreations/UnicodeViewer.php?z=0&a=7&b=D&method=mb_chr HTTP/1.1" 404 4190 "https://tecreations.ca/ca/tecreations/UnicodeViewer.php?z=0&a=7&b=D&method=mb_chr" "Mozilla/5.0 (Linux; Android 7.0;) AppleWebKit/537.36 (KHTML, like Gecko) Mobile Safari/537.36 (compatible; PetalBot;+https://webmaster.petalsearch.com/site/petalbot)"
47.128.50.57 - - [06/Jan/2026:13:39:16 -0700] "GET /ca/tecreations/UnicodeTest2.php?a=6&b=6&method=decimal&z=F HTTP/1.1" 404 4274 "-" "Mozilla/5.0 (compatible; Bytespider; spider-feedback@bytedance.com) AppleWebKit/537.36 (KHTML, like Gecko) Chrome/70.0.0.0 Safari/537.36"
114.119.142.39 - - [06/Jan/2026:13:39:46 -0700] "GET /ca/tecreations/UnicodeViewer.php?z=0&a=7&b=D&method=entity HTTP/1.1" 404 4190 "https://tecreations.ca/ca/tecreations/UnicodeViewer.php?z=0&a=7&b=D&method=mb_chr" "Mozilla/5.0 (Linux; Android 7.0;) AppleWebKit/537.36 (KHTML, like Gecko) Mobile Safari/537.36 (compatible; PetalBot;+https://webmaster.petalsearch.com/site/petalbot)"
66.249.66.45 - - [06/Jan/2026:13:40:25 -0700] "GET /ca/tecreations/UnicodeTest2.php?z=6&a=0&b=F&method=entity HTTP/1.1" 404 4227 "-" "Mozilla/5.0 (Linux; Android 6.0.1; Nexus 5X Build/MMB29P) AppleWebKit/537.36 (KHTML, like Gecko) Chrome/143.0.7499.169 Mobile Safari/537.36 (compatible; Googlebot/2.1; +http://www.google.com/bot.html)"
95.214.55.117 - - [06/Jan/2026:13:40:36 -0700] "PROPFIND / HTTP/1.1" 302 3931 "-" "-"
66.249.66.204 - - [06/Jan/2026:13:41:03 -0700] "GET /ca/tecreations/UnicodeTest2.php?z=10&a=0&b=0&method=mb_chr HTTP/1.1" 404 4227 "-" "Mozilla/5.0 (Linux; Android 6.0.1; Nexus 5X Build/MMB29P) AppleWebKit/537.36 (KHTML, like Gecko) Chrome/143.0.7499.169 Mobile Safari/537.36 (compatible; GoogleOther)"
114.119.137.116 - - [06/Jan/2026:13:41:10 -0700] "GET /ca/tecreations/UnicodeViewer.php?z=0&a=7&b=D&method=decimal HTTP/1.1" 404 4190 "https://tecreations.ca/ca/tecreations/UnicodeViewer.php?z=0&a=7&b=D&method=mb_chr" "Mozilla/5.0 (Linux; Android 7.0;) AppleWebKit/537.36 (KHTML, like Gecko) Mobile Safari/537.36 (compatible; PetalBot;+https://webmaster.petalsearch.com/site/petalbot)"
157.66.56.161 - - [06/Jan/2026:13:41:49 -0700] "GET /ca/tecreations/ViewFile.php?path=ca/tecreations/php_stuff/php_login/Login/ChangeQA.php HTTP/1.1" 200 7363 "-" "Mozilla/5.0 (Windows NT 10.0; rv:78.0) Gecko/20100101 Firefox/78.0"
114.119.158.46 - - [06/Jan/2026:13:42:32 -0700] "GET /ca/tecreations/UnicodeViewer.php?z=0&a=7&b=B&method=GET HTTP/1.1" 404 4190 "https://tecreations.ca/ca/tecreations/UnicodeViewer.php?z=6&a=7&b=B&method=GET" "Mozilla/5.0 (Linux; Android 7.0;) AppleWebKit/537.36 (KHTML, like Gecko) Mobile Safari/537.36 (compatible; PetalBot;+https://webmaster.petalsearch.com/site/petalbot)"
47.128.43.147 - - [06/Jan/2026:13:42:54 -0700] "GET /ca/tecreations/UnicodeTest2.php?a=1&b=B&method=entity&z=E HTTP/1.1" 404 4278 "-" "Mozilla/5.0 (compatible; Bytespider; spider-feedback@bytedance.com) AppleWebKit/537.36 (KHTML, like Gecko) Chrome/70.0.0.0 Safari/537.36"
114.119.158.46 - - [06/Jan/2026:13:43:57 -0700] "GET /ca/tecreations/UnicodeViewer.php?z=0&a=7&b=4&method=entity HTTP/1.1" 404 4190 "https://tecreations.ca/ca/tecreations/UnicodeViewer.php?z=0&a=7&b=4&method=GET" "Mozilla/5.0 (Linux; Android 7.0;) AppleWebKit/537.36 (KHTML, like Gecko) Mobile Safari/537.36 (compatible; PetalBot;+https://webmaster.petalsearch.com/site/petalbot)"
95.214.55.117 - - [06/Jan/2026:13:44:11 -0700] "PROPFIND / HTTP/1.1" 302 3931 "-" "-"
114.119.137.116 - - [06/Jan/2026:13:45:21 -0700] "GET /ca/tecreations/UnicodeViewer.php?z=0&a=7&b=4&method=decimalBOLD HTTP/1.1" 404 4190 "https://tecreations.ca/ca/tecreations/UnicodeViewer.php?z=0&a=9&b=4&method=decimalBOLD" "Mozilla/5.0 (Linux; Android 7.0;) AppleWebKit/537.36 (KHTML, like Gecko) Mobile Safari/537.36 (compatible; PetalBot;+https://webmaster.petalsearch.com/site/petalbot)"
47.128.40.170 - - [06/Jan/2026:13:46:41 -0700] "GET /ca/tecreations/UnicodeTest2.php?a=A&b=3&method=entity&z=4 HTTP/1.1" 404 4278 "-" "Mozilla/5.0 (compatible; Bytespider; spider-feedback@bytedance.com) AppleWebKit/537.36 (KHTML, like Gecko) Chrome/70.0.0.0 Safari/537.36"
114.119.158.46 - - [06/Jan/2026:13:46:44 -0700] "GET /ca/tecreations/UnicodeViewer.php?z=0&a=7&b=2&method=mb_chr HTTP/1.1" 404 4190 "https://tecreations.ca/ca/tecreations/UnicodeViewer.php?z=0&a=7&b=D&method=mb_chr" "Mozilla/5.0 (Linux; Android 7.0;) AppleWebKit/537.36 (KHTML, like Gecko) Mobile Safari/537.36 (compatible; PetalBot;+https://webmaster.petalsearch.com/site/petalbot)"
66.249.66.198 - - [06/Jan/2026:13:46:45 -0700] "GET /ca/tecreations/UnicodeViewer.php?z=C&a=9&b=D&method=entity HTTP/1.1" 404 4263 "-" "Mozilla/5.0 (Linux; Android 6.0.1; Nexus 5X Build/MMB29P) AppleWebKit/537.36 (KHTML, like Gecko) Chrome/143.0.7499.169 Mobile Safari/537.36 (compatible; Googlebot/2.1; +http://www.google.com/bot.html)"
66.249.66.45 - - [06/Jan/2026:13:46:46 -0700] "GET /ca/tecreations/UnicodeTest2.php?z=D&a=9&b=0&method=decimalBOLD HTTP/1.1" 404 4227 "-" "Mozilla/5.0 (Linux; Android 6.0.1; Nexus 5X Build/MMB29P) AppleWebKit/537.36 (KHTML, like Gecko) Chrome/143.0.7499.169 Mobile Safari/537.36 (compatible; Googlebot/2.1; +http://www.google.com/bot.html)"
43.130.106.18 - - [06/Jan/2026:13:46:59 -0700] "GET / HTTP/1.0" 400 625 "-" "-"
18.214.124.6 - - [06/Jan/2026:13:47:40 -0700] "GET /ca/tecreations/php_stuff/php_login HTTP/1.1" 301 3724 "-" "Mozilla/5.0 AppleWebKit/537.36 (KHTML, like Gecko; compatible; Amazonbot/0.1; +https://developer.amazon.com/support/amazonbot) Chrome/119.0.6045.214 Safari/537.36"
3.210.114.189 - - [06/Jan/2026:13:47:41 -0700] "GET /ca/tecreations/php_stuff/php_login/ HTTP/1.1" 200 3794 "-" "Mozilla/5.0 AppleWebKit/537.36 (KHTML, like Gecko; compatible; Amazonbot/0.1; +https://developer.amazon.com/support/amazonbot) Chrome/119.0.6045.214 Safari/537.36"
95.214.55.117 - - [06/Jan/2026:13:47:57 -0700] "PROPFIND / HTTP/1.1" 302 3931 "-" "-"
114.119.148.64 - - [06/Jan/2026:13:48:08 -0700] "GET /ca/tecreations/UnicodeViewer.php?z=0&a=7&b=2&method=GET HTTP/1.1" 404 4190 "https://tecreations.ca/ca/tecreations/UnicodeViewer.php?z=0&a=D&b=2&method=GET" "Mozilla/5.0 (Linux; Android 7.0;) AppleWebKit/537.36 (KHTML, like Gecko) Mobile Safari/537.36 (compatible; PetalBot;+https://webmaster.petalsearch.com/site/petalbot)"
114.119.135.63 - - [06/Jan/2026:13:49:32 -0700] "GET /ca/tecreations/UnicodeViewer.php?z=0&a=7&b=1&method=mb_chr HTTP/1.1" 404 4190 "https://tecreations.ca/ca/tecreations/UnicodeViewer.php?z=0&a=7&b=D&method=mb_chr" "Mozilla/5.0 (Linux; Android 7.0;) AppleWebKit/537.36 (KHTML, like Gecko) Mobile Safari/537.36 (compatible; PetalBot;+https://webmaster.petalsearch.com/site/petalbot)"
220.167.233.82 - - [06/Jan/2026:13:49:50 -0700] "GET / HTTP/1.1" 302 3875 "-" "-"
220.197.78.229 - - [06/Jan/2026:13:50:01 -0700] "GET / HTTP/1.0" 400 625 "-" "-"
144.123.77.44 - - [06/Jan/2026:13:50:02 -0700] "GET / HTTP/1.1" 302 3875 "-" "-"
47.128.127.143 - - [06/Jan/2026:13:50:18 -0700] "GET /ca/tecreations/UnicodeTest2.php?a=4&b=0&method=entity&z=8 HTTP/1.1" 404 4274 "-" "Mozilla/5.0 (compatible; Bytespider; spider-feedback@bytedance.com) AppleWebKit/537.36 (KHTML, like Gecko) Chrome/70.0.0.0 Safari/537.36"
162.248.156.38 - - [06/Jan/2026:13:50:26 -0700] "GET / HTTP/1.1" 302 4014 "-" "Mozilla/5.0 (Windows NT 10.0; Win64; x64) AppleWebKit/537.36 (KHTML, like Gecko) Chrome/142.0.0.0 Safari/537.36"
162.248.156.38 - - [06/Jan/2026:13:50:26 -0700] "GET /ca/tecreations/ HTTP/1.1" 200 4214 "-" "Mozilla/5.0 (Windows NT 10.0; Win64; x64) AppleWebKit/537.36 (KHTML, like Gecko) Chrome/142.0.0.0 Safari/537.36"
182.138.158.90 - - [06/Jan/2026:13:50:27 -0700] "GET / HTTP/1.1" 302 3894 "-" "Mozilla/5.0 (Windows NT 6.1) AppleWebKit/537.36 (KHTML, like Gecko) Chrome/49.0.2623.112 Safari/537.36"
150.255.120.82 - - [06/Jan/2026:13:50:29 -0700] "GET /ca/tecreations/ HTTP/1.1" 200 19299 "https://134.122.41.0" "Mozilla/5.0 (Windows NT 6.1) AppleWebKit/537.36 (KHTML, like Gecko) Chrome/49.0.2623.112 Safari/537.36"
144.123.77.220 - - [06/Jan/2026:13:50:32 -0700] "GET /favicon.png HTTP/1.1" 200 5009 "-" "Mozilla/5.0 (Windows NT 6.1) AppleWebKit/537.36 (KHTML, like Gecko) Chrome/49.0.2623.112 Safari/537.36"
114.119.154.166 - - [06/Jan/2026:13:50:55 -0700] "GET /ca/tecreations/UnicodeViewer.php?z=0&a=6&b=E&method=GET HTTP/1.1" 404 4190 "https://tecreations.ca/ca/tecreations/UnicodeViewer.php?z=0&a=6&b=4&method=GET" "Mozilla/5.0 (Linux; Android 7.0;) AppleWebKit/537.36 (KHTML, like Gecko) Mobile Safari/537.36 (compatible; PetalBot;+https://webmaster.petalsearch.com/site/petalbot)"
95.214.55.117 - - [06/Jan/2026:13:51:27 -0700] "PROPFIND / HTTP/1.1" 302 3931 "-" "-"
114.119.152.47 - - [06/Jan/2026:13:52:19 -0700] "GET /ca/tecreations/UnicodeViewer.php?z=0&a=6&b=6&method=GET HTTP/1.1" 404 4190 "https://tecreations.ca/ca/tecreations/UnicodeViewer.php?z=0&a=6&b=4&method=GET" "Mozilla/5.0 (Linux; Android 7.0;) AppleWebKit/537.36 (KHTML, like Gecko) Mobile Safari/537.36 (compatible; PetalBot;+https://webmaster.petalsearch.com/site/petalbot)"
114.119.148.64 - - [06/Jan/2026:13:53:43 -0700] "GET /ca/tecreations/UnicodeViewer.php?z=0&a=6&b=4&method=entity HTTP/1.1" 404 4190 "https://tecreations.ca/ca/tecreations/UnicodeViewer.php?z=0&a=6&b=4&method=GET" "Mozilla/5.0 (Linux; Android 7.0;) AppleWebKit/537.36 (KHTML, like Gecko) Mobile Safari/537.36 (compatible; PetalBot;+https://webmaster.petalsearch.com/site/petalbot)"
47.128.60.221 - - [06/Jan/2026:13:54:04 -0700] "GET /ca/tecreations/UnicodeTest2.php?a=A&b=A&method=entity&z=A HTTP/1.1" 404 4274 "-" "Mozilla/5.0 (compatible; Bytespider; spider-feedback@bytedance.com) AppleWebKit/537.36 (KHTML, like Gecko) Chrome/70.0.0.0 Safari/537.36"
66.249.66.13 - - [06/Jan/2026:13:54:41 -0700] "GET /ca/tecreations/UnicodeTest2.php?z=2&a=0&b=D&method=mb_chr HTTP/1.1" 404 4227 "-" "Mozilla/5.0 (Linux; Android 6.0.1; Nexus 5X Build/MMB29P) AppleWebKit/537.36 (KHTML, like Gecko) Chrome/143.0.7499.169 Mobile Safari/537.36 (compatible; GoogleOther)"
95.214.55.117 - - [06/Jan/2026:13:55:05 -0700] "PROPFIND / HTTP/1.1" 302 3931 "-" "-"
114.119.158.46 - - [06/Jan/2026:13:55:05 -0700] "GET /ca/tecreations/UnicodeViewer.php?z=0&a=6&b=4&method=decimalBOLD HTTP/1.1" 404 4190 "https://tecreations.ca/ca/tecreations/UnicodeViewer.php?z=0&a=9&b=4&method=decimalBOLD" "Mozilla/5.0 (Linux; Android 7.0;) AppleWebKit/537.36 (KHTML, like Gecko) Mobile Safari/537.36 (compatible; PetalBot;+https://webmaster.petalsearch.com/site/petalbot)"
114.119.135.63 - - [06/Jan/2026:13:56:30 -0700] "GET /ca/tecreations/UnicodeViewer.php?z=0&a=6&b=3&method=GET HTTP/1.1" 404 4190 "https://tecreations.ca/ca/tecreations/UnicodeViewer.php?z=0&a=6&b=4&method=GET" "Mozilla/5.0 (Linux; Android 7.0;) AppleWebKit/537.36 (KHTML, like Gecko) Mobile Safari/537.36 (compatible; PetalBot;+https://webmaster.petalsearch.com/site/petalbot)"
52.141.42.203 - - [06/Jan/2026:13:57:17 -0700] "GET /0x.php HTTP/1.1" 404 437 "https://www.google.com/" "Mozilla/5.0 (iPhone; CPU iPhone OS 17_1_1 like Mac OS X) AppleWebKit/605.1.15 (KHTML, like Gecko) Version/17.1 Mobile/15E148 Safari/604.1"
52.141.42.203 - - [06/Jan/2026:13:57:17 -0700] "GET /1.php HTTP/1.1" 404 437 "https://www.yahoo.com/" "Mozilla/5.0 (iPhone; CPU iPhone OS 15_7_9 like Mac OS X) AppleWebKit/605.1.15 (KHTML, like Gecko) Version/15.6.5 Mobile/15E148 Safari/604.1"
52.141.42.203 - - [06/Jan/2026:13:57:17 -0700] "GET /222.php HTTP/1.1" 404 437 "https://www.google.fr/" "Mozilla/5.0 (Linux; Android 13; SM-G991U) AppleWebKit/537.36 (KHTML, like Gecko) Chrome/117.0.0.0 Mobile Safari/537.36"
52.141.42.203 - - [06/Jan/2026:13:57:18 -0700] "GET /403.php HTTP/1.1" 404 437 "https://www.bing.com/" "Mozilla/5.0 (Linux; Android 13; M2101K6G) AppleWebKit/537.36 (KHTML, like Gecko) Chrome/116.0.0.0 Mobile Safari/537.36"
52.141.42.203 - - [06/Jan/2026:13:57:18 -0700] "GET /404.php HTTP/1.1" 404 437 "https://www.google.fr/" "Mozilla/5.g (Linux; Android 13; Pixel 7) AppleWebKit/537.36 (KHTML, like Gecko) Chrome/116.0.0.0 Mobile Safari/537.36"
52.141.42.203 - - [06/Jan/2026:13:57:18 -0700] "GET /server.php HTTP/1.1" 404 437 "https://www.yahoo.com/" "Mozilla/5.0 (Linux; Android 10; LM-Q720) AppleWebKit/537.36 (KHTML, like Gecko) Chrome/116.0.0.0 Mobile Safari/537.36"
52.141.42.203 - - [06/Jan/2026:13:57:18 -0700] "GET /abcd.php HTTP/1.1" 404 437 "https://www.google.com/" "Mozilla/5.0 (Linux; Android 13; SM-S908E) AppleWebKit/537.36 (KHTML, like Gecko) Chrome/116.0.0.0 Mobile Safari/537.36"
52.141.42.203 - - [06/Jan/2026:13:57:18 -0700] "GET /admin/upload/mini.php HTTP/1.1" 404 437 "https://www.bing.com/" "Mozilla/5.0 (iPad; CPU OS 17_0_3 like Mac OS X) AppleWebKit/605.1.15 (KHTML, like Gecko) Version/17.0.1 Mobile/15E148 Safari/604.1"
52.141.42.203 - - [06/Jan/2026:13:57:19 -0700] "GET /ahax.php HTTP/1.1" 404 437 "https://www.google.com/" "Mozilla/5.0 (iPhone; CPU iPhone OS 16_6_1 like Mac OS X) AppleWebKit/605.1.15 (KHTML, like Gecko) Version/16.6 Mobile/15E148 Safari/604.1"
52.141.42.203 - - [06/Jan/2026:13:57:19 -0700] "GET /akcc.php HTTP/1.1" 404 437 "https://duckduckgo.com/" "Mozilla/5.0 (Linux; Android 14; Pixel 8 Pro) AppleWebKit/537.36 (KHTML, like Gecko) Chrome/119.0.0.0 Mobile Safari/537.36"
52.141.42.203 - - [06/Jan/2026:13:57:19 -0700] "GET /atomlib.php HTTP/1.1" 404 437 "https://www.google.co.uk/" "Mozilla/5.0 (Linux; Android 11; CPH2251) AppleWebKit/537.36 (KHTML, like Gecko) Chrome/116.0.0.0 Mobile Safari/537.36"
52.141.42.203 - - [06/Jan/2026:13:57:19 -0700] "GET /defaults.php HTTP/1.1" 404 437 "https://www.yahoo.com/" "Mozilla/5.0 (Linux; Android 14; Pixel 8 Pro) AppleWebKit/537.36 (KHTML, like Gecko) Chrome/119.0.0.0 Mobile Safari/537.36"
52.141.42.203 - - [06/Jan/2026:13:57:19 -0700] "GET /wp-includes/js/crop/cropper.php HTTP/1.1" 404 437 "https://www.google.com/" "Mozilla/5.0 (iPhone; CPU iPhone OS 17_1_1 like Mac OS X) AppleWebKit/605.1.15 (KHTML, like Gecko) Version/17.1 Mobile/15E148 Safari/604.1"
52.141.42.203 - - [06/Jan/2026:13:57:19 -0700] "GET /wp-includes/js/thickbox/thickbox.php HTTP/1.1" 404 437 "https://www.google.co.uk/" "Mozilla/5.0 (Linux; Android 11; 21081111RG) AppleWebKit/537.36 (KHTML, like Gecko) Chrome/116.0.0.0 Mobile Safari/537.36"
52.141.42.203 - - [06/Jan/2026:13:57:20 -0700] "GET /wp-content/plugins/yanierin/akcc.php HTTP/1.1" 404 437 "https://www.yahoo.com/" "Mozilla/5.0 (iPhone; CPU iPhone OS 17_0_3 like Mac OS X) AppleWebKit/605.1.15 (KHTML, like Gecko) Version/17.0.1 Mobile/15E148 Safari/604.1"
52.141.42.203 - - [06/Jan/2026:13:57:20 -0700] "GET /alfav4.1-tesla.php HTTP/1.1" 404 437 "https://www.google.de/" "Mozilla/5.g (Linux; Android 13; Pixel 7) AppleWebKit/537.36 (KHTML, like Gecko) Chrome/116.0.0.0 Mobile Safari/537.36"
52.141.42.203 - - [06/Jan/2026:13:57:20 -0700] "GET /asasx.php HTTP/1.1" 404 437 "https://duckduckgo.com/" "Mozilla/5.0 (iPhone; CPU iPhone OS 17_1_1 like Mac OS X) AppleWebKit/605.1.15 (KHTML, like Gecko) Version/17.1 Mobile/15E148 Safari/604.1"
52.141.42.203 - - [06/Jan/2026:13:57:20 -0700] "GET /black.php HTTP/1.1" 404 437 "https://www.google.com/" "Mozilla/5.0 (iPhone; CPU iPhone OS 17_0_3 like Mac OS X) AppleWebKit/605.1.15 (KHTML, like Gecko) Version/17.0.1 Mobile/15E148 Safari/604.1"
52.141.42.203 - - [06/Jan/2026:13:57:20 -0700] "GET /bolt.php HTTP/1.1" 404 437 "https://www.google.de/" "Mozilla/5.0 (Linux; Android 11; 21081111RG) AppleWebKit/537.36 (KHTML, like Gecko) Chrome/116.0.0.0 Mobile Safari/537.36"
52.141.42.203 - - [06/Jan/2026:13:57:20 -0700] "GET /buy.php HTTP/1.1" 404 437 "https://duckduckgo.com/" "Mozilla/5.0 (Linux; Android 12; 2201116SG) AppleWebKit/537.36 (KHTML, like Gecko) Chrome/116.0.0.0 Mobile Safari/537.36"
52.141.42.203 - - [06/Jan/2026:13:57:21 -0700] "GET /chosen.php HTTP/1.1" 404 437 "https://www.bing.com/" "Mozilla/5.0 (iPad; CPU OS 16_7_2 like Mac OS X) AppleWebKit/605.1.15 (KHTML, like Gecko) Version/16.6 Mobile/15E148 Safari/604.1"
52.141.42.203 - - [06/Jan/2026:13:57:21 -0700] "GET /css/autoload_classmap.php HTTP/1.1" 404 437 "https://www.google.fr/" "Mozilla/5.0 (iPhone; CPU iPhone OS 17_1 like Mac OS X) AppleWebKit/605.1.15 (KHTML, like Gecko) CriOS/119.0.6045.109 Mobile/15E148 Safari/604.1"
