51.75.21.177 - - [06/Jan/2026:14:36:41 -0700] "GET /ca/tecreations/ViewFile.php?path=ca/tecreations/tasks.php HTTP/1.1" 200 7259 "-" "Mozilla/5.0 (Windows NT 10.0; Win64; x64) AppleWebKit/537.36 (KHTML, like Gecko) Chrome/139.0.0.0 Safari/537.36"
114.119.142.39 - - [06/Jan/2026:14:36:57 -0700] "GET /ca/tecreations/UnicodeViewer.php?z=0&a=4&b=1&method=mb_chr HTTP/1.1" 404 4190 "https://tecreations.ca/ca/tecreations/UnicodeViewer.php?z=0&a=4&b=0&method=mb_chr" "Mozilla/5.0 (Linux; Android 7.0;) AppleWebKit/537.36 (KHTML, like Gecko) Mobile Safari/537.36 (compatible; PetalBot;+https://webmaster.petalsearch.com/site/petalbot)"
47.128.25.164 - - [06/Jan/2026:14:38:05 -0700] "GET /ca/tecreations/UnicodeViewer.php?a=2&b=3&method=entity&z=10 HTTP/1.1" 404 4278 "-" "Mozilla/5.0 (Linux; Android 5.0) AppleWebKit/537.36 (KHTML, like Gecko) Mobile Safari/537.36 (compatible; Bytespider; spider-feedback@bytedance.com)"
47.128.22.245 - - [06/Jan/2026:14:38:05 -0700] "GET / HTTP/1.1" 302 4014 "-" "Mozilla/5.0 (Linux; Android 5.0) AppleWebKit/537.36 (KHTML, like Gecko) Mobile Safari/537.36 (compatible; Bytespider; spider-feedback@bytedance.com)"
47.128.22.245 - - [06/Jan/2026:14:38:06 -0700] "GET /ca/tecreations/ HTTP/1.1" 200 4219 "-" "Mozilla/5.0 (Linux; Android 5.0) AppleWebKit/537.36 (KHTML, like Gecko) Mobile Safari/537.36 (compatible; Bytespider; spider-feedback@bytedance.com)"
114.119.142.39 - - [06/Jan/2026:14:38:21 -0700] "GET /ca/tecreations/UnicodeViewer.php?z=0&a=4&b=1&method=GET HTTP/1.1" 404 4190 "https://tecreations.ca/ca/tecreations/UnicodeViewer.php?z=0&a=E&b=1&method=GET" "Mozilla/5.0 (Linux; Android 7.0;) AppleWebKit/537.36 (KHTML, like Gecko) Mobile Safari/537.36 (compatible; PetalBot;+https://webmaster.petalsearch.com/site/petalbot)"
95.214.55.117 - - [06/Jan/2026:14:39:04 -0700] "PROPFIND / HTTP/1.1" 302 3931 "-" "-"
114.119.144.15 - - [06/Jan/2026:14:39:43 -0700] "GET /ca/tecreations/UnicodeViewer.php?z=0&a=4&b=0&method=mb_chr HTTP/1.1" 404 4190 "https://tecreations.ca/ca/tecreations/UnicodeViewer.php?z=0&a=4&b=0&method=decimalBOLD" "Mozilla/5.0 (Linux; Android 7.0;) AppleWebKit/537.36 (KHTML, like Gecko) Mobile Safari/537.36 (compatible; PetalBot;+https://webmaster.petalsearch.com/site/petalbot)"
51.89.164.226 - - [06/Jan/2026:14:39:51 -0700] "GET /ca/tecreations/api/ HTTP/1.1" 200 4564 "-" "Mozilla/5.0 (Windows NT 10.0; Win64; x64) AppleWebKit/537.36 (KHTML, like Gecko) Chrome/139.0.0.0 Safari/537.36"
141.94.78.40 - - [06/Jan/2026:14:40:00 -0700] "GET /ca/tecreations/Apps/ HTTP/1.1" 200 4774 "-" "Mozilla/5.0 (Windows NT 10.0; Win64; x64) AppleWebKit/537.36 (KHTML, like Gecko) Chrome/139.0.0.0 Safari/537.36"
57.129.81.226 - - [06/Jan/2026:14:40:00 -0700] "GET /icons/text.gif HTTP/1.1" 200 4209 "-" "Mozilla/5.0 (Windows NT 10.0; Win64; x64) AppleWebKit/537.36 (KHTML, like Gecko) Chrome/139.0.0.0 Safari/537.36"
44.218.6.93 - - [06/Jan/2026:14:40:16 -0700] "GET /ca/tecreations/today HTTP/1.1" 301 3696 "-" "Mozilla/5.0 AppleWebKit/537.36 (KHTML, like Gecko; compatible; Amazonbot/0.1; +https://developer.amazon.com/support/amazonbot) Chrome/119.0.6045.214 Safari/537.36"
44.209.89.189 - - [06/Jan/2026:14:40:17 -0700] "GET /ca/tecreations/today/ HTTP/1.1" 200 3782 "-" "Mozilla/5.0 AppleWebKit/537.36 (KHTML, like Gecko; compatible; Amazonbot/0.1; +https://developer.amazon.com/support/amazonbot) Chrome/119.0.6045.214 Safari/537.36"
34.231.77.232 - - [06/Jan/2026:14:40:20 -0700] "GET /ca/tecreations/ViewFile.php?path=/ca/tecreations/quickstarts.php HTTP/1.1" 200 5296 "-" "Mozilla/5.0 AppleWebKit/537.36 (KHTML, like Gecko; compatible; Amazonbot/0.1; +https://developer.amazon.com/support/amazonbot) Chrome/119.0.6045.214 Safari/537.36"
18.214.251.19 - - [06/Jan/2026:14:40:25 -0700] "GET /ca/tecreations/tims_today_default.php HTTP/1.1" 200 3598 "-" "Mozilla/5.0 AppleWebKit/537.36 (KHTML, like Gecko; compatible; Amazonbot/0.1; +https://developer.amazon.com/support/amazonbot) Chrome/119.0.6045.214 Safari/537.36"
3.213.106.226 - - [06/Jan/2026:14:40:28 -0700] "GET /ca/tecreations/ViewFile.php?path=/ca/tecreations/scriptures/Proverbs_19.php HTTP/1.1" 200 3693 "-" "Mozilla/5.0 AppleWebKit/537.36 (KHTML, like Gecko; compatible; Amazonbot/0.1; +https://developer.amazon.com/support/amazonbot) Chrome/119.0.6045.214 Safari/537.36"
52.200.58.199 - - [06/Jan/2026:14:40:33 -0700] "GET /ca/tecreations/todays_chat_post.php HTTP/1.1" 200 3571 "-" "Mozilla/5.0 AppleWebKit/537.36 (KHTML, like Gecko; compatible; Amazonbot/0.1; +https://developer.amazon.com/support/amazonbot) Chrome/119.0.6045.214 Safari/537.36"
18.213.240.226 - - [06/Jan/2026:14:40:36 -0700] "GET /ca/tecreations/tec8/app_captures.php HTTP/1.1" 200 3461 "-" "Mozilla/5.0 AppleWebKit/537.36 (KHTML, like Gecko; compatible; Amazonbot/0.1; +https://developer.amazon.com/support/amazonbot) Chrome/119.0.6045.214 Safari/537.36"
52.205.141.124 - - [06/Jan/2026:14:40:38 -0700] "GET /ca/tecreations/tec8/capturetool.png HTTP/1.1" 200 369311 "-" "Mozilla/5.0 AppleWebKit/537.36 (KHTML, like Gecko; compatible; Amazonbot/0.1; +https://developer.amazon.com/support/amazonbot) Chrome/119.0.6045.214 Safari/537.36"
34.76.255.44 - - [06/Jan/2026:14:40:58 -0700] "GET / HTTP/1.1" 404 491 "-" "python-requests/2.32.5"
114.119.144.15 - - [06/Jan/2026:14:41:07 -0700] "GET /ca/tecreations/UnicodeViewer.php?z=0&a=4&b=0&method=decimalBOLD HTTP/1.1" 404 4190 "https://tecreations.ca/ca/tecreations/UnicodeViewer.php?z=A&a=4&b=0&method=decimalBOLD" "Mozilla/5.0 (Linux; Android 7.0;) AppleWebKit/537.36 (KHTML, like Gecko) Mobile Safari/537.36 (compatible; PetalBot;+https://webmaster.petalsearch.com/site/petalbot)"
136.107.93.33 - - [06/Jan/2026:14:42:03 -0700] "GET /.git/config HTTP/1.1" 404 4133 "-" "Mozilla/5.0 (Windows NT 10.0; Win64; x64)"
114.119.137.116 - - [06/Jan/2026:14:42:31 -0700] "GET /ca/tecreations/UnicodeViewer.php?z=0&a=3&b=F&method=mb_chr HTTP/1.1" 404 4190 "https://tecreations.ca/ca/tecreations/UnicodeViewer.php?z=0&a=4&b=0&method=mb_chr" "Mozilla/5.0 (Linux; Android 7.0;) AppleWebKit/537.36 (KHTML, like Gecko) Mobile Safari/537.36 (compatible; PetalBot;+https://webmaster.petalsearch.com/site/petalbot)"
95.214.55.117 - - [06/Jan/2026:14:42:36 -0700] "PROPFIND / HTTP/1.1" 302 3931 "-" "-"
142.112.54.31 - - [06/Jan/2026:14:43:34 -0700] "GET /wp/wp-login.php HTTP/1.1" 404 493 "https://www.google.com" "Mozilla/5.0 (X11; Linux x86_64) AppleWebKit/537.36 (KHTML, like Gecko) Chrome/140.0.0.0 Safari/537.36"
114.119.148.64 - - [06/Jan/2026:14:43:54 -0700] "GET /ca/tecreations/UnicodeViewer.php?z=0&a=3&b=A&method=GET HTTP/1.1" 404 4190 "https://tecreations.ca/ca/tecreations/UnicodeViewer.php?z=0&a=3&b=4&method=GET" "Mozilla/5.0 (Linux; Android 7.0;) AppleWebKit/537.36 (KHTML, like Gecko) Mobile Safari/537.36 (compatible; PetalBot;+https://webmaster.petalsearch.com/site/petalbot)"
114.119.144.15 - - [06/Jan/2026:14:45:17 -0700] "GET /ca/tecreations/UnicodeViewer.php?z=0&a=3&b=7&method=GET HTTP/1.1" 404 4190 "https://tecreations.ca/ca/tecreations/UnicodeViewer.php?z=0&a=3&b=4&method=GET" "Mozilla/5.0 (Linux; Android 7.0;) AppleWebKit/537.36 (KHTML, like Gecko) Mobile Safari/537.36 (compatible; PetalBot;+https://webmaster.petalsearch.com/site/petalbot)"
47.128.118.42 - - [06/Jan/2026:14:45:30 -0700] "GET /ca/tecreations/UnicodeViewer.php?a=2&b=2&method=decimal&z=2 HTTP/1.1" 404 4278 "-" "Mozilla/5.0 (Linux; Android 5.0) AppleWebKit/537.36 (KHTML, like Gecko) Mobile Safari/537.36 (compatible; Bytespider; spider-feedback@bytedance.com)"
47.128.44.24 - - [06/Jan/2026:14:45:30 -0700] "GET /ca/tecreations/UnicodeViewer.php?a=4&b=7&method=decimalBOLD&z=A HTTP/1.1" 404 4278 "-" "Mozilla/5.0 (Linux; Android 5.0) AppleWebKit/537.36 (KHTML, like Gecko) Mobile Safari/537.36 (compatible; Bytespider; spider-feedback@bytedance.com)"
95.214.55.117 - - [06/Jan/2026:14:45:54 -0700] "PROPFIND / HTTP/1.1" 302 3931 "-" "-"
114.119.142.39 - - [06/Jan/2026:14:46:41 -0700] "GET /ca/tecreations/UnicodeViewer.php?z=0&a=3&b=4&method=decimalBOLD HTTP/1.1" 404 4190 "https://tecreations.ca/ca/tecreations/UnicodeViewer.php?z=0&a=9&b=4&method=decimalBOLD" "Mozilla/5.0 (Linux; Android 7.0;) AppleWebKit/537.36 (KHTML, like Gecko) Mobile Safari/537.36 (compatible; PetalBot;+https://webmaster.petalsearch.com/site/petalbot)"
216.244.66.227 - - [06/Jan/2026:14:47:06 -0700] "GET /robots.txt HTTP/1.1" 301 547 "-" "Mozilla/5.0 (compatible; DotBot/1.2; +https://opensiteexplorer.org/dotbot; help@moz.com)"
216.244.66.227 - - [06/Jan/2026:14:47:06 -0700] "GET /robots.txt HTTP/1.1" 404 3557 "-" "Mozilla/5.0 (compatible; DotBot/1.2; +https://opensiteexplorer.org/dotbot; help@moz.com)"
114.119.144.15 - - [06/Jan/2026:14:48:05 -0700] "GET /ca/tecreations/UnicodeViewer.php?z=0&a=3&b=2&method=entity HTTP/1.1" 404 4190 "https://tecreations.ca/ca/tecreations/UnicodeViewer.php?z=0&a=3&b=2&method=GET" "Mozilla/5.0 (Linux; Android 7.0;) AppleWebKit/537.36 (KHTML, like Gecko) Mobile Safari/537.36 (compatible; PetalBot;+https://webmaster.petalsearch.com/site/petalbot)"
216.73.216.220 - - [06/Jan/2026:14:49:00 -0700] "GET /robots.txt HTTP/1.1" 404 4218 "-" "Mozilla/5.0 AppleWebKit/537.36 (KHTML, like Gecko; compatible; ClaudeBot/1.0; +claudebot@anthropic.com)"
216.73.216.220 - - [06/Jan/2026:14:49:00 -0700] "GET /ca/tecreations/Apps/?C=M&O=D HTTP/1.1" 200 1056 "-" "Mozilla/5.0 AppleWebKit/537.36 (KHTML, like Gecko; compatible; ClaudeBot/1.0; +claudebot@anthropic.com)"
66.249.66.77 - - [06/Jan/2026:14:49:14 -0700] "GET /ca/tecreations/UnicodeTest2.php?z=3&a=0&b=0&method=mb_chr HTTP/1.1" 404 4227 "-" "Mozilla/5.0 (Linux; Android 6.0.1; Nexus 5X Build/MMB29P) AppleWebKit/537.36 (KHTML, like Gecko) Chrome/143.0.7499.169 Mobile Safari/537.36 (compatible; GoogleOther)"
43.130.91.95 - - [06/Jan/2026:14:49:16 -0700] "GET / HTTP/1.1" 301 546 "-" "Mozilla/5.0 (iPhone; CPU iPhone OS 13_2_3 like Mac OS X) AppleWebKit/605.1.15 (KHTML, like Gecko) Version/13.0.3 Mobile/15E148 Safari/604.1"
43.130.91.95 - - [06/Jan/2026:14:49:17 -0700] "GET / HTTP/1.1" 302 3962 "http://www.tecreations.ca" "Mozilla/5.0 (iPhone; CPU iPhone OS 13_2_3 like Mac OS X) AppleWebKit/605.1.15 (KHTML, like Gecko) Version/13.0.3 Mobile/15E148 Safari/604.1"
43.130.91.95 - - [06/Jan/2026:14:49:18 -0700] "GET /ca/tecreations/ HTTP/1.1" 200 7926 "https://www.tecreations.ca/" "Mozilla/5.0 (iPhone; CPU iPhone OS 13_2_3 like Mac OS X) AppleWebKit/605.1.15 (KHTML, like Gecko) Version/13.0.3 Mobile/15E148 Safari/604.1"
114.119.152.47 - - [06/Jan/2026:14:49:28 -0700] "GET /ca/tecreations/UnicodeViewer.php?z=0&a=3&b=2&method=decimal HTTP/1.1" 404 4190 "https://tecreations.ca/ca/tecreations/UnicodeViewer.php?z=0&a=3&b=2&method=GET" "Mozilla/5.0 (Linux; Android 7.0;) AppleWebKit/537.36 (KHTML, like Gecko) Mobile Safari/537.36 (compatible; PetalBot;+https://webmaster.petalsearch.com/site/petalbot)"
95.214.55.117 - - [06/Jan/2026:14:49:49 -0700] "PROPFIND / HTTP/1.1" 302 3931 "-" "-"
216.73.216.220 - - [06/Jan/2026:14:50:17 -0700] "GET /ca/tecreations/Apps/Notes.php HTTP/1.1" 200 17190 "-" "Mozilla/5.0 AppleWebKit/537.36 (KHTML, like Gecko; compatible; ClaudeBot/1.0; +claudebot@anthropic.com)"
114.119.148.64 - - [06/Jan/2026:14:50:54 -0700] "GET /ca/tecreations/UnicodeViewer.php?z=0&a=3&b=0&method=entity HTTP/1.1" 404 4190 "https://tecreations.ca/ca/tecreations/UnicodeViewer.php?z=0&a=E&b=0&method=entity" "Mozilla/5.0 (Linux; Android 7.0;) AppleWebKit/537.36 (KHTML, like Gecko) Mobile Safari/537.36 (compatible; PetalBot;+https://webmaster.petalsearch.com/site/petalbot)"
114.119.144.15 - - [06/Jan/2026:14:52:15 -0700] "GET /ca/tecreations/UnicodeViewer.php?z=0&a=2&b=F&method=GET HTTP/1.1" 404 4190 "https://tecreations.ca/ca/tecreations/UnicodeViewer.php?z=0&a=1&b=F&method=GET" "Mozilla/5.0 (Linux; Android 7.0;) AppleWebKit/537.36 (KHTML, like Gecko) Mobile Safari/537.36 (compatible; PetalBot;+https://webmaster.petalsearch.com/site/petalbot)"
47.128.45.109 - - [06/Jan/2026:14:52:53 -0700] "GET /ca/tecreations/UnicodeTest2.php?a=7&b=F&method=decimalBOLD&z=E HTTP/1.1" 404 4274 "-" "Mozilla/5.0 (compatible; Bytespider; spider-feedback@bytedance.com) AppleWebKit/537.36 (KHTML, like Gecko) Chrome/70.0.0.0 Safari/537.36"
47.128.96.107 - - [06/Jan/2026:14:52:53 -0700] "GET /ca/tecreations/UnicodeTest2.php?a=9&b=A&method=entity&z=C HTTP/1.1" 404 4274 "-" "Mozilla/5.0 (compatible; Bytespider; spider-feedback@bytedance.com) AppleWebKit/537.36 (KHTML, like Gecko) Chrome/70.0.0.0 Safari/537.36"
95.214.55.117 - - [06/Jan/2026:14:53:32 -0700] "PROPFIND / HTTP/1.1" 302 3931 "-" "-"
114.119.152.47 - - [06/Jan/2026:14:53:40 -0700] "GET /ca/tecreations/UnicodeViewer.php?z=0&a=2&b=D&method=decimal HTTP/1.1" 404 4190 "https://tecreations.ca/ca/tecreations/UnicodeViewer.php?z=0&a=2&b=D&method=GET" "Mozilla/5.0 (Linux; Android 7.0;) AppleWebKit/537.36 (KHTML, like Gecko) Mobile Safari/537.36 (compatible; PetalBot;+https://webmaster.petalsearch.com/site/petalbot)"
142.112.54.31 - - [06/Jan/2026:14:53:48 -0700] "GET /wordpress/wp-login.php HTTP/1.1" 404 493 "https://www.google.com" "Mozilla/5.0 (X11; Linux x86_64) AppleWebKit/537.36 (KHTML, like Gecko) Chrome/140.0.0.0 Safari/537.36"
114.119.135.63 - - [06/Jan/2026:14:55:04 -0700] "GET /ca/tecreations/UnicodeViewer.php?z=0&a=2&b=B&method=decimalBOLD HTTP/1.1" 404 4190 "https://tecreations.ca/ca/tecreations/UnicodeViewer.php?z=0&a=2&b=B&method=GET" "Mozilla/5.0 (Linux; Android 7.0;) AppleWebKit/537.36 (KHTML, like Gecko) Mobile Safari/537.36 (compatible; PetalBot;+https://webmaster.petalsearch.com/site/petalbot)"
66.249.66.203 - - [06/Jan/2026:14:56:25 -0700] "GET /ca/tecreations/UnicodeTest2.php?z=C&a=A&b=B&method=entity HTTP/1.1" 404 4227 "-" "Mozilla/5.0 (Linux; Android 6.0.1; Nexus 5X Build/MMB29P) AppleWebKit/537.36 (KHTML, like Gecko) Chrome/143.0.7499.169 Mobile Safari/537.36 (compatible; Googlebot/2.1; +http://www.google.com/bot.html)"
114.119.152.47 - - [06/Jan/2026:14:56:27 -0700] "GET /ca/tecreations/UnicodeViewer.php?z=0&a=2&b=7&method=GET HTTP/1.1" 404 4190 "https://tecreations.ca/ca/tecreations/UnicodeViewer.php?z=0&a=4&b=7&method=GET" "Mozilla/5.0 (Linux; Android 7.0;) AppleWebKit/537.36 (KHTML, like Gecko) Mobile Safari/537.36 (compatible; PetalBot;+https://webmaster.petalsearch.com/site/petalbot)"
95.214.55.117 - - [06/Jan/2026:14:57:12 -0700] "PROPFIND / HTTP/1.1" 302 3931 "-" "-"
89.42.231.200 - - [06/Jan/2026:14:57:31 -0700] "GET / HTTP/1.1" 404 435 "-" "-"
114.119.135.63 - - [06/Jan/2026:14:57:51 -0700] "GET /ca/tecreations/UnicodeViewer.php?z=0&a=2&b=5&method=GET HTTP/1.1" 404 4190 "https://tecreations.ca/ca/tecreations/UnicodeViewer.php?z=0&a=C&b=5&method=GET" "Mozilla/5.0 (Linux; Android 7.0;) AppleWebKit/537.36 (KHTML, like Gecko) Mobile Safari/537.36 (compatible; PetalBot;+https://webmaster.petalsearch.com/site/petalbot)"
114.119.144.15 - - [06/Jan/2026:14:59:15 -0700] "GET /ca/tecreations/UnicodeViewer.php?z=0&a=2&b=4&method=GET HTTP/1.1" 404 4190 "https://tecreations.ca/ca/tecreations/UnicodeViewer.php?z=0&a=F&b=4&method=GET" "Mozilla/5.0 (Linux; Android 7.0;) AppleWebKit/537.36 (KHTML, like Gecko) Mobile Safari/537.36 (compatible; PetalBot;+https://webmaster.petalsearch.com/site/petalbot)"
52.207.244.78 - - [06/Jan/2026:14:59:38 -0700] "GET / HTTP/1.1" 404 435 "-" "Mozilla/5.0 (Windows NT 10.0; Win64; x64) AppleWebKit/537.36 (KHTML, like Gecko) Chrome/136.0.0.0 Safari/537.36"
47.128.38.13 - - [06/Jan/2026:15:00:17 -0700] "GET /ca/tecreations/UnicodeTest2.php?a=2&b=A&method=entity&z=D HTTP/1.1" 404 4278 "-" "Mozilla/5.0 (compatible; Bytespider; spider-feedback@bytedance.com) AppleWebKit/537.36 (KHTML, like Gecko) Chrome/70.0.0.0 Safari/537.36"
47.128.111.88 - - [06/Jan/2026:15:00:17 -0700] "GET /ca/tecreations/UnicodeTest2.php?z=7&a=E&b=5&method=decimalBOLD HTTP/1.1" 404 4274 "-" "Mozilla/5.0 (compatible; Bytespider; spider-feedback@bytedance.com) AppleWebKit/537.36 (KHTML, like Gecko) Chrome/70.0.0.0 Safari/537.36"
3.95.18.41 - - [06/Jan/2026:15:00:30 -0700] "GET /favicon.ico HTTP/1.1" 200 107924 "-" "Mozilla/5.0 (Windows NT 10.0; Win64; x64) AppleWebKit/537.36 (KHTML, like Gecko) Chrome/136.0.0.0 Safari/537.36"
114.119.158.46 - - [06/Jan/2026:15:00:40 -0700] "GET /ca/tecreations/UnicodeViewer.php?z=0&a=2&b=0&method=GET HTTP/1.1" 404 4190 "https://tecreations.ca/ca/tecreations/UnicodeViewer.php?z=8&a=2&b=0&method=GET" "Mozilla/5.0 (Linux; Android 7.0;) AppleWebKit/537.36 (KHTML, like Gecko) Mobile Safari/537.36 (compatible; PetalBot;+https://webmaster.petalsearch.com/site/petalbot)"
95.214.55.117 - - [06/Jan/2026:15:00:51 -0700] "PROPFIND / HTTP/1.1" 302 3931 "-" "-"
93.174.93.12 - - [06/Jan/2026:15:01:06 -0700] "GET / HTTP/1.0" 404 456 "-" "Mozilla/5.0 (iPhone; CPU iPhone OS 12_3_1 like Mac OS X) AppleWebKit/605.1.15 (KHTML, like Gecko) Mobile/15E148 MicroMessenger/7.0.5(0x17000523) NetType/WIFI Language/en"
3.80.139.44 - - [06/Jan/2026:15:01:36 -0700] "GET /robots.txt HTTP/1.1" 404 4133 "-" "Mozilla/5.0 (Windows NT 10.0; Win64; x64) AppleWebKit/537.36 (KHTML, like Gecko) Chrome/136.0.0.0 Safari/537.36"
54.234.158.58 - - [06/Jan/2026:15:01:44 -0700] "GET / HTTP/1.1" 302 3875 "-" "Mozilla/5.0 (Windows NT 10.0; Win64; x64) AppleWebKit/537.36 (KHTML, like Gecko) Chrome/136.0.0.0 Safari/537.36"
114.119.144.15 - - [06/Jan/2026:15:02:03 -0700] "GET /ca/tecreations/UnicodeViewer.php?z=0&a=1&b=E&method=decimalBOLD HTTP/1.1" 404 4190 "https://tecreations.ca/ca/tecreations/UnicodeViewer.php?z=0&a=1&b=E&method=GET" "Mozilla/5.0 (Linux; Android 7.0;) AppleWebKit/537.36 (KHTML, like Gecko) Mobile Safari/537.36 (compatible; PetalBot;+https://webmaster.petalsearch.com/site/petalbot)"
216.244.66.227 - - [06/Jan/2026:15:03:01 -0700] "GET /ca/tecreations/candidates/?C=N;O=A HTTP/1.1" 200 15129 "-" "Mozilla/5.0 (compatible; DotBot/1.2; +https://opensiteexplorer.org/dotbot; help@moz.com)"
114.119.144.15 - - [06/Jan/2026:15:03:27 -0700] "GET /ca/tecreations/UnicodeViewer.php?z=0&a=1&b=E&method=GET HTTP/1.1" 404 4190 "https://tecreations.ca/ca/tecreations/UnicodeViewer.php?z=F&a=1&b=E&method=GET" "Mozilla/5.0 (Linux; Android 7.0;) AppleWebKit/537.36 (KHTML, like Gecko) Mobile Safari/537.36 (compatible; PetalBot;+https://webmaster.petalsearch.com/site/petalbot)"
204.76.203.219 - - [06/Jan/2026:15:03:32 -0700] "GET / HTTP/1.1" 404 491 "-" "Mozilla/5.0 (Windows NT 10.0; Win64; x64) AppleWebKit/537.36 (KHTML, like Gecko) Chrome/90.0.4430.85 Safari/537.36 Edg/90.0.818.46"
95.214.55.117 - - [06/Jan/2026:15:04:12 -0700] "PROPFIND / HTTP/1.1" 302 3931 "-" "-"
114.119.137.116 - - [06/Jan/2026:15:04:50 -0700] "GET /ca/tecreations/UnicodeViewer.php?z=0&a=1&b=D&method=mb_chr HTTP/1.1" 404 4190 "https://tecreations.ca/ca/tecreations/UnicodeViewer.php?z=0&a=7&b=D&method=mb_chr" "Mozilla/5.0 (Linux; Android 7.0;) AppleWebKit/537.36 (KHTML, like Gecko) Mobile Safari/537.36 (compatible; PetalBot;+https://webmaster.petalsearch.com/site/petalbot)"
114.119.148.64 - - [06/Jan/2026:15:06:14 -0700] "GET /ca/tecreations/UnicodeViewer.php?z=0&a=1&b=C&method=decimalBOLD HTTP/1.1" 404 4190 "https://tecreations.ca/ca/tecreations/UnicodeViewer.php?z=0&a=1&b=C&method=GET" "Mozilla/5.0 (Linux; Android 7.0;) AppleWebKit/537.36 (KHTML, like Gecko) Mobile Safari/537.36 (compatible; PetalBot;+https://webmaster.petalsearch.com/site/petalbot)"
114.119.142.39 - - [06/Jan/2026:15:07:40 -0700] "GET /ca/tecreations/UnicodeViewer.php?z=0&a=1&b=B&method=decimal HTTP/1.1" 404 4190 "https://tecreations.ca/ca/tecreations/UnicodeViewer.php?z=0&a=1&b=B&method=GET" "Mozilla/5.0 (Linux; Android 7.0;) AppleWebKit/537.36 (KHTML, like Gecko) Mobile Safari/537.36 (compatible; PetalBot;+https://webmaster.petalsearch.com/site/petalbot)"
47.128.38.68 - - [06/Jan/2026:15:07:40 -0700] "GET /ca/tecreations/UnicodeTest2.php?a=F&b=6&method=mb_chr&z=10 HTTP/1.1" 404 4274 "-" "Mozilla/5.0 (compatible; Bytespider; spider-feedback@bytedance.com) AppleWebKit/537.36 (KHTML, like Gecko) Chrome/70.0.0.0 Safari/537.36"
47.128.35.40 - - [06/Jan/2026:15:07:40 -0700] "GET /ca/tecreations/UnicodeTest2.php?a=C&b=C&method=decimalBOLD&z=D HTTP/1.1" 404 4274 "-" "Mozilla/5.0 (compatible; Bytespider; spider-feedback@bytedance.com) AppleWebKit/537.36 (KHTML, like Gecko) Chrome/70.0.0.0 Safari/537.36"
95.214.55.117 - - [06/Jan/2026:15:08:01 -0700] "PROPFIND / HTTP/1.1" 302 3931 "-" "-"
114.119.144.15 - - [06/Jan/2026:15:09:01 -0700] "GET /ca/tecreations/UnicodeViewer.php?z=0&a=1&b=B&method=GET HTTP/1.1" 404 4190 "https://tecreations.ca/ca/tecreations/UnicodeViewer.php?z=0&a=1&b=C&method=GET" "Mozilla/5.0 (Linux; Android 7.0;) AppleWebKit/537.36 (KHTML, like Gecko) Mobile Safari/537.36 (compatible; PetalBot;+https://webmaster.petalsearch.com/site/petalbot)"
216.244.66.227 - - [06/Jan/2026:15:10:22 -0700] "GET /ca/tecreations/snapshots/2025/7/?C=D;O=D HTTP/1.1" 200 6004 "-" "Mozilla/5.0 (compatible; DotBot/1.2; +https://opensiteexplorer.org/dotbot; help@moz.com)"
114.119.137.116 - - [06/Jan/2026:15:10:25 -0700] "GET /ca/tecreations/UnicodeViewer.php?z=0&a=1&b=A&method=GET HTTP/1.1" 404 4190 "https://tecreations.ca/ca/tecreations/UnicodeViewer.php?z=0&a=1&b=C&method=GET" "Mozilla/5.0 (Linux; Android 7.0;) AppleWebKit/537.36 (KHTML, like Gecko) Mobile Safari/537.36 (compatible; PetalBot;+https://webmaster.petalsearch.com/site/petalbot)"
103.131.71.91 - - [06/Jan/2026:15:10:52 -0700] "GET /robots.txt HTTP/1.1" 404 456 "-" "Mozilla/5.0 (compatible; coccocbot-web/1.0; +http://help.coccoc.com/searchengine)"
95.214.55.117 - - [06/Jan/2026:15:11:27 -0700] "PROPFIND / HTTP/1.1" 302 3931 "-" "-"
114.119.142.39 - - [06/Jan/2026:15:11:49 -0700] "GET /ca/tecreations/UnicodeViewer.php?z=0&a=1&b=4&method=mb_chr HTTP/1.1" 404 4190 "https://tecreations.ca/ca/tecreations/UnicodeViewer.php?z=0&a=1&b=4&method=GET" "Mozilla/5.0 (Linux; Android 7.0;) AppleWebKit/537.36 (KHTML, like Gecko) Mobile Safari/537.36 (compatible; PetalBot;+https://webmaster.petalsearch.com/site/petalbot)"
49.51.204.74 - - [06/Jan/2026:15:12:13 -0700] "GET /ca/tecreations/scriptures/NIV/en/Proverbs/Proverbs_10.php HTTP/1.1" 200 5345 "-" "Mozilla/5.0 (iPhone; CPU iPhone OS 13_2_3 like Mac OS X) AppleWebKit/605.1.15 (KHTML, like Gecko) Version/13.0.3 Mobile/15E148 Safari/604.1"
114.119.154.166 - - [06/Jan/2026:15:13:13 -0700] "GET /ca/tecreations/UnicodeViewer.php?z=0&a=1&b=3&method=GET HTTP/1.1" 404 4190 "https://tecreations.ca/ca/tecreations/UnicodeViewer.php?z=0&a=1&b=C&method=GET" "Mozilla/5.0 (Linux; Android 7.0;) AppleWebKit/537.36 (KHTML, like Gecko) Mobile Safari/537.36 (compatible; PetalBot;+https://webmaster.petalsearch.com/site/petalbot)"
114.119.148.64 - - [06/Jan/2026:15:14:38 -0700] "GET /java/downloads/release/tecreations-0.4.0.jar HTTP/1.1" 404 4190 "https://tecreations.ca/java/downloads/release/" "Mozilla/5.0 (Linux; Android 7.0;) AppleWebKit/537.36 (KHTML, like Gecko) Mobile Safari/537.36 (compatible; PetalBot;+https://webmaster.petalsearch.com/site/petalbot)"
47.128.97.21 - - [06/Jan/2026:15:14:50 -0700] "GET /ca/tecreations/UnicodeTest2.php?a=E&b=5&method=decimalBOLD&z=B HTTP/1.1" 404 4278 "-" "Mozilla/5.0 (compatible; Bytespider; spider-feedback@bytedance.com) AppleWebKit/537.36 (KHTML, like Gecko) Chrome/70.0.0.0 Safari/537.36"
47.128.117.99 - - [06/Jan/2026:15:14:50 -0700] "GET /ca/tecreations/UnicodeTest2.php?a=0&b=3&method=entity&z=7 HTTP/1.1" 404 4274 "-" "Mozilla/5.0 (compatible; Bytespider; spider-feedback@bytedance.com) AppleWebKit/537.36 (KHTML, like Gecko) Chrome/70.0.0.0 Safari/537.36"
95.214.55.117 - - [06/Jan/2026:15:15:23 -0700] "PROPFIND / HTTP/1.1" 302 3931 "-" "-"
23.132.164.142 - - [06/Jan/2026:15:15:37 -0700] "GET / HTTP/1.1" 404 437 "-" "-"
114.119.142.39 - - [06/Jan/2026:15:16:01 -0700] "GET /ca/tecreations/prod/' HTTP/1.1" 404 4190 "https://tecreations.ca/ca/tecreations/ViewFile.php?path=ca/tecreations/PREVIOUS/page_content_131.php" "Mozilla/5.0 (Linux; Android 7.0;) AppleWebKit/537.36 (KHTML, like Gecko) Mobile Safari/537.36 (compatible; PetalBot;+https://webmaster.petalsearch.com/site/petalbot)"
188.166.181.161 - - [06/Jan/2026:15:17:04 -0700] "GET /icons/image2.gif HTTP/1.1" 200 4290 "https://tecreations.ca/" "Mozilla/5.0 (Windows NT 10.0; Win64; x64) AppleWebKit/537.36 (KHTML, like Gecko) Chrome/124.0.0.0 Safari/537.36"
114.119.142.39 - - [06/Jan/2026:15:17:25 -0700] "GET /ca/tecreations/documentation/capturetool.php HTTP/1.1" 200 4426 "https://tecreations.ca/ca/tecreations/documentation/?C=S%3BO%3DA" "Mozilla/5.0 (Linux; Android 7.0;) AppleWebKit/537.36 (KHTML, like Gecko) Mobile Safari/537.36 (compatible; PetalBot;+https://webmaster.petalsearch.com/site/petalbot)"
95.214.55.117 - - [06/Jan/2026:15:18:44 -0700] "PROPFIND / HTTP/1.1" 302 3931 "-" "-"
114.119.135.63 - - [06/Jan/2026:15:18:48 -0700] "GET /ca/tecreations/UnicodeViewer.php?z=0&a=1&b=1&method=GET HTTP/1.1" 404 4190 "https://tecreations.ca/ca/tecreations/UnicodeViewer.php?z=0&a=E&b=1&method=GET" "Mozilla/5.0 (Linux; Android 7.0;) AppleWebKit/537.36 (KHTML, like Gecko) Mobile Safari/537.36 (compatible; PetalBot;+https://webmaster.petalsearch.com/site/petalbot)"
114.119.137.116 - - [06/Jan/2026:15:20:11 -0700] "GET /ca/tecreations/UnicodeViewer.php?z=0&a=1&b=0&method=decimalBOLD HTTP/1.1" 404 4190 "https://tecreations.ca/ca/tecreations/UnicodeViewer.php?z=0&a=4&b=0&method=decimalBOLD" "Mozilla/5.0 (Linux; Android 7.0;) AppleWebKit/537.36 (KHTML, like Gecko) Mobile Safari/537.36 (compatible; PetalBot;+https://webmaster.petalsearch.com/site/petalbot)"
51.161.84.110 - - [06/Jan/2026:15:20:37 -0700] "GET /robots.txt HTTP/1.1" 404 493 "-" "Mozilla/5.0 (compatible; MJ12bot/v1.4.8; http://mj12bot.com/)"
51.161.84.110 - - [06/Jan/2026:15:20:38 -0700] "GET /robots.txt HTTP/1.1" 404 493 "-" "Mozilla/5.0 (compatible; MJ12bot/v1.4.8; http://mj12bot.com/)"
51.161.84.110 - - [06/Jan/2026:15:20:39 -0700] "GET /ca/tecreations/snapshots/2025/10/23/Morning%20-%2011.59.59/%00http HTTP/1.1" 404 437 "-" "Mozilla/5.0 (compatible; MJ12bot/v1.4.8; http://mj12bot.com/)"
51.161.84.110 - - [06/Jan/2026:15:20:39 -0700] "GET /ca/tecreations/snapshots/2025/10/23/Morning%20-%2011.59.59/%00http HTTP/1.1" 404 437 "-" "Mozilla/5.0 (compatible; MJ12bot/v1.4.8; http://mj12bot.com/)"
51.161.84.110 - - [06/Jan/2026:15:20:41 -0700] "GET /ca/tecreations/snapshots/2025/11/3/8.21.44%20-%20User%20Initiated/%00http HTTP/1.1" 404 437 "-" "Mozilla/5.0 (compatible; MJ12bot/v1.4.8; http://mj12bot.com/)"
51.161.84.110 - - [06/Jan/2026:15:20:41 -0700] "GET /ca/tecreations/snapshots/2025/11/3/8.21.44%20-%20User%20Initiated/%00http HTTP/1.1" 404 437 "-" "Mozilla/5.0 (compatible; MJ12bot/v1.4.8; http://mj12bot.com/)"
51.161.84.110 - - [06/Jan/2026:15:20:42 -0700] "GET /ca/tecreations/snapshots/2025/11/3/Evening%20-%2023.59.59/%00http HTTP/1.1" 404 437 "-" "Mozilla/5.0 (compatible; MJ12bot/v1.4.8; http://mj12bot.com/)"
51.161.84.110 - - [06/Jan/2026:15:20:42 -0700] "GET /ca/tecreations/snapshots/2025/11/3/Evening%20-%2023.59.59/%00http HTTP/1.1" 404 437 "-" "Mozilla/5.0 (compatible; MJ12bot/v1.4.8; http://mj12bot.com/)"
51.161.84.110 - - [06/Jan/2026:15:20:43 -0700] "GET /robots.txt HTTP/1.1" 404 493 "-" "Mozilla/5.0 (compatible; MJ12bot/v1.4.8; http://mj12bot.com/)"
51.161.84.110 - - [06/Jan/2026:15:20:44 -0700] "GET /ca/tecreations/snapshots/2025/11/3/Morning%20-%2011.59.59/%00http HTTP/1.1" 404 437 "-" "Mozilla/5.0 (compatible; MJ12bot/v1.4.8; http://mj12bot.com/)"
51.161.84.110 - - [06/Jan/2026:15:20:44 -0700] "GET /ca/tecreations/snapshots/2025/11/3/Morning%20-%2011.59.59/%00http HTTP/1.1" 404 437 "-" "Mozilla/5.0 (compatible; MJ12bot/v1.4.8; http://mj12bot.com/)"
51.161.84.110 - - [06/Jan/2026:15:20:45 -0700] "GET /robots.txt HTTP/1.1" 404 493 "-" "Mozilla/5.0 (compatible; MJ12bot/v1.4.8; http://mj12bot.com/)"
51.161.84.110 - - [06/Jan/2026:15:20:45 -0700] "GET /ca/tecreations/snapshots/2025/11/31/Morning%20-%2011.59.59/%00http HTTP/1.1" 404 437 "-" "Mozilla/5.0 (compatible; MJ12bot/v1.4.8; http://mj12bot.com/)"
51.161.84.110 - - [06/Jan/2026:15:20:46 -0700] "GET /ca/tecreations/snapshots/2025/11/31/Morning%20-%2011.59.59/%00http HTTP/1.1" 404 437 "-" "Mozilla/5.0 (compatible; MJ12bot/v1.4.8; http://mj12bot.com/)"
51.161.84.110 - - [06/Jan/2026:15:20:47 -0700] "GET /ca/tecreations/snapshots/2025/10/23/Morning%20-%2011.59.59/%00http HTTP/1.1" 404 437 "-" "Mozilla/5.0 (compatible; MJ12bot/v1.4.8; http://mj12bot.com/)"
51.161.84.110 - - [06/Jan/2026:15:20:47 -0700] "GET /ca/tecreations/snapshots/2025/10/23/Morning%20-%2011.59.59/%00http HTTP/1.1" 404 437 "-" "Mozilla/5.0 (compatible; MJ12bot/v1.4.8; http://mj12bot.com/)"
51.161.84.110 - - [06/Jan/2026:15:20:47 -0700] "GET /ca/tecreations/snapshots/2025/11/4/10.33.06%20-%20User%20Initiated/%00http HTTP/1.1" 404 437 "-" "Mozilla/5.0 (compatible; MJ12bot/v1.4.8; http://mj12bot.com/)"
51.161.84.110 - - [06/Jan/2026:15:20:47 -0700] "GET /ca/tecreations/snapshots/2025/11/4/10.33.06%20-%20User%20Initiated/%00http HTTP/1.1" 404 437 "-" "Mozilla/5.0 (compatible; MJ12bot/v1.4.8; http://mj12bot.com/)"
51.161.84.110 - - [06/Jan/2026:15:20:49 -0700] "GET /ca/tecreations/snapshots/2025/11/4/11.12.43%20-%20User%20Initiated/%00http HTTP/1.1" 404 437 "-" "Mozilla/5.0 (compatible; MJ12bot/v1.4.8; http://mj12bot.com/)"
51.161.84.110 - - [06/Jan/2026:15:20:49 -0700] "GET /ca/tecreations/snapshots/2025/11/3/8.21.44%20-%20User%20Initiated/%00http HTTP/1.1" 404 437 "-" "Mozilla/5.0 (compatible; MJ12bot/v1.4.8; http://mj12bot.com/)"
51.161.84.110 - - [06/Jan/2026:15:20:49 -0700] "GET /ca/tecreations/snapshots/2025/11/4/11.12.43%20-%20User%20Initiated/%00http HTTP/1.1" 404 437 "-" "Mozilla/5.0 (compatible; MJ12bot/v1.4.8; http://mj12bot.com/)"
51.161.84.110 - - [06/Jan/2026:15:20:50 -0700] "GET /ca/tecreations/snapshots/2025/11/4/4.28.16%20-%20User%20Initiated/%00http HTTP/1.1" 404 437 "-" "Mozilla/5.0 (compatible; MJ12bot/v1.4.8; http://mj12bot.com/)"
51.161.84.110 - - [06/Jan/2026:15:20:51 -0700] "GET /ca/tecreations/snapshots/2025/11/3/Evening%20-%2023.59.59/%00http HTTP/1.1" 404 437 "-" "Mozilla/5.0 (compatible; MJ12bot/v1.4.8; http://mj12bot.com/)"
51.161.84.110 - - [06/Jan/2026:15:20:52 -0700] "GET /ca/tecreations/snapshots/2025/11/4/Evening%20-%2023.59.59/%00http HTTP/1.1" 404 437 "-" "Mozilla/5.0 (compatible; MJ12bot/v1.4.8; http://mj12bot.com/)"
51.161.84.110 - - [06/Jan/2026:15:20:52 -0700] "GET /ca/tecreations/snapshots/2025/11/4/4.28.16%20-%20User%20Initiated/%00http HTTP/1.1" 404 437 "-" "Mozilla/5.0 (compatible; MJ12bot/v1.4.8; http://mj12bot.com/)"
51.161.84.110 - - [06/Jan/2026:15:20:53 -0700] "GET /ca/tecreations/snapshots/2025/11/4/Morning%20-%2011.59.59/%00http HTTP/1.1" 404 437 "-" "Mozilla/5.0 (compatible; MJ12bot/v1.4.8; http://mj12bot.com/)"
51.161.84.110 - - [06/Jan/2026:15:20:53 -0700] "GET /ca/tecreations/snapshots/2025/11/4/Evening%20-%2023.59.59/%00http HTTP/1.1" 404 437 "-" "Mozilla/5.0 (compatible; MJ12bot/v1.4.8; http://mj12bot.com/)"
51.161.84.110 - - [06/Jan/2026:15:20:54 -0700] "GET /ca/tecreations/snapshots/2025/11/3/Morning%20-%2011.59.59/%00http HTTP/1.1" 404 437 "-" "Mozilla/5.0 (compatible; MJ12bot/v1.4.8; http://mj12bot.com/)"
51.161.84.110 - - [06/Jan/2026:15:20:55 -0700] "GET /ca/tecreations/snapshots/2025/11/5/11.37.26%20-%20User%20Initiated/%00http HTTP/1.1" 404 437 "-" "Mozilla/5.0 (compatible; MJ12bot/v1.4.8; http://mj12bot.com/)"
51.161.84.110 - - [06/Jan/2026:15:20:55 -0700] "GET /ca/tecreations/snapshots/2025/11/4/Morning%20-%2011.59.59/%00http HTTP/1.1" 404 437 "-" "Mozilla/5.0 (compatible; MJ12bot/v1.4.8; http://mj12bot.com/)"
51.161.84.110 - - [06/Jan/2026:15:20:56 -0700] "GET /ca/tecreations/snapshots/2025/11/5/4.15.51%20-%20User%20Initiated/%00http HTTP/1.1" 404 437 "-" "Mozilla/5.0 (compatible; MJ12bot/v1.4.8; http://mj12bot.com/)"
51.161.84.110 - - [06/Jan/2026:15:20:57 -0700] "GET /ca/tecreations/snapshots/2025/11/5/11.37.26%20-%20User%20Initiated/%00http HTTP/1.1" 404 437 "-" "Mozilla/5.0 (compatible; MJ12bot/v1.4.8; http://mj12bot.com/)"
51.161.84.110 - - [06/Jan/2026:15:20:58 -0700] "GET /ca/tecreations/snapshots/2025/11/5/4.45.35%20-%20User%20Initiated/%00http HTTP/1.1" 404 437 "-" "Mozilla/5.0 (compatible; MJ12bot/v1.4.8; http://mj12bot.com/)"
51.161.84.110 - - [06/Jan/2026:15:20:58 -0700] "GET /ca/tecreations/snapshots/2025/11/31/Morning%20-%2011.59.59/%00http HTTP/1.1" 404 437 "-" "Mozilla/5.0 (compatible; MJ12bot/v1.4.8; http://mj12bot.com/)"
51.161.84.110 - - [06/Jan/2026:15:20:59 -0700] "GET /ca/tecreations/snapshots/2025/11/5/4.15.51%20-%20User%20Initiated/%00http HTTP/1.1" 404 437 "-" "Mozilla/5.0 (compatible; MJ12bot/v1.4.8; http://mj12bot.com/)"
51.161.84.110 - - [06/Jan/2026:15:20:59 -0700] "GET /ca/tecreations/snapshots/2025/11/4/10.33.06%20-%20User%20Initiated/%00http HTTP/1.1" 404 437 "-" "Mozilla/5.0 (compatible; MJ12bot/v1.4.8; http://mj12bot.com/)"
51.161.84.110 - - [06/Jan/2026:15:20:59 -0700] "GET /ca/tecreations/snapshots/2025/11/5/Morning%20-%2011.59.59/%00http HTTP/1.1" 404 437 "-" "Mozilla/5.0 (compatible; MJ12bot/v1.4.8; http://mj12bot.com/)"
51.161.84.110 - - [06/Jan/2026:15:21:00 -0700] "GET /ca/tecreations/snapshots/2025/11/3/8.21.44%20-%20User%20Initiated/%00http HTTP/1.1" 404 437 "-" "Mozilla/5.0 (compatible; MJ12bot/v1.4.8; http://mj12bot.com/)"
51.161.84.110 - - [06/Jan/2026:15:21:01 -0700] "GET /ca/tecreations/snapshots/2025/11/5/4.45.35%20-%20User%20Initiated/%00http HTTP/1.1" 404 437 "-" "Mozilla/5.0 (compatible; MJ12bot/v1.4.8; http://mj12bot.com/)"
51.161.84.110 - - [06/Jan/2026:15:21:01 -0700] "GET /ca/tecreations/snapshots/2025/11/4/11.12.43%20-%20User%20Initiated/%00http HTTP/1.1" 404 437 "-" "Mozilla/5.0 (compatible; MJ12bot/v1.4.8; http://mj12bot.com/)"
51.161.84.110 - - [06/Jan/2026:15:21:01 -0700] "GET /ca/tecreations/snapshots/2025/11/7/Evening%20-%2023.59.59/%00http HTTP/1.1" 404 437 "-" "Mozilla/5.0 (compatible; MJ12bot/v1.4.8; http://mj12bot.com/)"
51.161.84.110 - - [06/Jan/2026:15:21:02 -0700] "GET /ca/tecreations/snapshots/2025/11/3/Evening%20-%2023.59.59/%00http HTTP/1.1" 404 437 "-" "Mozilla/5.0 (compatible; MJ12bot/v1.4.8; http://mj12bot.com/)"
51.161.84.110 - - [06/Jan/2026:15:21:02 -0700] "GET /ca/tecreations/snapshots/2025/11/5/Morning%20-%2011.59.59/%00http HTTP/1.1" 404 437 "-" "Mozilla/5.0 (compatible; MJ12bot/v1.4.8; http://mj12bot.com/)"
51.161.84.110 - - [06/Jan/2026:15:21:02 -0700] "GET /ca/tecreations/snapshots/2025/11/4/4.28.16%20-%20User%20Initiated/%00http HTTP/1.1" 404 437 "-" "Mozilla/5.0 (compatible; MJ12bot/v1.4.8; http://mj12bot.com/)"
51.161.84.110 - - [06/Jan/2026:15:21:03 -0700] "GET /ca/tecreations/snapshots/2025/7/28/Evening%20-%2021.21.52/%00http HTTP/1.1" 404 437 "-" "Mozilla/5.0 (compatible; MJ12bot/v1.4.8; http://mj12bot.com/)"
51.161.84.110 - - [06/Jan/2026:15:21:04 -0700] "GET /ca/tecreations/snapshots/2025/11/7/Evening%20-%2023.59.59/%00http HTTP/1.1" 404 437 "-" "Mozilla/5.0 (compatible; MJ12bot/v1.4.8; http://mj12bot.com/)"
51.161.84.110 - - [06/Jan/2026:15:21:04 -0700] "GET /ca/tecreations/snapshots/2025/11/3/Morning%20-%2011.59.59/%00http HTTP/1.1" 404 437 "-" "Mozilla/5.0 (compatible; MJ12bot/v1.4.8; http://mj12bot.com/)"
51.161.84.110 - - [06/Jan/2026:15:21:04 -0700] "GET /ca/tecreations/snapshots/2025/11/4/Evening%20-%2023.59.59/%00http HTTP/1.1" 404 437 "-" "Mozilla/5.0 (compatible; MJ12bot/v1.4.8; http://mj12bot.com/)"
51.161.84.110 - - [06/Jan/2026:15:21:04 -0700] "GET /ca/tecreations/snapshots/2025/7/28/Morning%20-%2011.59.59/%00http HTTP/1.1" 404 437 "-" "Mozilla/5.0 (compatible; MJ12bot/v1.4.8; http://mj12bot.com/)"
51.161.84.110 - - [06/Jan/2026:15:21:05 -0700] "GET /ca/tecreations/snapshots/2025/11/31/Morning%20-%2011.59.59/%00http HTTP/1.1" 404 437 "-" "Mozilla/5.0 (compatible; MJ12bot/v1.4.8; http://mj12bot.com/)"
51.161.84.110 - - [06/Jan/2026:15:21:06 -0700] "GET /ca/tecreations/snapshots/2025/7/29/16.59.01%20-%20User%20Initiated/%00http HTTP/1.1" 404 437 "-" "Mozilla/5.0 (compatible; MJ12bot/v1.4.8; http://mj12bot.com/)"
51.161.84.110 - - [06/Jan/2026:15:21:06 -0700] "GET /ca/tecreations/snapshots/2025/11/4/Morning%20-%2011.59.59/%00http HTTP/1.1" 404 437 "-" "Mozilla/5.0 (compatible; MJ12bot/v1.4.8; http://mj12bot.com/)"
51.161.84.110 - - [06/Jan/2026:15:21:07 -0700] "GET /ca/tecreations/snapshots/2025/7/28/Evening%20-%2021.21.52/%00http HTTP/1.1" 404 437 "-" "Mozilla/5.0 (compatible; MJ12bot/v1.4.8; http://mj12bot.com/)"
51.161.84.110 - - [06/Jan/2026:15:21:07 -0700] "GET /ca/tecreations/snapshots/2025/11/4/10.33.06%20-%20User%20Initiated/%00http HTTP/1.1" 404 437 "-" "Mozilla/5.0 (compatible; MJ12bot/v1.4.8; http://mj12bot.com/)"
51.161.84.110 - - [06/Jan/2026:15:21:07 -0700] "GET /ca/tecreations/snapshots/2025/7/29/6.26.30%20-%20User%20Initiated/%00http HTTP/1.1" 404 437 "-" "Mozilla/5.0 (compatible; MJ12bot/v1.4.8; http://mj12bot.com/)"
51.161.84.110 - - [06/Jan/2026:15:21:09 -0700] "GET /ca/tecreations/snapshots/2025/8/18/Morning%20-%2011.59.59/%00http HTTP/1.1" 404 437 "-" "Mozilla/5.0 (compatible; MJ12bot/v1.4.8; http://mj12bot.com/)"
51.161.84.110 - - [06/Jan/2026:15:21:09 -0700] "GET /ca/tecreations/snapshots/2025/7/28/Morning%20-%2011.59.59/%00http HTTP/1.1" 404 437 "-" "Mozilla/5.0 (compatible; MJ12bot/v1.4.8; http://mj12bot.com/)"
51.161.84.110 - - [06/Jan/2026:15:21:09 -0700] "GET /ca/tecreations/snapshots/2025/11/5/11.37.26%20-%20User%20Initiated/%00http HTTP/1.1" 404 437 "-" "Mozilla/5.0 (compatible; MJ12bot/v1.4.8; http://mj12bot.com/)"
51.161.84.110 - - [06/Jan/2026:15:21:10 -0700] "GET /ca/tecreations/snapshots/2025/8/19/3.21.49%20-%20User%20Initiated/%00http HTTP/1.1" 404 437 "-" "Mozilla/5.0 (compatible; MJ12bot/v1.4.8; http://mj12bot.com/)"
51.161.84.110 - - [06/Jan/2026:15:21:11 -0700] "GET /ca/tecreations/snapshots/2025/7/29/16.59.01%20-%20User%20Initiated/%00http HTTP/1.1" 404 437 "-" "Mozilla/5.0 (compatible; MJ12bot/v1.4.8; http://mj12bot.com/)"
51.161.84.110 - - [06/Jan/2026:15:21:12 -0700] "GET /ca/tecreations/snapshots/2025/8/20/Morning%20-%2011.59.59/%00http HTTP/1.1" 404 437 "-" "Mozilla/5.0 (compatible; MJ12bot/v1.4.8; http://mj12bot.com/)"
51.161.84.110 - - [06/Jan/2026:15:21:14 -0700] "GET /ca/tecreations/snapshots/2025/11/4/4.28.16%20-%20User%20Initiated/%00http HTTP/1.1" 404 437 "-" "Mozilla/5.0 (compatible; MJ12bot/v1.4.8; http://mj12bot.com/)"
51.161.84.110 - - [06/Jan/2026:15:21:14 -0700] "GET /ca/tecreations/snapshots/2025/7/29/6.26.30%20-%20User%20Initiated/%00http HTTP/1.1" 404 437 "-" "Mozilla/5.0 (compatible; MJ12bot/v1.4.8; http://mj12bot.com/)"
51.161.84.110 - - [06/Jan/2026:15:21:15 -0700] "GET /ca/tecreations/snapshots/2025/11/5/4.15.51%20-%20User%20Initiated/%00http HTTP/1.1" 404 437 "-" "Mozilla/5.0 (compatible; MJ12bot/v1.4.8; http://mj12bot.com/)"
51.161.84.110 - - [06/Jan/2026:15:21:16 -0700] "GET /ca/tecreations/snapshots/2025/8/18/Morning%20-%2011.59.59/%00http HTTP/1.1" 404 437 "-" "Mozilla/5.0 (compatible; MJ12bot/v1.4.8; http://mj12bot.com/)"
51.161.84.110 - - [06/Jan/2026:15:21:16 -0700] "GET /ca/tecreations/snapshots/2025/11/4/Evening%20-%2023.59.59/%00http HTTP/1.1" 404 437 "-" "Mozilla/5.0 (compatible; MJ12bot/v1.4.8; http://mj12bot.com/)"
51.161.84.110 - - [06/Jan/2026:15:21:17 -0700] "GET /ca/tecreations/snapshots/2025/11/5/4.45.35%20-%20User%20Initiated/%00http HTTP/1.1" 404 437 "-" "Mozilla/5.0 (compatible; MJ12bot/v1.4.8; http://mj12bot.com/)"
51.161.84.110 - - [06/Jan/2026:15:21:18 -0700] "GET /ca/tecreations/snapshots/2025/11/4/Morning%20-%2011.59.59/%00http HTTP/1.1" 404 437 "-" "Mozilla/5.0 (compatible; MJ12bot/v1.4.8; http://mj12bot.com/)"
51.161.84.110 - - [06/Jan/2026:15:21:18 -0700] "GET /ca/tecreations/snapshots/2025/11/5/Morning%20-%2011.59.59/%00http HTTP/1.1" 404 437 "-" "Mozilla/5.0 (compatible; MJ12bot/v1.4.8; http://mj12bot.com/)"
51.161.84.110 - - [06/Jan/2026:15:21:19 -0700] "GET /ca/tecreations/snapshots/2025/8/19/3.21.49%20-%20User%20Initiated/%00http HTTP/1.1" 404 437 "-" "Mozilla/5.0 (compatible; MJ12bot/v1.4.8; http://mj12bot.com/)"
51.161.84.110 - - [06/Jan/2026:15:21:20 -0700] "GET /ca/tecreations/snapshots/2025/11/7/Evening%20-%2023.59.59/%00http HTTP/1.1" 404 437 "-" "Mozilla/5.0 (compatible; MJ12bot/v1.4.8; http://mj12bot.com/)"
51.161.84.110 - - [06/Jan/2026:15:21:20 -0700] "GET /ca/tecreations/snapshots/2025/11/5/11.37.26%20-%20User%20Initiated/%00http HTTP/1.1" 404 437 "-" "Mozilla/5.0 (compatible; MJ12bot/v1.4.8; http://mj12bot.com/)"
51.161.84.110 - - [06/Jan/2026:15:21:21 -0700] "GET /ca/tecreations/snapshots/2025/8/20/Morning%20-%2011.59.59/%00http HTTP/1.1" 404 437 "-" "Mozilla/5.0 (compatible; MJ12bot/v1.4.8; http://mj12bot.com/)"
51.161.84.110 - - [06/Jan/2026:15:21:22 -0700] "GET /ca/tecreations/snapshots/2025/7/28/Evening%20-%2021.21.52/%00http HTTP/1.1" 404 437 "-" "Mozilla/5.0 (compatible; MJ12bot/v1.4.8; http://mj12bot.com/)"
51.161.84.110 - - [06/Jan/2026:15:21:22 -0700] "GET /ca/tecreations/snapshots/2025/11/5/4.15.51%20-%20User%20Initiated/%00http HTTP/1.1" 404 437 "-" "Mozilla/5.0 (compatible; MJ12bot/v1.4.8; http://mj12bot.com/)"
51.161.84.110 - - [06/Jan/2026:15:21:23 -0700] "GET /ca/tecreations/snapshots/2025/8/29/Evening%20-%2023.59.59/%00http HTTP/1.1" 404 437 "-" "Mozilla/5.0 (compatible; MJ12bot/v1.4.8; http://mj12bot.com/)"
51.161.84.110 - - [06/Jan/2026:15:21:24 -0700] "GET /ca/tecreations/snapshots/2025/9/4/Evening%20-%2023.59.59/%00http HTTP/1.1" 404 437 "-" "Mozilla/5.0 (compatible; MJ12bot/v1.4.8; http://mj12bot.com/)"
51.161.84.110 - - [06/Jan/2026:15:21:25 -0700] "GET /ca/tecreations/snapshots/2025/11/5/4.45.35%20-%20User%20Initiated/%00http HTTP/1.1" 404 437 "-" "Mozilla/5.0 (compatible; MJ12bot/v1.4.8; http://mj12bot.com/)"
51.161.84.110 - - [06/Jan/2026:15:21:26 -0700] "GET /ca/tecreations/snapshots/2025/8/29/Evening%20-%2023.59.59/%00http HTTP/1.1" 404 437 "-" "Mozilla/5.0 (compatible; MJ12bot/v1.4.8; http://mj12bot.com/)"
51.161.84.110 - - [06/Jan/2026:15:21:26 -0700] "GET /ca/tecreations/snapshots/2025/9/5/10.44.40%20-%20User%20Initiated/%00http HTTP/1.1" 404 437 "-" "Mozilla/5.0 (compatible; MJ12bot/v1.4.8; http://mj12bot.com/)"
51.161.84.110 - - [06/Jan/2026:15:21:27 -0700] "GET /ca/tecreations/snapshots/2025/11/5/Morning%20-%2011.59.59/%00http HTTP/1.1" 404 437 "-" "Mozilla/5.0 (compatible; MJ12bot/v1.4.8; http://mj12bot.com/)"
51.161.84.110 - - [06/Jan/2026:15:21:27 -0700] "GET /ca/tecreations/snapshots/2025/7/28/Morning%20-%2011.59.59/%00http HTTP/1.1" 404 437 "-" "Mozilla/5.0 (compatible; MJ12bot/v1.4.8; http://mj12bot.com/)"
51.161.84.110 - - [06/Jan/2026:15:21:27 -0700] "GET /ca/tecreations/snapshots/2025/9/4/Evening%20-%2023.59.59/%00http HTTP/1.1" 404 437 "-" "Mozilla/5.0 (compatible; MJ12bot/v1.4.8; http://mj12bot.com/)"
51.161.84.110 - - [06/Jan/2026:15:21:28 -0700] "GET /ca/tecreations/snapshots/2025/11/7/Evening%20-%2023.59.59/%00http HTTP/1.1" 404 437 "-" "Mozilla/5.0 (compatible; MJ12bot/v1.4.8; http://mj12bot.com/)"
51.161.84.110 - - [06/Jan/2026:15:21:29 -0700] "GET /ca/tecreations/snapshots/2025/9/5/10.44.40%20-%20User%20Initiated/%00http HTTP/1.1" 404 437 "-" "Mozilla/5.0 (compatible; MJ12bot/v1.4.8; http://mj12bot.com/)"
51.161.84.110 - - [06/Jan/2026:15:21:30 -0700] "GET /ca/tecreations/snapshots/2025/9/5/13.13.23%20-%20User%20Initiated/%00http HTTP/1.1" 404 437 "-" "Mozilla/5.0 (compatible; MJ12bot/v1.4.8; http://mj12bot.com/)"
51.161.84.110 - - [06/Jan/2026:15:21:30 -0700] "GET /ca/tecreations/snapshots/2025/7/29/16.59.01%20-%20User%20Initiated/%00http HTTP/1.1" 404 437 "-" "Mozilla/5.0 (compatible; MJ12bot/v1.4.8; http://mj12bot.com/)"
51.161.84.110 - - [06/Jan/2026:15:21:30 -0700] "GET /ca/tecreations/snapshots/2025/7/28/Evening%20-%2021.21.52/%00http HTTP/1.1" 404 437 "-" "Mozilla/5.0 (compatible; MJ12bot/v1.4.8; http://mj12bot.com/)"
51.161.84.110 - - [06/Jan/2026:15:21:31 -0700] "GET /ca/tecreations/snapshots/2025/7/29/6.26.30%20-%20User%20Initiated/%00http HTTP/1.1" 404 437 "-" "Mozilla/5.0 (compatible; MJ12bot/v1.4.8; http://mj12bot.com/)"
51.161.84.110 - - [06/Jan/2026:15:21:32 -0700] "GET /ca/tecreations/snapshots/2025/9/5/13.13.23%20-%20User%20Initiated/%00http HTTP/1.1" 404 437 "-" "Mozilla/5.0 (compatible; MJ12bot/v1.4.8; http://mj12bot.com/)"
51.161.84.110 - - [06/Jan/2026:15:21:32 -0700] "GET /ca/tecreations/snapshots/2025/7/28/Morning%20-%2011.59.59/%00http HTTP/1.1" 404 437 "-" "Mozilla/5.0 (compatible; MJ12bot/v1.4.8; http://mj12bot.com/)"
51.161.84.110 - - [06/Jan/2026:15:21:32 -0700] "GET /ca/tecreations/snapshots/2025/9/5/22.52.21%20-%20User%20Initiated/%00http HTTP/1.1" 404 437 "-" "Mozilla/5.0 (compatible; MJ12bot/v1.4.8; http://mj12bot.com/)"
51.161.84.110 - - [06/Jan/2026:15:21:33 -0700] "GET /ca/tecreations/snapshots/2025/9/5/22.52.21%20-%20User%20Initiated/%00http HTTP/1.1" 404 437 "-" "Mozilla/5.0 (compatible; MJ12bot/v1.4.8; http://mj12bot.com/)"
51.161.84.110 - - [06/Jan/2026:15:21:35 -0700] "GET /ca/tecreations/snapshots/2025/7/29/16.59.01%20-%20User%20Initiated/%00http HTTP/1.1" 404 437 "-" "Mozilla/5.0 (compatible; MJ12bot/v1.4.8; http://mj12bot.com/)"
51.161.84.110 - - [06/Jan/2026:15:21:35 -0700] "GET /robots.txt HTTP/1.1" 404 3763 "-" "Mozilla/5.0 (compatible; MJ12bot/v1.4.8; http://mj12bot.com/)"
51.161.84.110 - - [06/Jan/2026:15:21:35 -0700] "GET /ca/tecreations/snapshots/2025/8/18/Morning%20-%2011.59.59/%00http HTTP/1.1" 404 437 "-" "Mozilla/5.0 (compatible; MJ12bot/v1.4.8; http://mj12bot.com/)"
114.119.154.166 - - [06/Jan/2026:15:21:35 -0700] "GET /ca/tecreations/UnicodeViewer.php?z=0&a=0&b=F&method=decimalBOLD HTTP/1.1" 404 4190 "https://tecreations.ca/ca/tecreations/UnicodeViewer.php?z=0&a=0&b=F&method=GET" "Mozilla/5.0 (Linux; Android 7.0;) AppleWebKit/537.36 (KHTML, like Gecko) Mobile Safari/537.36 (compatible; PetalBot;+https://webmaster.petalsearch.com/site/petalbot)"
51.161.84.110 - - [06/Jan/2026:15:21:36 -0700] "GET /robots.txt HTTP/1.1" 404 3763 "-" "Mozilla/5.0 (compatible; MJ12bot/v1.4.8; http://mj12bot.com/)"
51.161.84.110 - - [06/Jan/2026:15:21:37 -0700] "GET /ca/tecreations/progress/2025/desk/lol_login___that's%20upstairs/?C=N;O=A HTTP/1.1" 200 662 "-" "Mozilla/5.0 (compatible; MJ12bot/v1.4.8; http://mj12bot.com/)"
51.161.84.110 - - [06/Jan/2026:15:21:37 -0700] "GET /ca/tecreations/snapshots/2025/7/29/6.26.30%20-%20User%20Initiated/%00http HTTP/1.1" 404 437 "-" "Mozilla/5.0 (compatible; MJ12bot/v1.4.8; http://mj12bot.com/)"
51.161.84.110 - - [06/Jan/2026:15:21:37 -0700] "GET /ca/tecreations/snapshots/2025/8/19/3.21.49%20-%20User%20Initiated/%00http HTTP/1.1" 404 437 "-" "Mozilla/5.0 (compatible; MJ12bot/v1.4.8; http://mj12bot.com/)"
51.161.84.110 - - [06/Jan/2026:15:21:38 -0700] "GET /ca/tecreations/progress/2025/desk/lol_login___that's%20upstairs/?C=N;O=A HTTP/1.1" 200 662 "-" "Mozilla/5.0 (compatible; MJ12bot/v1.4.8; http://mj12bot.com/)"
51.161.84.110 - - [06/Jan/2026:15:21:39 -0700] "GET /ca/tecreations/progress/2025/desk/lol_login___that's%20upstairs/?C=S;O=D HTTP/1.1" 200 660 "-" "Mozilla/5.0 (compatible; MJ12bot/v1.4.8; http://mj12bot.com/)"
51.161.84.110 - - [06/Jan/2026:15:21:40 -0700] "GET /ca/tecreations/snapshots/2025/8/18/Morning%20-%2011.59.59/%00http HTTP/1.1" 404 437 "-" "Mozilla/5.0 (compatible; MJ12bot/v1.4.8; http://mj12bot.com/)"
51.161.84.110 - - [06/Jan/2026:15:21:41 -0700] "GET /ca/tecreations/progress/2025/vps/BCTLSNetwork/?C=D;O=D HTTP/1.1" 200 954 "-" "Mozilla/5.0 (compatible; MJ12bot/v1.4.8; http://mj12bot.com/)"
51.161.84.110 - - [06/Jan/2026:15:21:41 -0700] "GET /ca/tecreations/progress/2025/desk/lol_login___that's%20upstairs/?C=S;O=D HTTP/1.1" 200 660 "-" "Mozilla/5.0 (compatible; MJ12bot/v1.4.8; http://mj12bot.com/)"
51.161.84.110 - - [06/Jan/2026:15:21:42 -0700] "GET /ca/tecreations/snapshots/2025/8/19/3.21.49%20-%20User%20Initiated/%00http HTTP/1.1" 404 437 "-" "Mozilla/5.0 (compatible; MJ12bot/v1.4.8; http://mj12bot.com/)"
51.161.84.110 - - [06/Jan/2026:15:21:43 -0700] "GET /ca/tecreations/progress/2025/vps/BCTLSNetwork/?C=M;O=D HTTP/1.1" 200 957 "-" "Mozilla/5.0 (compatible; MJ12bot/v1.4.8; http://mj12bot.com/)"
51.161.84.110 - - [06/Jan/2026:15:21:44 -0700] "GET /ca/tecreations/progress/2025/vps/BCTLSNetwork/?C=N;O=A HTTP/1.1" 200 947 "-" "Mozilla/5.0 (compatible; MJ12bot/v1.4.8; http://mj12bot.com/)"
51.161.84.110 - - [06/Jan/2026:15:21:45 -0700] "GET /ca/tecreations/snapshots/2025/8/20/Morning%20-%2011.59.59/%00http HTTP/1.1" 404 437 "-" "Mozilla/5.0 (compatible; MJ12bot/v1.4.8; http://mj12bot.com/)"
51.161.84.110 - - [06/Jan/2026:15:21:45 -0700] "GET /ca/tecreations/progress/2025/vps/BCTLSNetwork/?C=D;O=D HTTP/1.1" 200 954 "-" "Mozilla/5.0 (compatible; MJ12bot/v1.4.8; http://mj12bot.com/)"
51.161.84.110 - - [06/Jan/2026:15:21:46 -0700] "GET /ca/tecreations/progress/2025/vps/BCTLSNetwork/?C=S;O=D HTTP/1.1" 200 956 "-" "Mozilla/5.0 (compatible; MJ12bot/v1.4.8; http://mj12bot.com/)"
51.161.84.110 - - [06/Jan/2026:15:21:47 -0700] "GET /ca/tecreations/snapshots/2025/8/29/Evening%20-%2023.59.59/%00http HTTP/1.1" 404 437 "-" "Mozilla/5.0 (compatible; MJ12bot/v1.4.8; http://mj12bot.com/)"
51.161.84.110 - - [06/Jan/2026:15:21:48 -0700] "GET /ca/tecreations/progress/2025/vps/BCTLSNetwork/BCTLSNetwork.2025.12.21.1256.jar HTTP/1.1" 200 524176 "-" "Mozilla/5.0 (compatible; MJ12bot/v1.4.8; http://mj12bot.com/)"
51.161.84.110 - - [06/Jan/2026:15:21:49 -0700] "GET /ca/tecreations/snapshots/2025/9/4/Evening%20-%2023.59.59/%00http HTTP/1.1" 404 437 "-" "Mozilla/5.0 (compatible; MJ12bot/v1.4.8; http://mj12bot.com/)"
51.161.84.110 - - [06/Jan/2026:15:21:50 -0700] "GET /ca/tecreations/progress/2025/vps/BCTLSNetwork/?C=M;O=D HTTP/1.1" 200 957 "-" "Mozilla/5.0 (compatible; MJ12bot/v1.4.8; http://mj12bot.com/)"
51.161.84.110 - - [06/Jan/2026:15:21:51 -0700] "GET /ca/tecreations/snapshots/2025/9/5/10.44.40%20-%20User%20Initiated/%00http HTTP/1.1" 404 437 "-" "Mozilla/5.0 (compatible; MJ12bot/v1.4.8; http://mj12bot.com/)"
51.161.84.110 - - [06/Jan/2026:15:21:52 -0700] "GET /ca/tecreations/snapshots/2025/8/20/Morning%20-%2011.59.59/%00http HTTP/1.1" 404 437 "-" "Mozilla/5.0 (compatible; MJ12bot/v1.4.8; http://mj12bot.com/)"
51.161.84.110 - - [06/Jan/2026:15:21:52 -0700] "GET /ca/tecreations/progress/2025/vps/login/?C=D;O=D HTTP/1.1" 200 4374 "-" "Mozilla/5.0 (compatible; MJ12bot/v1.4.8; http://mj12bot.com/)"
