114.119.158.46 - - [06/Jan/2026:07:56:41 -0700] "GET /ca/tecreations/Network.php HTTP/1.1" 200 4584 "https://www.tecreations.ca/ca/tecreations/List.php" "Mozilla/5.0 (Linux; Android 7.0;) AppleWebKit/537.36 (KHTML, like Gecko) Mobile Safari/537.36 (compatible; PetalBot;+https://webmaster.petalsearch.com/site/petalbot)"
95.214.55.117 - - [06/Jan/2026:07:56:54 -0700] "PROPFIND / HTTP/1.1" 302 3931 "-" "-"
47.128.119.207 - - [06/Jan/2026:07:56:54 -0700] "GET /ca/tecreations/UnicodeTest2.php?a=1&b=8&method=mb_chr&z=E HTTP/1.1" 404 4278 "-" "Mozilla/5.0 (compatible; Bytespider; spider-feedback@bytedance.com) AppleWebKit/537.36 (KHTML, like Gecko) Chrome/70.0.0.0 Safari/537.36"
47.128.45.21 - - [06/Jan/2026:07:56:55 -0700] "GET /ca/tecreations/UnicodeTest2.php?z=0&a=E&b=7&method=decimalBOLD HTTP/1.1" 404 4274 "-" "Mozilla/5.0 (compatible; Bytespider; spider-feedback@bytedance.com) AppleWebKit/537.36 (KHTML, like Gecko) Chrome/70.0.0.0 Safari/537.36"
114.119.154.166 - - [06/Jan/2026:07:58:05 -0700] "GET /ca/tecreations/MySQL.php HTTP/1.1" 200 3931 "https://www.tecreations.ca/ca/tecreations/List.php" "Mozilla/5.0 (Linux; Android 7.0;) AppleWebKit/537.36 (KHTML, like Gecko) Mobile Safari/537.36 (compatible; PetalBot;+https://webmaster.petalsearch.com/site/petalbot)"
114.119.158.46 - - [06/Jan/2026:07:59:28 -0700] "GET /topics/it_only_allows_scripture.php HTTP/1.1" 404 4190 "https://tecreations.ca/ca/tecreations/Apps/Scriptures.php" "Mozilla/5.0 (Linux; Android 7.0;) AppleWebKit/537.36 (KHTML, like Gecko) Mobile Safari/537.36 (compatible; PetalBot;+https://webmaster.petalsearch.com/site/petalbot)"
141.94.76.134 - - [06/Jan/2026:08:00:11 -0700] "GET /ca/tecreations/ViewFile.php?path=ca/tecreations/FunctionsJavascript.php HTTP/1.1" 200 6220 "-" "Mozilla/5.0 (Windows NT 10.0; Win64; x64) AppleWebKit/537.36 (KHTML, like Gecko) Chrome/139.0.0.0 Safari/537.36"
57.129.69.52 - - [06/Jan/2026:08:00:14 -0700] "GET /ca/tecreations/ViewFile.php?path=ca/tecreations/html_brand_menu_start.php HTTP/1.1" 200 6043 "-" "Mozilla/5.0 (Windows NT 10.0; Win64; x64) AppleWebKit/537.36 (KHTML, like Gecko) Chrome/139.0.0.0 Safari/537.36"
95.214.55.117 - - [06/Jan/2026:08:00:41 -0700] "PROPFIND / HTTP/1.1" 302 3931 "-" "-"
114.119.137.116 - - [06/Jan/2026:08:00:52 -0700] "GET /phpmyadmin/doc/html/_sources/developers.rst.txt HTTP/1.1" 200 4291 "https://tecreations.ca/phpmyadmin/doc/html/developers.html" "Mozilla/5.0 (Linux; Android 7.0;) AppleWebKit/537.36 (KHTML, like Gecko) Mobile Safari/537.36 (compatible; PetalBot;+https://webmaster.petalsearch.com/site/petalbot)"
47.128.119.221 - - [06/Jan/2026:08:01:00 -0700] "GET /ca/tecreations/UnicodeTest2.php?a=7&b=B&method=mb_chr&z=6 HTTP/1.1" 404 4278 "-" "Mozilla/5.0 (compatible; Bytespider; spider-feedback@bytedance.com) AppleWebKit/537.36 (KHTML, like Gecko) Chrome/70.0.0.0 Safari/537.36"
185.242.226.113 - - [06/Jan/2026:08:01:18 -0700] "\x16\x03\x01" 400 488 "-" "-"
114.119.158.46 - - [06/Jan/2026:08:02:15 -0700] "GET /java/downloads/release/tec7.jar HTTP/1.1" 404 4190 "https://tecreations.ca/java/downloads/release/" "Mozilla/5.0 (Linux; Android 7.0;) AppleWebKit/537.36 (KHTML, like Gecko) Mobile Safari/537.36 (compatible; PetalBot;+https://webmaster.petalsearch.com/site/petalbot)"
20.65.195.44 - - [06/Jan/2026:08:02:28 -0700] "GET / HTTP/1.1" 302 3289 "-" "Mozilla/5.0 zgrab/0.x"
20.65.195.44 - - [06/Jan/2026:08:02:33 -0700] "GET /ca/tecreations/ HTTP/1.1" 200 7271 "https://134.122.41.0/" "Mozilla/5.0 zgrab/0.x"
114.119.135.63 - - [06/Jan/2026:08:03:40 -0700] "GET /java/downloads/release/Graphics2D/?C=N%3BO%3DD HTTP/1.1" 404 4190 "https://tecreations.ca/java/downloads/release/Graphics2D/?C=N%3BO%3DD" "Mozilla/5.0 (Linux; Android 7.0;) AppleWebKit/537.36 (KHTML, like Gecko) Mobile Safari/537.36 (compatible; PetalBot;+https://webmaster.petalsearch.com/site/petalbot)"
95.214.55.117 - - [06/Jan/2026:08:04:03 -0700] "PROPFIND / HTTP/1.1" 302 3931 "-" "-"
47.128.41.119 - - [06/Jan/2026:08:04:17 -0700] "GET /ca/tecreations/UnicodeTest2.php?a=E&b=4&method=decimal&z=C HTTP/1.1" 404 4278 "-" "Mozilla/5.0 (compatible; Bytespider; spider-feedback@bytedance.com) AppleWebKit/537.36 (KHTML, like Gecko) Chrome/70.0.0.0 Safari/537.36"
47.128.30.33 - - [06/Jan/2026:08:04:17 -0700] "GET /ca/tecreations/UnicodeTest2.php?z=F&a=7&b=C&method=decimal HTTP/1.1" 404 4274 "-" "Mozilla/5.0 (compatible; Bytespider; spider-feedback@bytedance.com) AppleWebKit/537.36 (KHTML, like Gecko) Chrome/70.0.0.0 Safari/537.36"
114.119.148.64 - - [06/Jan/2026:08:05:02 -0700] "GET /ca/tecreations/trials/SoftwareTrials/Without/?C=S%3BO%3DA HTTP/1.1" 404 4190 "https://tecreations.ca/ca/tecreations/trials/SoftwareTrials/Without/?C=M%3BO%3DA" "Mozilla/5.0 (Linux; Android 7.0;) AppleWebKit/537.36 (KHTML, like Gecko) Mobile Safari/537.36 (compatible; PetalBot;+https://webmaster.petalsearch.com/site/petalbot)"
146.174.164.25 - - [06/Jan/2026:08:05:15 -0700] "GET /ca/tecreations/ViewFile.php?path=/ca/tecreations/AES256SessionHandler.php HTTP/1.1" 200 6264 "-" "Mozilla/5.0 (Windows; U; Windows NT 6.1; ru-RU; rv:1.9.2) Gecko/20100105 MRA 5.6 (build 03278) Firefox/3.6 (.NET CLR 3.5.30729)"
114.119.148.64 - - [06/Jan/2026:08:06:26 -0700] "GET /ca/tecreations/security2/templates/ HTTP/1.1" 404 4190 "https://tecreations.ca/ca/tecreations/security2/?C=N%3BO%3DD" "Mozilla/5.0 (Linux; Android 7.0;) AppleWebKit/537.36 (KHTML, like Gecko) Mobile Safari/537.36 (compatible; PetalBot;+https://webmaster.petalsearch.com/site/petalbot)"
216.244.66.227 - - [06/Jan/2026:08:06:46 -0700] "GET /robots.txt HTTP/1.1" 301 547 "-" "Mozilla/5.0 (compatible; DotBot/1.2; +https://opensiteexplorer.org/dotbot; help@moz.com)"
216.244.66.227 - - [06/Jan/2026:08:06:46 -0700] "GET /robots.txt HTTP/1.1" 404 3557 "-" "Mozilla/5.0 (compatible; DotBot/1.2; +https://opensiteexplorer.org/dotbot; help@moz.com)"
66.249.66.2 - - [06/Jan/2026:08:07:05 -0700] "GET /ca/tecreations/UnicodeViewer.php?z=B&a=7&b=C&method=mb_chr HTTP/1.1" 404 4263 "-" "Mozilla/5.0 (Linux; Android 6.0.1; Nexus 5X Build/MMB29P) AppleWebKit/537.36 (KHTML, like Gecko) Chrome/141.0.7390.122 Mobile Safari/537.36 (compatible; Googlebot/2.1; +http://www.google.com/bot.html)"
62.113.117.240 - - [06/Jan/2026:08:07:30 -0700] "GET /robots.txt HTTP/1.1" 404 493 "-" "Mozilla/5.0 (compatible; MJ12bot/v1.4.8; http://mj12bot.com/)"
62.113.117.240 - - [06/Jan/2026:08:07:31 -0700] "GET /ca/tecreations/snapshots/2025/10/22/Evening%20-%2023.59.59/%00http HTTP/1.1" 404 437 "-" "Mozilla/5.0 (compatible; MJ12bot/v1.4.8; http://mj12bot.com/)"
62.113.117.240 - - [06/Jan/2026:08:07:33 -0700] "GET /ca/tecreations/snapshots/2025/8/13/Evening%20-%2023.00.54/%00http HTTP/1.1" 404 437 "-" "Mozilla/5.0 (compatible; MJ12bot/v1.4.8; http://mj12bot.com/)"
62.113.117.240 - - [06/Jan/2026:08:07:35 -0700] "GET /ca/tecreations/snapshots/2025/8/19/6.34.23%20-%20User%20Initiated/%00http HTTP/1.1" 404 437 "-" "Mozilla/5.0 (compatible; MJ12bot/v1.4.8; http://mj12bot.com/)"
62.113.117.240 - - [06/Jan/2026:08:07:37 -0700] "GET /ca/tecreations/snapshots/2025/8/19/7.37.46%20-%20User%20Initiated/%00http HTTP/1.1" 404 437 "-" "Mozilla/5.0 (compatible; MJ12bot/v1.4.8; http://mj12bot.com/)"
62.113.117.240 - - [06/Jan/2026:08:07:39 -0700] "GET /ca/tecreations/snapshots/2025/8/2/15.18.31%20-%20User%20Initiated/%00http HTTP/1.1" 404 437 "-" "Mozilla/5.0 (compatible; MJ12bot/v1.4.8; http://mj12bot.com/)"
62.113.117.240 - - [06/Jan/2026:08:07:41 -0700] "GET /ca/tecreations/snapshots/2025/8/2/18.51.21%20-%20User%20Initiated/%00http HTTP/1.1" 404 437 "-" "Mozilla/5.0 (compatible; MJ12bot/v1.4.8; http://mj12bot.com/)"
62.113.117.240 - - [06/Jan/2026:08:07:43 -0700] "GET /ca/tecreations/snapshots/2025/8/2/4.11.40%20-%20User%20Initiated/%00http HTTP/1.1" 404 437 "-" "Mozilla/5.0 (compatible; MJ12bot/v1.4.8; http://mj12bot.com/)"
62.113.117.240 - - [06/Jan/2026:08:07:44 -0700] "GET /ca/tecreations/snapshots/2025/8/2/Evening%20-%2023.59.59/%00http HTTP/1.1" 404 437 "-" "Mozilla/5.0 (compatible; MJ12bot/v1.4.8; http://mj12bot.com/)"
62.113.117.240 - - [06/Jan/2026:08:07:46 -0700] "GET /ca/tecreations/snapshots/2025/8/2/Morning%20-%2011.59.59/%00http HTTP/1.1" 404 437 "-" "Mozilla/5.0 (compatible; MJ12bot/v1.4.8; http://mj12bot.com/)"
62.113.117.240 - - [06/Jan/2026:08:07:48 -0700] "GET /ca/tecreations/snapshots/2025/8/20/10.01.12%20-%20User%20Initiated/%00http HTTP/1.1" 404 437 "-" "Mozilla/5.0 (compatible; MJ12bot/v1.4.8; http://mj12bot.com/)"
114.119.152.47 - - [06/Jan/2026:08:07:49 -0700] "GET /ca/tecreations/security2/app/service/ HTTP/1.1" 404 4190 "https://tecreations.ca/ca/tecreations/security2/app/?C=N%3BO%3DD" "Mozilla/5.0 (Linux; Android 7.0;) AppleWebKit/537.36 (KHTML, like Gecko) Mobile Safari/537.36 (compatible; PetalBot;+https://webmaster.petalsearch.com/site/petalbot)"
95.214.55.117 - - [06/Jan/2026:08:07:50 -0700] "PROPFIND / HTTP/1.1" 302 3931 "-" "-"
62.113.117.240 - - [06/Jan/2026:08:07:50 -0700] "GET /ca/tecreations/snapshots/2025/8/20/11.38.12%20-%20User%20Initiated/%00http HTTP/1.1" 404 437 "-" "Mozilla/5.0 (compatible; MJ12bot/v1.4.8; http://mj12bot.com/)"
62.113.117.240 - - [06/Jan/2026:08:07:52 -0700] "GET /ca/tecreations/snapshots/2025/8/20/15.32.52%20-%20User%20Initiated/%00http HTTP/1.1" 404 437 "-" "Mozilla/5.0 (compatible; MJ12bot/v1.4.8; http://mj12bot.com/)"
62.113.117.240 - - [06/Jan/2026:08:07:53 -0700] "GET /ca/tecreations/snapshots/2025/8/20/9.50.51%20-%20User%20Initiated/%00http HTTP/1.1" 404 437 "-" "Mozilla/5.0 (compatible; MJ12bot/v1.4.8; http://mj12bot.com/)"
62.113.117.240 - - [06/Jan/2026:08:07:55 -0700] "GET /ca/tecreations/snapshots/2025/8/20/Evening%20-%2023.59.59/%00http HTTP/1.1" 404 437 "-" "Mozilla/5.0 (compatible; MJ12bot/v1.4.8; http://mj12bot.com/)"
62.113.117.240 - - [06/Jan/2026:08:07:57 -0700] "GET /ca/tecreations/snapshots/2025/8/22/1.18.35%20-%20User%20Initiated/%00http HTTP/1.1" 404 437 "-" "Mozilla/5.0 (compatible; MJ12bot/v1.4.8; http://mj12bot.com/)"
62.113.117.240 - - [06/Jan/2026:08:07:59 -0700] "GET /ca/tecreations/snapshots/2025/8/26/10.44.33%20-%20User%20Initiated/%00http HTTP/1.1" 404 437 "-" "Mozilla/5.0 (compatible; MJ12bot/v1.4.8; http://mj12bot.com/)"
62.113.117.240 - - [06/Jan/2026:08:08:00 -0700] "GET /ca/tecreations/snapshots/2025/8/26/2.17.23%20-%20User%20Initiated/%00http HTTP/1.1" 404 437 "-" "Mozilla/5.0 (compatible; MJ12bot/v1.4.8; http://mj12bot.com/)"
62.113.117.240 - - [06/Jan/2026:08:08:02 -0700] "GET /ca/tecreations/snapshots/2025/8/26/22.35.07%20-%20User%20Initiated/%00http HTTP/1.1" 404 437 "-" "Mozilla/5.0 (compatible; MJ12bot/v1.4.8; http://mj12bot.com/)"
62.113.117.240 - - [06/Jan/2026:08:08:04 -0700] "GET /ca/tecreations/snapshots/2025/8/26/Evening%20-%2023.59.59/%00http HTTP/1.1" 404 437 "-" "Mozilla/5.0 (compatible; MJ12bot/v1.4.8; http://mj12bot.com/)"
62.113.117.240 - - [06/Jan/2026:08:08:06 -0700] "GET /ca/tecreations/snapshots/2025/8/6/15.57.47%20-%20User%20Initiated/%00http HTTP/1.1" 404 437 "-" "Mozilla/5.0 (compatible; MJ12bot/v1.4.8; http://mj12bot.com/)"
62.113.117.240 - - [06/Jan/2026:08:08:08 -0700] "GET /ca/tecreations/snapshots/2025/8/6/Morning%20-%2011.59.59/%00http HTTP/1.1" 404 437 "-" "Mozilla/5.0 (compatible; MJ12bot/v1.4.8; http://mj12bot.com/)"
62.113.117.240 - - [06/Jan/2026:08:08:10 -0700] "GET /ca/tecreations/snapshots/2025/8/7/10.44.19%20-%20User%20Initiated/%00http HTTP/1.1" 404 437 "-" "Mozilla/5.0 (compatible; MJ12bot/v1.4.8; http://mj12bot.com/)"
62.113.117.240 - - [06/Jan/2026:08:08:11 -0700] "GET /ca/tecreations/snapshots/2025/8/7/7.12.42%20-%20User%20Initiated/%00http HTTP/1.1" 404 437 "-" "Mozilla/5.0 (compatible; MJ12bot/v1.4.8; http://mj12bot.com/)"
62.113.117.240 - - [06/Jan/2026:08:08:13 -0700] "GET /ca/tecreations/snapshots/2025/8/7/Morning%20-%2011.59.59/%00http HTTP/1.1" 404 437 "-" "Mozilla/5.0 (compatible; MJ12bot/v1.4.8; http://mj12bot.com/)"
62.113.117.240 - - [06/Jan/2026:08:08:15 -0700] "GET /ca/tecreations/snapshots/2025/8/8/00.46.40%20-%20User%20Initiated/%00http HTTP/1.1" 404 437 "-" "Mozilla/5.0 (compatible; MJ12bot/v1.4.8; http://mj12bot.com/)"
62.113.117.240 - - [06/Jan/2026:08:08:30 -0700] "GET /ca/tecreations/snapshots/2025/8/8/Morning%20-%2011.59.59/%00http HTTP/1.1" 404 437 "-" "Mozilla/5.0 (compatible; MJ12bot/v1.4.8; http://mj12bot.com/)"
62.113.117.240 - - [06/Jan/2026:08:08:32 -0700] "GET /ca/tecreations/snapshots/2025/8/9/Evening%20-%2023.59.59/%00http HTTP/1.1" 404 437 "-" "Mozilla/5.0 (compatible; MJ12bot/v1.4.8; http://mj12bot.com/)"
62.113.117.240 - - [06/Jan/2026:08:08:34 -0700] "GET /ca/tecreations/snapshots/2025/8/9/Morning%20-%2011.59.59/%00http HTTP/1.1" 404 437 "-" "Mozilla/5.0 (compatible; MJ12bot/v1.4.8; http://mj12bot.com/)"
62.113.117.240 - - [06/Jan/2026:08:08:36 -0700] "GET /ca/tecreations/snapshots/2025/9/3/1.10.28%20-%20User%20Initiated/%00http HTTP/1.1" 404 437 "-" "Mozilla/5.0 (compatible; MJ12bot/v1.4.8; http://mj12bot.com/)"
62.113.117.240 - - [06/Jan/2026:08:08:38 -0700] "GET /ca/tecreations/snapshots/2025/9/31/Morning%20-%2011.59.59/%00http HTTP/1.1" 404 437 "-" "Mozilla/5.0 (compatible; MJ12bot/v1.4.8; http://mj12bot.com/)"
62.113.117.240 - - [06/Jan/2026:08:08:40 -0700] "GET /robots.txt HTTP/1.1" 404 3763 "-" "Mozilla/5.0 (compatible; MJ12bot/v1.4.8; http://mj12bot.com/)"
62.113.117.240 - - [06/Jan/2026:08:08:42 -0700] "GET /ca/tecreations/progress/2025/vps/login/DBSetup.java HTTP/1.1" 200 7098 "-" "Mozilla/5.0 (compatible; MJ12bot/v1.4.8; http://mj12bot.com/)"
62.113.117.240 - - [06/Jan/2026:08:08:45 -0700] "GET /ca/tecreations/progress/2025/vps/login/DeployLogin2.class HTTP/1.1" 200 6829 "-" "Mozilla/5.0 (compatible; MJ12bot/v1.4.8; http://mj12bot.com/)"
62.113.117.240 - - [06/Jan/2026:08:08:48 -0700] "GET /ca/tecreations/progress/2025/vps/login/DeployLogin2.java HTTP/1.1" 200 5990 "-" "Mozilla/5.0 (compatible; MJ12bot/v1.4.8; http://mj12bot.com/)"
114.119.152.47 - - [06/Jan/2026:08:09:13 -0700] "GET /ca/tecreations/security2/app/model/MyUser.class HTTP/1.1" 404 4190 "https://tecreations.ca/ca/tecreations/security2/app/model/?C=D%3BO%3DA" "Mozilla/5.0 (Linux; Android 7.0;) AppleWebKit/537.36 (KHTML, like Gecko) Mobile Safari/537.36 (compatible; PetalBot;+https://webmaster.petalsearch.com/site/petalbot)"
114.119.135.63 - - [06/Jan/2026:08:10:37 -0700] "GET /ca/tecreations/security/?C=M%3BO%3DA HTTP/1.1" 404 4190 "https://tecreations.ca/ca/tecreations/security" "Mozilla/5.0 (Linux; Android 7.0;) AppleWebKit/537.36 (KHTML, like Gecko) Mobile Safari/537.36 (compatible; PetalBot;+https://webmaster.petalsearch.com/site/petalbot)"
95.214.55.117 - - [06/Jan/2026:08:11:42 -0700] "PROPFIND / HTTP/1.1" 302 3931 "-" "-"
114.119.144.15 - - [06/Jan/2026:08:12:00 -0700] "GET /ca/tecreations/jethro_jars.backup.jar HTTP/1.1" 404 4190 "https://tecreations.ca/ca/tecreations/List.php" "Mozilla/5.0 (Linux; Android 7.0;) AppleWebKit/537.36 (KHTML, like Gecko) Mobile Safari/537.36 (compatible; PetalBot;+https://webmaster.petalsearch.com/site/petalbot)"
114.119.158.46 - - [06/Jan/2026:08:13:24 -0700] "GET /ca/tecreations/daily.php HTTP/1.1" 404 4190 "https://tecreations.ca/ca/tecreations/ViewFile.php?path=ca/tecreations/daily.php" "Mozilla/5.0 (Linux; Android 7.0;) AppleWebKit/537.36 (KHTML, like Gecko) Mobile Safari/537.36 (compatible; PetalBot;+https://webmaster.petalsearch.com/site/petalbot)"
114.119.152.47 - - [06/Jan/2026:08:14:47 -0700] "GET /ca/tecreations/ViewFile.php?path=ca/tecreations/header_start.php HTTP/1.1" 200 4299 "https://tecreations.ca/ca/tecreations/ViewFile.php?path=ca/tecreations/header_start.php" "Mozilla/5.0 (Linux; Android 7.0;) AppleWebKit/537.36 (KHTML, like Gecko) Mobile Safari/537.36 (compatible; PetalBot;+https://webmaster.petalsearch.com/site/petalbot)"
66.249.66.42 - - [06/Jan/2026:08:15:09 -0700] "GET /robots.txt HTTP/1.1" 404 493 "-" "Mozilla/5.0 (compatible; Googlebot/2.1; +http://www.google.com/bot.html)"
47.128.63.178 - - [06/Jan/2026:08:15:18 -0700] "GET /ca/tecreations/UnicodeTest2.php?a=A&b=0&method=decimalBOLD&z=9 HTTP/1.1" 404 4274 "-" "Mozilla/5.0 (compatible; Bytespider; spider-feedback@bytedance.com) AppleWebKit/537.36 (KHTML, like Gecko) Chrome/70.0.0.0 Safari/537.36"
47.128.38.108 - - [06/Jan/2026:08:15:18 -0700] "GET /ca/tecreations/UnicodeTest2.php?a=9&b=A&method=entity&z=A HTTP/1.1" 404 4278 "-" "Mozilla/5.0 (compatible; Bytespider; spider-feedback@bytedance.com) AppleWebKit/537.36 (KHTML, like Gecko) Chrome/70.0.0.0 Safari/537.36"
95.214.55.117 - - [06/Jan/2026:08:15:21 -0700] "PROPFIND / HTTP/1.1" 302 3931 "-" "-"
114.119.148.64 - - [06/Jan/2026:08:16:10 -0700] "GET /ca/tecreations/ViewFile.php?path=ca/tecreations/chat_log.html HTTP/1.1" 200 4298 "https://tecreations.ca/ca/tecreations/ViewFile.php?path=ca/tecreations/chat_log.html" "Mozilla/5.0 (Linux; Android 7.0;) AppleWebKit/537.36 (KHTML, like Gecko) Mobile Safari/537.36 (compatible; PetalBot;+https://webmaster.petalsearch.com/site/petalbot)"
114.119.144.15 - - [06/Jan/2026:08:17:34 -0700] "GET /ca/tecreations/UnicodeViewer.php?z=1&a=7&b=D&method=mb_chr HTTP/1.1" 404 4190 "https://tecreations.ca/ca/tecreations/UnicodeViewer.php?z=0&a=7&b=D&method=mb_chr" "Mozilla/5.0 (Linux; Android 7.0;) AppleWebKit/537.36 (KHTML, like Gecko) Mobile Safari/537.36 (compatible; PetalBot;+https://webmaster.petalsearch.com/site/petalbot)"
159.203.30.22 - - [06/Jan/2026:08:17:45 -0700] "SSTP_DUPLEX_POST /sra_{BA195980-CD49-458b-9E23-C84EE0ADCD75}/ HTTP/1.1" 400 4163 "-" "-"
216.244.66.227 - - [06/Jan/2026:08:17:50 -0700] "GET /ca/tecreations/snapshots/2025/10/31/14.23.03%20-%20User%20Initiated/ HTTP/1.1" 200 18759 "-" "Mozilla/5.0 (compatible; DotBot/1.2; +https://opensiteexplorer.org/dotbot; help@moz.com)"
20.169.85.114 - - [06/Jan/2026:08:18:55 -0700] "GET /owa/auth/logon.aspx HTTP/1.1" 404 3547 "-" "Mozilla/5.0 zgrab/0.x"
95.214.55.117 - - [06/Jan/2026:08:18:56 -0700] "PROPFIND / HTTP/1.1" 302 3931 "-" "-"
114.119.137.116 - - [06/Jan/2026:08:18:58 -0700] "GET /ca/tecreations/UnicodeViewer.php?z=1&a=7&b=D&method=GET HTTP/1.1" 404 4190 "https://tecreations.ca/ca/tecreations/UnicodeViewer.php?z=1&a=0&b=D&method=GET" "Mozilla/5.0 (Linux; Android 7.0;) AppleWebKit/537.36 (KHTML, like Gecko) Mobile Safari/537.36 (compatible; PetalBot;+https://webmaster.petalsearch.com/site/petalbot)"
114.119.137.116 - - [06/Jan/2026:08:20:21 -0700] "GET /ca/tecreations/UnicodeViewer.php?z=1&a=7&b=D&method=GET HTTP/1.1" 404 4190 "https://tecreations.ca/ca/tecreations/UnicodeViewer.php?z=1&a=0&b=D&method=GET" "Mozilla/5.0 (Linux; Android 7.0;) AppleWebKit/537.36 (KHTML, like Gecko) Mobile Safari/537.36 (compatible; PetalBot;+https://webmaster.petalsearch.com/site/petalbot)"
216.244.66.227 - - [06/Jan/2026:08:20:27 -0700] "GET /ca/tecreations/snapshots/2025/8/19/?C=N;O=D HTTP/1.1" 200 5304 "-" "Mozilla/5.0 (compatible; DotBot/1.2; +https://opensiteexplorer.org/dotbot; help@moz.com)"
77.75.76.167 - - [06/Jan/2026:08:21:43 -0700] "GET /robots.txt HTTP/1.1" 404 4274 "-" "Mozilla/5.0 (compatible; SeznamBot/4.0; +https://o-seznam.cz/napoveda/vyhledavani/en/seznambot-crawler/)"
77.75.76.167 - - [06/Jan/2026:08:21:43 -0700] "GET /java/downloads/release/signed-cacert.org.jar HTTP/1.1" 404 4274 "-" "Mozilla/5.0 (compatible; SeznamBot/4.0; +https://o-seznam.cz/napoveda/vyhledavani/en/seznambot-crawler/)"
114.119.135.63 - - [06/Jan/2026:08:21:45 -0700] "GET /ca/tecreations/UnicodeViewer.php?z=1&a=7&b=B&method=GET HTTP/1.1" 404 4190 "https://tecreations.ca/ca/tecreations/UnicodeViewer.php?z=6&a=7&b=B&method=GET" "Mozilla/5.0 (Linux; Android 7.0;) AppleWebKit/537.36 (KHTML, like Gecko) Mobile Safari/537.36 (compatible; PetalBot;+https://webmaster.petalsearch.com/site/petalbot)"
95.214.55.117 - - [06/Jan/2026:08:22:31 -0700] "PROPFIND / HTTP/1.1" 302 3931 "-" "-"
47.128.34.17 - - [06/Jan/2026:08:22:41 -0700] "GET /ca/tecreations/UnicodeTest2.php?a=B&b=E&method=mb_chr&z=4 HTTP/1.1" 404 4278 "-" "Mozilla/5.0 (compatible; Bytespider; spider-feedback@bytedance.com) AppleWebKit/537.36 (KHTML, like Gecko) Chrome/70.0.0.0 Safari/537.36"
47.128.96.115 - - [06/Jan/2026:08:22:41 -0700] "GET /ca/tecreations/UnicodeTest2.php?a=A&b=0&method=decimal&z=7 HTTP/1.1" 404 4278 "-" "Mozilla/5.0 (compatible; Bytespider; spider-feedback@bytedance.com) AppleWebKit/537.36 (KHTML, like Gecko) Chrome/70.0.0.0 Safari/537.36"
114.119.154.166 - - [06/Jan/2026:08:23:09 -0700] "GET /ca/tecreations/UnicodeViewer.php?z=1&a=7&b=6&method=GET HTTP/1.1" 404 4190 "https://tecreations.ca/ca/tecreations/UnicodeViewer.php?z=1&a=0&b=6&method=GET" "Mozilla/5.0 (Linux; Android 7.0;) AppleWebKit/537.36 (KHTML, like Gecko) Mobile Safari/537.36 (compatible; PetalBot;+https://webmaster.petalsearch.com/site/petalbot)"
216.244.66.227 - - [06/Jan/2026:08:23:57 -0700] "GET /ca/tecreations/projects/tec8/?C=D;O=D HTTP/1.1" 200 4507 "-" "Mozilla/5.0 (compatible; DotBot/1.2; +https://opensiteexplorer.org/dotbot; help@moz.com)"
114.119.135.63 - - [06/Jan/2026:08:24:32 -0700] "GET /ca/tecreations/UnicodeViewer.php?z=1&a=7&b=0&method=decimal HTTP/1.1" 404 4190 "https://tecreations.ca/ca/tecreations/UnicodeViewer.php?z=1&a=0&b=0&method=decimal" "Mozilla/5.0 (Linux; Android 7.0;) AppleWebKit/537.36 (KHTML, like Gecko) Mobile Safari/537.36 (compatible; PetalBot;+https://webmaster.petalsearch.com/site/petalbot)"
57.141.4.27 - - [06/Jan/2026:08:25:15 -0700] "GET /ca/tecreations/scriptures/NIV/en/Psalms/?C=M;O=D HTTP/1.1" 200 9793 "-" "meta-externalagent/1.1 (+https://developers.facebook.com/docs/sharing/webmasters/crawler)"
114.119.142.39 - - [06/Jan/2026:08:25:56 -0700] "GET /ca/tecreations/UnicodeViewer.php?z=1&a=6&b=F&method=GET HTTP/1.1" 404 4190 "https://tecreations.ca/ca/tecreations/UnicodeViewer.php?z=1&a=0&b=F&method=GET" "Mozilla/5.0 (Linux; Android 7.0;) AppleWebKit/537.36 (KHTML, like Gecko) Mobile Safari/537.36 (compatible; PetalBot;+https://webmaster.petalsearch.com/site/petalbot)"
95.214.55.117 - - [06/Jan/2026:08:26:22 -0700] "PROPFIND / HTTP/1.1" 302 3931 "-" "-"
193.142.147.209 - - [06/Jan/2026:08:27:03 -0700] "POST / HTTP/1.1" 404 454 "-" "Mozilla/5.0 (Windows NT 10.0; Win64; x64) AppleWebKit/537.36"
114.119.142.39 - - [06/Jan/2026:08:27:20 -0700] "GET /ca/tecreations/UnicodeViewer.php?z=1&a=6&b=9&method=GET HTTP/1.1" 404 4190 "https://tecreations.ca/ca/tecreations/UnicodeViewer.php?z=1&a=0&b=9&method=GET" "Mozilla/5.0 (Linux; Android 7.0;) AppleWebKit/537.36 (KHTML, like Gecko) Mobile Safari/537.36 (compatible; PetalBot;+https://webmaster.petalsearch.com/site/petalbot)"
114.119.137.116 - - [06/Jan/2026:08:28:43 -0700] "GET /ca/tecreations/UnicodeViewer.php?z=1&a=6&b=0&method=GET HTTP/1.1" 404 4190 "https://tecreations.ca/ca/tecreations/UnicodeViewer.php?z=1&a=E&b=0&method=GET" "Mozilla/5.0 (Linux; Android 7.0;) AppleWebKit/537.36 (KHTML, like Gecko) Mobile Safari/537.36 (compatible; PetalBot;+https://webmaster.petalsearch.com/site/petalbot)"
95.214.55.117 - - [06/Jan/2026:08:29:47 -0700] "PROPFIND / HTTP/1.1" 302 3931 "-" "-"
47.128.37.70 - - [06/Jan/2026:08:30:03 -0700] "GET /ca/tecreations/UnicodeTest2.php?a=5&b=3&method=decimalBOLD&z=C HTTP/1.1" 404 4278 "-" "Mozilla/5.0 (compatible; Bytespider; spider-feedback@bytedance.com) AppleWebKit/537.36 (KHTML, like Gecko) Chrome/70.0.0.0 Safari/537.36"
114.119.152.47 - - [06/Jan/2026:08:30:07 -0700] "GET /ca/tecreations/UnicodeViewer.php?z=1&a=5&b=B&method=GET HTTP/1.1" 404 4190 "https://tecreations.ca/ca/tecreations/UnicodeViewer.php?z=1&a=0&b=B&method=GET" "Mozilla/5.0 (Linux; Android 7.0;) AppleWebKit/537.36 (KHTML, like Gecko) Mobile Safari/537.36 (compatible; PetalBot;+https://webmaster.petalsearch.com/site/petalbot)"
104.152.52.219 - - [06/Jan/2026:08:30:28 -0700] "GET / HTTP/1.1" 404 454 "-" "curl/7.61.1"
104.152.52.219 - - [06/Jan/2026:08:30:28 -0700] "GET /favicon.ico HTTP/1.1" 404 454 "-" "curl/7.61.1"
66.249.66.45 - - [06/Jan/2026:08:30:29 -0700] "GET /robots.txt HTTP/1.1" 404 4227 "-" "Mozilla/5.0 (compatible; Googlebot/2.1; +http://www.google.com/bot.html)"
66.249.66.45 - - [06/Jan/2026:08:30:29 -0700] "GET /ca/tecreations/UnicodeTest2.php?z=B&a=4&b=9&method=entity HTTP/1.1" 404 515 "-" "Mozilla/5.0 (Linux; Android 6.0.1; Nexus 5X Build/MMB29P) AppleWebKit/537.36 (KHTML, like Gecko) Chrome/141.0.7390.122 Mobile Safari/537.36 (compatible; Googlebot/2.1; +http://www.google.com/bot.html)"
114.119.142.39 - - [06/Jan/2026:08:31:32 -0700] "GET /ca/tecreations/UnicodeViewer.php?z=1&a=5&b=A&method=GET HTTP/1.1" 404 4190 "https://tecreations.ca/ca/tecreations/UnicodeViewer.php?z=1&a=0&b=A&method=GET" "Mozilla/5.0 (Linux; Android 7.0;) AppleWebKit/537.36 (KHTML, like Gecko) Mobile Safari/537.36 (compatible; PetalBot;+https://webmaster.petalsearch.com/site/petalbot)"
103.216.221.85 - - [06/Jan/2026:08:32:50 -0700] "POST /xmlrpc.php HTTP/1.1" 404 4227 "-" "Mozilla/5.0 (Windows NT 10.0; arm64) AppleWebKit/537.36 (KHTML, like Gecko) Firefox/89.0.0.0 Safari/537.36"
114.119.148.64 - - [06/Jan/2026:08:32:54 -0700] "GET /ca/tecreations/UnicodeViewer.php?z=1&a=5&b=9&method=GET HTTP/1.1" 404 4190 "https://tecreations.ca/ca/tecreations/UnicodeViewer.php?z=1&a=5&b=0&method=GET" "Mozilla/5.0 (Linux; Android 7.0;) AppleWebKit/537.36 (KHTML, like Gecko) Mobile Safari/537.36 (compatible; PetalBot;+https://webmaster.petalsearch.com/site/petalbot)"
95.214.55.117 - - [06/Jan/2026:08:33:17 -0700] "PROPFIND / HTTP/1.1" 302 3931 "-" "-"
47.128.58.64 - - [06/Jan/2026:08:33:43 -0700] "GET /ca/tecreations/UnicodeViewer.php?a=F&b=E&method=entity&z=2 HTTP/1.1" 404 4278 "-" "Mozilla/5.0 (Linux; Android 5.0) AppleWebKit/537.36 (KHTML, like Gecko) Mobile Safari/537.36 (compatible; Bytespider; spider-feedback@bytedance.com)"
114.119.152.47 - - [06/Jan/2026:08:34:17 -0700] "GET /ca/tecreations/UnicodeViewer.php?z=1&a=5&b=7&method=GET HTTP/1.1" 404 4190 "https://tecreations.ca/ca/tecreations/UnicodeViewer.php?z=1&a=0&b=7&method=GET" "Mozilla/5.0 (Linux; Android 7.0;) AppleWebKit/537.36 (KHTML, like Gecko) Mobile Safari/537.36 (compatible; PetalBot;+https://webmaster.petalsearch.com/site/petalbot)"
66.249.66.45 - - [06/Jan/2026:08:34:58 -0700] "GET /ca/tecreations/UnicodeTest2.php?z=8&a=B&b=E&method=mb_chr HTTP/1.1" 404 4227 "-" "Mozilla/5.0 (Linux; Android 6.0.1; Nexus 5X Build/MMB29P) AppleWebKit/537.36 (KHTML, like Gecko) Chrome/141.0.7390.122 Mobile Safari/537.36 (compatible; Googlebot/2.1; +http://www.google.com/bot.html)"
114.119.144.15 - - [06/Jan/2026:08:35:43 -0700] "GET /ca/tecreations/UnicodeViewer.php?z=1&a=5&b=6&method=GET HTTP/1.1" 404 4190 "https://tecreations.ca/ca/tecreations/UnicodeViewer.php?z=1&a=0&b=6&method=GET" "Mozilla/5.0 (Linux; Android 7.0;) AppleWebKit/537.36 (KHTML, like Gecko) Mobile Safari/537.36 (compatible; PetalBot;+https://webmaster.petalsearch.com/site/petalbot)"
114.119.135.63 - - [06/Jan/2026:08:37:04 -0700] "GET /ca/tecreations/UnicodeViewer.php?z=1&a=5&b=5&method=GET HTTP/1.1" 404 4190 "https://tecreations.ca/ca/tecreations/UnicodeViewer.php?z=1&a=0&b=5&method=GET" "Mozilla/5.0 (Linux; Android 7.0;) AppleWebKit/537.36 (KHTML, like Gecko) Mobile Safari/537.36 (compatible; PetalBot;+https://webmaster.petalsearch.com/site/petalbot)"
95.214.55.117 - - [06/Jan/2026:08:37:21 -0700] "PROPFIND / HTTP/1.1" 302 3931 "-" "-"
66.249.66.77 - - [06/Jan/2026:08:37:27 -0700] "GET /ca/tecreations/UnicodeTest2.php?z=9&a=9&b=2&method=decimalBOLD HTTP/1.1" 404 4227 "-" "Mozilla/5.0 (Linux; Android 6.0.1; Nexus 5X Build/MMB29P) AppleWebKit/537.36 (KHTML, like Gecko) Chrome/141.0.7390.122 Mobile Safari/537.36 (compatible; Googlebot/2.1; +http://www.google.com/bot.html)"
114.119.158.46 - - [06/Jan/2026:08:38:28 -0700] "GET /ca/tecreations/UnicodeViewer.php?z=1&a=5&b=4&method=GET HTTP/1.1" 404 4190 "https://tecreations.ca/ca/tecreations/UnicodeViewer.php?z=1&a=0&b=4&method=GET" "Mozilla/5.0 (Linux; Android 7.0;) AppleWebKit/537.36 (KHTML, like Gecko) Mobile Safari/537.36 (compatible; PetalBot;+https://webmaster.petalsearch.com/site/petalbot)"
202.76.168.155 - - [06/Jan/2026:08:38:45 -0700] "GET /ca/tecreations/snapshots/2025/8/2/?C=D;O=A HTTP/1.1" 200 4615 "-" "Mozilla/5.0 (Macintosh; U; Intel Mac OS X 10_6_6; en-US) AppleWebKit/534.20 (KHTML, like Gecko) Chrome/11.0.672.2 Safari/534.20"
147.135.252.182 - - [06/Jan/2026:08:39:11 -0700] "GET /robots.txt HTTP/1.1" 404 493 "-" "Mozilla/5.0 (compatible; MJ12bot/v1.4.8; http://mj12bot.com/)"
147.135.252.182 - - [06/Jan/2026:08:39:14 -0700] "GET /ca/tecreations/snapshots/2025/10/24/Morning%20-%2011.59.59/%00http HTTP/1.1" 404 437 "-" "Mozilla/5.0 (compatible; MJ12bot/v1.4.8; http://mj12bot.com/)"
147.135.252.182 - - [06/Jan/2026:08:39:17 -0700] "GET /ca/tecreations/snapshots/2025/9/5/00.10.40%20-%20User%20Initiated/%00http HTTP/1.1" 404 437 "-" "Mozilla/5.0 (compatible; MJ12bot/v1.4.8; http://mj12bot.com/)"
204.76.203.219 - - [06/Jan/2026:08:39:47 -0700] "GET / HTTP/1.1" 404 491 "-" "Mozilla/5.0 (Windows NT 10.0; Win64; x64) AppleWebKit/537.36 (KHTML, like Gecko) Chrome/90.0.4430.85 Safari/537.36 Edg/90.0.818.46"
114.119.135.63 - - [06/Jan/2026:08:39:52 -0700] "GET /ca/tecreations/UnicodeViewer.php?z=1&a=5&b=1&method=GET HTTP/1.1" 404 4190 "https://tecreations.ca/ca/tecreations/UnicodeViewer.php?z=1&a=0&b=1&method=GET" "Mozilla/5.0 (Linux; Android 7.0;) AppleWebKit/537.36 (KHTML, like Gecko) Mobile Safari/537.36 (compatible; PetalBot;+https://webmaster.petalsearch.com/site/petalbot)"
95.214.55.117 - - [06/Jan/2026:08:40:50 -0700] "PROPFIND / HTTP/1.1" 302 3931 "-" "-"
176.100.37.73 - - [06/Jan/2026:08:40:55 -0700] "GET //assets/images/accesson.php HTTP/1.1" 404 4227 "-" "Mozilla/5.0 (Windows NT 10.0; Win64; x64; rv:81.0) Gecko/20100101 Firefox/81.0"
66.249.66.204 - - [06/Jan/2026:08:41:01 -0700] "GET /ca/tecreations/UnicodeTest2.php?z=6&a=5&b=0&method=entity HTTP/1.1" 404 4227 "-" "Mozilla/5.0 (Linux; Android 6.0.1; Nexus 5X Build/MMB29P) AppleWebKit/537.36 (KHTML, like Gecko) Chrome/141.0.7390.122 Mobile Safari/537.36 (compatible; Googlebot/2.1; +http://www.google.com/bot.html)"
5.189.130.33 - - [06/Jan/2026:08:41:04 -0700] "GET / HTTP/1.1" 302 3894 "-" "Mozilla/5.0 (CentOS; Linux i686; rv:120.0) Gecko/20100101 Firefox/120.0"
5.189.130.33 - - [06/Jan/2026:08:41:05 -0700] "GET /favicon.ico HTTP/1.1" 200 107943 "-" "Mozilla/5.0 (CentOS; Linux i686; rv:120.0) Gecko/20100101 Firefox/120.0"
47.128.54.56 - - [06/Jan/2026:08:41:05 -0700] "GET /ca/tecreations/UnicodeTest2.php?a=5&b=0&method=entity&z=B HTTP/1.1" 404 4278 "-" "Mozilla/5.0 (compatible; Bytespider; spider-feedback@bytedance.com) AppleWebKit/537.36 (KHTML, like Gecko) Chrome/70.0.0.0 Safari/537.36"
114.119.137.116 - - [06/Jan/2026:08:41:16 -0700] "GET /ca/tecreations/UnicodeViewer.php?z=1&a=5&b=0&method=entity HTTP/1.1" 404 4190 "https://tecreations.ca/ca/tecreations/UnicodeViewer.php?z=1&a=0&b=0&method=entity" "Mozilla/5.0 (Linux; Android 7.0;) AppleWebKit/537.36 (KHTML, like Gecko) Mobile Safari/537.36 (compatible; PetalBot;+https://webmaster.petalsearch.com/site/petalbot)"
114.119.148.64 - - [06/Jan/2026:08:42:39 -0700] "GET /ca/tecreations/UnicodeViewer.php?z=1&a=4&b=E&method=GET HTTP/1.1" 404 4190 "https://tecreations.ca/ca/tecreations/UnicodeViewer.php?z=0&a=4&b=E&method=GET" "Mozilla/5.0 (Linux; Android 7.0;) AppleWebKit/537.36 (KHTML, like Gecko) Mobile Safari/537.36 (compatible; PetalBot;+https://webmaster.petalsearch.com/site/petalbot)"
66.249.66.65 - - [06/Jan/2026:08:43:08 -0700] "GET /ca/tecreations/UnicodeViewer.php?z=C&a=0&b=E&method=decimalBOLD HTTP/1.1" 404 4263 "-" "Mozilla/5.0 (Linux; Android 6.0.1; Nexus 5X Build/MMB29P) AppleWebKit/537.36 (KHTML, like Gecko) Chrome/141.0.7390.122 Mobile Safari/537.36 (compatible; Googlebot/2.1; +http://www.google.com/bot.html)"
114.119.154.166 - - [06/Jan/2026:08:44:02 -0700] "GET /ca/tecreations/UnicodeViewer.php?z=1&a=4&b=A&method=GET HTTP/1.1" 404 4190 "https://tecreations.ca/ca/tecreations/UnicodeViewer.php?z=1&a=0&b=A&method=GET" "Mozilla/5.0 (Linux; Android 7.0;) AppleWebKit/537.36 (KHTML, like Gecko) Mobile Safari/537.36 (compatible; PetalBot;+https://webmaster.petalsearch.com/site/petalbot)"
95.214.55.117 - - [06/Jan/2026:08:44:34 -0700] "PROPFIND / HTTP/1.1" 302 3931 "-" "-"
66.249.66.76 - - [06/Jan/2026:08:44:35 -0700] "GET /ca/tecreations/UnicodeTest2.php?z=8&a=2&b=8&method=decimalBOLD HTTP/1.1" 404 4227 "-" "Mozilla/5.0 (Linux; Android 6.0.1; Nexus 5X Build/MMB29P) AppleWebKit/537.36 (KHTML, like Gecko) Chrome/141.0.7390.122 Mobile Safari/537.36 (compatible; Googlebot/2.1; +http://www.google.com/bot.html)"
93.174.93.12 - - [06/Jan/2026:08:44:38 -0700] "\x16\x03\x02\x01o\x01" 400 488 "-" "-"
47.128.127.181 - - [06/Jan/2026:08:44:49 -0700] "GET /ca/tecreations/UnicodeTest2.php?z=8&a=F&b=8&method=decimalBOLD HTTP/1.1" 404 4274 "-" "Mozilla/5.0 (compatible; Bytespider; spider-feedback@bytedance.com) AppleWebKit/537.36 (KHTML, like Gecko) Chrome/70.0.0.0 Safari/537.36"
204.76.203.30 - - [06/Jan/2026:08:45:11 -0700] "GET http://ip-api.com/json/ HTTP/1.1" 404 433 "-" "Go-http-client/1.1"
114.119.158.46 - - [06/Jan/2026:08:45:26 -0700] "GET /ca/tecreations/UnicodeViewer.php?z=1&a=4&b=4&method=GET HTTP/1.1" 404 4190 "https://tecreations.ca/ca/tecreations/UnicodeViewer.php?z=1&a=0&b=4&method=GET" "Mozilla/5.0 (Linux; Android 7.0;) AppleWebKit/537.36 (KHTML, like Gecko) Mobile Safari/537.36 (compatible; PetalBot;+https://webmaster.petalsearch.com/site/petalbot)"
114.119.135.63 - - [06/Jan/2026:08:46:50 -0700] "GET /ca/tecreations/UnicodeViewer.php?z=1&a=4&b=0&method=mb_chr HTTP/1.1" 404 4190 "https://tecreations.ca/ca/tecreations/UnicodeViewer.php?z=1&a=4&b=0&method=GET" "Mozilla/5.0 (Linux; Android 7.0;) AppleWebKit/537.36 (KHTML, like Gecko) Mobile Safari/537.36 (compatible; PetalBot;+https://webmaster.petalsearch.com/site/petalbot)"
95.214.55.117 - - [06/Jan/2026:08:48:00 -0700] "PROPFIND / HTTP/1.1" 302 3931 "-" "-"
66.249.66.202 - - [06/Jan/2026:08:48:09 -0700] "GET /ca/tecreations/UnicodeTest2.php?z=9&a=5&b=0&method=decimal HTTP/1.1" 404 4227 "-" "Mozilla/5.0 (Linux; Android 6.0.1; Nexus 5X Build/MMB29P) AppleWebKit/537.36 (KHTML, like Gecko) Chrome/141.0.7390.122 Mobile Safari/537.36 (compatible; Googlebot/2.1; +http://www.google.com/bot.html)"
114.119.158.46 - - [06/Jan/2026:08:48:14 -0700] "GET /ca/tecreations/UnicodeViewer.php?z=1&a=4&b=0&method=entity HTTP/1.1" 404 4190 "https://tecreations.ca/ca/tecreations/UnicodeViewer.php?z=E&a=4&b=0&method=entity" "Mozilla/5.0 (Linux; Android 7.0;) AppleWebKit/537.36 (KHTML, like Gecko) Mobile Safari/537.36 (compatible; PetalBot;+https://webmaster.petalsearch.com/site/petalbot)"
47.128.127.13 - - [06/Jan/2026:08:48:27 -0700] "GET /ca/tecreations/UnicodeTest2.php?a=7&b=8&method=entity&z=C HTTP/1.1" 404 4278 "-" "Mozilla/5.0 (compatible; Bytespider; spider-feedback@bytedance.com) AppleWebKit/537.36 (KHTML, like Gecko) Chrome/70.0.0.0 Safari/537.36"
114.119.137.116 - - [06/Jan/2026:08:49:37 -0700] "GET /ca/tecreations/UnicodeViewer.php?z=1&a=4&b=0&method=decimalBOLD HTTP/1.1" 404 4190 "https://tecreations.ca/ca/tecreations/UnicodeViewer.php?z=A&a=4&b=0&method=decimalBOLD" "Mozilla/5.0 (Linux; Android 7.0;) AppleWebKit/537.36 (KHTML, like Gecko) Mobile Safari/537.36 (compatible; PetalBot;+https://webmaster.petalsearch.com/site/petalbot)"
114.119.137.116 - - [06/Jan/2026:08:51:01 -0700] "GET /ca/tecreations/UnicodeViewer.php?z=1&a=3&b=5&method=GET HTTP/1.1" 404 4190 "https://tecreations.ca/ca/tecreations/UnicodeViewer.php?z=1&a=0&b=5&method=GET" "Mozilla/5.0 (Linux; Android 7.0;) AppleWebKit/537.36 (KHTML, like Gecko) Mobile Safari/537.36 (compatible; PetalBot;+https://webmaster.petalsearch.com/site/petalbot)"
216.244.66.227 - - [06/Jan/2026:08:51:20 -0700] "GET /robots.txt HTTP/1.1" 301 547 "-" "Mozilla/5.0 (compatible; DotBot/1.2; +https://opensiteexplorer.org/dotbot; help@moz.com)"
216.244.66.227 - - [06/Jan/2026:08:51:20 -0700] "GET /robots.txt HTTP/1.1" 404 437 "-" "Mozilla/5.0 (compatible; DotBot/1.2; +https://opensiteexplorer.org/dotbot; help@moz.com)"
216.244.66.227 - - [06/Jan/2026:08:51:20 -0700] "GET /robots.txt HTTP/1.1" 404 3557 "-" "Mozilla/5.0 (compatible; DotBot/1.2; +https://opensiteexplorer.org/dotbot; help@moz.com)"
66.249.66.78 - - [06/Jan/2026:08:51:44 -0700] "GET /ca/tecreations/UnicodeTest2.php?z=6&a=F&b=C&method=mb_chr HTTP/1.1" 404 4227 "-" "Mozilla/5.0 (Linux; Android 6.0.1; Nexus 5X Build/MMB29P) AppleWebKit/537.36 (KHTML, like Gecko) Chrome/141.0.7390.122 Mobile Safari/537.36 (compatible; Googlebot/2.1; +http://www.google.com/bot.html)"
95.214.55.117 - - [06/Jan/2026:08:51:56 -0700] "PROPFIND / HTTP/1.1" 302 3931 "-" "-"
57.141.4.39 - - [06/Jan/2026:08:51:57 -0700] "GET /ca/tecreations/scriptures/NIV/en/Proverbs/Proverbs_26.php HTTP/1.1" 200 6641 "-" "meta-externalagent/1.1 (+https://developers.facebook.com/docs/sharing/webmasters/crawler)"
47.128.120.186 - - [06/Jan/2026:08:52:14 -0700] "GET /ca/tecreations/documentation/php/index.php HTTP/1.1" 200 3985 "-" "Mozilla/5.0 (Linux; Android 5.0) AppleWebKit/537.36 (KHTML, like Gecko) Mobile Safari/537.36 (compatible; Bytespider; spider-feedback@bytedance.com)"
114.119.135.63 - - [06/Jan/2026:08:52:24 -0700] "GET /ca/tecreations/UnicodeViewer.php?z=1&a=3&b=3&method=GET HTTP/1.1" 404 4190 "https://tecreations.ca/ca/tecreations/UnicodeViewer.php?z=1&a=0&b=3&method=GET" "Mozilla/5.0 (Linux; Android 7.0;) AppleWebKit/537.36 (KHTML, like Gecko) Mobile Safari/537.36 (compatible; PetalBot;+https://webmaster.petalsearch.com/site/petalbot)"
187.159.9.218 - - [06/Jan/2026:08:52:36 -0700] "GET /ca/tecreations/php_stuff/ViewFile.php HTTP/1.1" 500 3918 "https://tecreations.ca/" "Mozilla/5.0 (Windows NT 10.0; Win64; x64) AppleWebKit/537.36 (KHTML, like Gecko) Chrome/135.0.0.0 Safari/537.36"
114.119.135.63 - - [06/Jan/2026:08:53:47 -0700] "GET /ca/tecreations/UnicodeViewer.php?z=1&a=3&b=0&method=GET HTTP/1.1" 404 4190 "https://tecreations.ca/ca/tecreations/UnicodeViewer.php?z=1&a=E&b=0&method=GET" "Mozilla/5.0 (Linux; Android 7.0;) AppleWebKit/537.36 (KHTML, like Gecko) Mobile Safari/537.36 (compatible; PetalBot;+https://webmaster.petalsearch.com/site/petalbot)"
114.119.137.116 - - [06/Jan/2026:08:55:11 -0700] "GET /ca/tecreations/UnicodeViewer.php?z=1&a=2&b=A&method=GET HTTP/1.1" 404 4190 "https://tecreations.ca/ca/tecreations/UnicodeViewer.php?z=1&a=2&b=0&method=GET" "Mozilla/5.0 (Linux; Android 7.0;) AppleWebKit/537.36 (KHTML, like Gecko) Mobile Safari/537.36 (compatible; PetalBot;+https://webmaster.petalsearch.com/site/petalbot)"
95.214.55.117 - - [06/Jan/2026:08:55:24 -0700] "PROPFIND / HTTP/1.1" 302 3931 "-" "-"
47.128.17.3 - - [06/Jan/2026:08:55:51 -0700] "GET /ca/tecreations/UnicodeViewer.php?a=7&b=8&method=decimalBOLD&z=C HTTP/1.1" 404 4278 "-" "Mozilla/5.0 (Linux; Android 5.0) AppleWebKit/537.36 (KHTML, like Gecko) Mobile Safari/537.36 (compatible; Bytespider; spider-feedback@bytedance.com)"
40.77.167.55 - - [06/Jan/2026:08:56:19 -0700] "GET /ca/tecreations/scriptures/romans_2.php HTTP/1.1" 404 437 "-" "Mozilla/5.0 AppleWebKit/537.36 (KHTML, like Gecko; compatible; bingbot/2.0; +http://www.bing.com/bingbot.htm) Chrome/116.0.1938.76 Safari/537.36"
114.119.144.15 - - [06/Jan/2026:08:56:35 -0700] "GET /ca/tecreations/UnicodeViewer.php?z=1&a=2&b=8&method=GET HTTP/1.1" 404 4190 "https://tecreations.ca/ca/tecreations/UnicodeViewer.php?z=1&a=2&b=0&method=GET" "Mozilla/5.0 (Linux; Android 7.0;) AppleWebKit/537.36 (KHTML, like Gecko) Mobile Safari/537.36 (compatible; PetalBot;+https://webmaster.petalsearch.com/site/petalbot)"
66.249.66.168 - - [06/Jan/2026:08:57:18 -0700] "GET /ca/tecreations/UnicodeTest2.php?z=B&a=E&b=7&method=mb_chr HTTP/1.1" 404 4227 "-" "Mozilla/5.0 (Linux; Android 6.0.1; Nexus 5X Build/MMB29P) AppleWebKit/537.36 (KHTML, like Gecko) Chrome/141.0.7390.122 Mobile Safari/537.36 (compatible; Googlebot/2.1; +http://www.google.com/bot.html)"
114.119.148.64 - - [06/Jan/2026:08:57:58 -0700] "GET /ca/tecreations/UnicodeViewer.php?z=1&a=2&b=5&method=GET HTTP/1.1" 404 4190 "https://tecreations.ca/ca/tecreations/UnicodeViewer.php?z=1&a=2&b=0&method=GET" "Mozilla/5.0 (Linux; Android 7.0;) AppleWebKit/537.36 (KHTML, like Gecko) Mobile Safari/537.36 (compatible; PetalBot;+https://webmaster.petalsearch.com/site/petalbot)"
114.119.154.166 - - [06/Jan/2026:08:59:22 -0700] "GET /ca/tecreations/UnicodeViewer.php?z=1&a=2&b=1&method=GET HTTP/1.1" 404 4190 "https://tecreations.ca/ca/tecreations/UnicodeViewer.php?z=1&a=2&b=0&method=GET" "Mozilla/5.0 (Linux; Android 7.0;) AppleWebKit/537.36 (KHTML, like Gecko) Mobile Safari/537.36 (compatible; PetalBot;+https://webmaster.petalsearch.com/site/petalbot)"
95.214.55.117 - - [06/Jan/2026:08:59:22 -0700] "PROPFIND / HTTP/1.1" 302 3931 "-" "-"
4.194.133.126 - - [06/Jan/2026:08:59:27 -0700] "GET /wp-good.php HTTP/1.1" 404 437 "https://duckduckgo.com/" "Mozilla/5.0 (iPhone; CPU iPhone OS 17_1 like Mac OS X) AppleWebKit/605.1.15 (KHTML, like Gecko) CriOS/119.0.6045.109 Mobile/15E148 Safari/604.1"
4.194.133.126 - - [06/Jan/2026:08:59:27 -0700] "GET /file.php HTTP/1.1" 404 437 "https://www.google.de/" "Mozilla/5.0 (Linux; Android 10; K) AppleWebKit/537.36 (KHTML, like Gecko) Chrome/117.0.0.0 Mobile Safari/537.36"
4.194.133.126 - - [06/Jan/2026:08:59:28 -0700] "GET /bless.php HTTP/1.1" 404 437 "https://www.google.co.uk/" "Mozilla/5.0 (Linux; Android 11; CPH2251) AppleWebKit/537.36 (KHTML, like Gecko) Chrome/116.0.0.0 Mobile Safari/537.36"
4.194.133.126 - - [06/Jan/2026:08:59:28 -0700] "GET /admin.php HTTP/1.1" 404 437 "https://www.google.de/" "Mozilla/5.0 (iPhone; CPU iPhone OS 17_1 like Mac OS X) AppleWebKit/605.1.15 (KHTML, like Gecko) CriOS/119.0.6045.109 Mobile/15E148 Safari/604.1"
4.194.133.126 - - [06/Jan/2026:08:59:28 -0700] "GET /ioxi-o.php HTTP/1.1" 404 437 "https://www.google.de/" "Mozilla/5.0 (Linux; Android 10; LM-Q720) AppleWebKit/537.36 (KHTML, like Gecko) Chrome/116.0.0.0 Mobile Safari/537.36"
4.194.133.126 - - [06/Jan/2026:08:59:28 -0700] "GET /adminfuns.php HTTP/1.1" 404 437 "https://duckduckgo.com/" "Mozilla/5.0 (iPhone; CPU iPhone OS 17_1 like Mac OS X) AppleWebKit/605.1.15 (KHTML, like Gecko) CriOS/119.0.6045.109 Mobile/15E148 Safari/604.1"
4.194.133.126 - - [06/Jan/2026:08:59:28 -0700] "GET /wp-content/admin.php HTTP/1.1" 404 437 "https://www.google.com/" "Mozilla/5.0 (Linux; Android 12; V2134) AppleWebKit/537.36 (KHTML, like Gecko) Chrome/116.0.0.0 Mobile Safari/537.36"
4.194.133.126 - - [06/Jan/2026:08:59:29 -0700] "GET /aa.php HTTP/1.1" 404 437 "https://www.google.co.uk/" "Mozilla/5.0 (Linux; Android 13; SM-S908E) AppleWebKit/537.36 (KHTML, like Gecko) Chrome/116.0.0.0 Mobile Safari/537.36"
4.194.133.126 - - [06/Jan/2026:08:59:29 -0700] "GET /akcc.php HTTP/1.1" 404 437 "https://www.bing.com/" "Mozilla/5.0 (Linux; Android 13; SM-G991U) AppleWebKit/537.36 (KHTML, like Gecko) Chrome/117.0.0.0 Mobile Safari/537.36"
4.194.133.126 - - [06/Jan/2026:08:59:29 -0700] "GET /xmrlpc.php HTTP/1.1" 404 437 "https://www.bing.com/" "Mozilla/5.0 (iPhone; CPU iPhone OS 15_7_9 like Mac OS X) AppleWebKit/605.1.15 (KHTML, like Gecko) Version/15.6.5 Mobile/15E148 Safari/604.1"
4.194.133.126 - - [06/Jan/2026:08:59:29 -0700] "GET /xmlrpc.php HTTP/1.1" 404 437 "https://www.google.com/" "Mozilla/5.0 (Linux; Android 10; LM-Q720) AppleWebKit/537.36 (KHTML, like Gecko) Chrome/116.0.0.0 Mobile Safari/537.36"
4.194.133.126 - - [06/Jan/2026:08:59:30 -0700] "GET /class.php HTTP/1.1" 404 437 "https://www.google.de/" "Mozilla/5.0 (Linux; Android 12; V2134) AppleWebKit/537.36 (KHTML, like Gecko) Chrome/116.0.0.0 Mobile Safari/537.36"
4.194.133.126 - - [06/Jan/2026:08:59:30 -0700] "GET /goods.php HTTP/1.1" 404 437 "https://www.google.co.uk/" "Mozilla/5.g (Linux; Android 13; Pixel 7) AppleWebKit/537.36 (KHTML, like Gecko) Chrome/116.0.0.0 Mobile Safari/537.36"
4.194.133.126 - - [06/Jan/2026:08:59:30 -0700] "GET /info.php HTTP/1.1" 404 437 "https://www.google.co.uk/" "Mozilla/5.0 (iPhone; CPU iPhone OS 16_0 like Mac OS X) AppleWebKit/605.1.15 (KHTML, like Gecko) FxiOS/118.0 Mobile/15E148 Safari/605.1.15"
4.194.133.126 - - [06/Jan/2026:08:59:30 -0700] "GET /num.php HTTP/1.1" 404 437 "https://www.yahoo.com/" "Mozilla/5.0 (Linux; Android 13; M2101K6G) AppleWebKit/537.36 (KHTML, like Gecko) Chrome/116.0.0.0 Mobile Safari/537.36"
4.194.133.126 - - [06/Jan/2026:08:59:30 -0700] "GET /txets.php HTTP/1.1" 404 437 "https://www.google.com/" "Mozilla/5.0 (iPad; CPU OS 17_0_3 like Mac OS X) AppleWebKit/605.1.15 (KHTML, like Gecko) Version/17.0.1 Mobile/15E148 Safari/604.1"
4.194.133.126 - - [06/Jan/2026:08:59:31 -0700] "GET /defaults.php HTTP/1.1" 404 437 "https://www.google.de/" "Mozilla/5.0 (Linux; Android 10; LM-Q720) AppleWebKit/537.36 (KHTML, like Gecko) Chrome/116.0.0.0 Mobile Safari/537.36"
4.194.133.126 - - [06/Jan/2026:08:59:31 -0700] "GET /php.php HTTP/1.1" 404 437 "https://www.google.de/" "Mozilla/5.0 (Linux; Android 14; Pixel 8 Pro) AppleWebKit/537.36 (KHTML, like Gecko) Chrome/119.0.0.0 Mobile Safari/537.36"
4.194.133.126 - - [06/Jan/2026:08:59:31 -0700] "GET /wp-xml.php HTTP/1.1" 404 437 "https://www.bing.com/" "Mozilla/5.0 (iPhone; CPU iPhone OS 17_1 like Mac OS X) AppleWebKit/605.1.15 (KHTML, like Gecko) CriOS/119.0.6045.109 Mobile/15E148 Safari/604.1"
4.194.133.126 - - [06/Jan/2026:08:59:31 -0700] "GET /wp-admin/ HTTP/1.1" 404 437 "https://www.google.de/" "Mozilla/5.0 (Linux; Android 11; CPH2251) AppleWebKit/537.36 (KHTML, like Gecko) Chrome/116.0.0.0 Mobile Safari/537.36"
4.194.133.126 - - [06/Jan/2026:08:59:31 -0700] "GET /wp-admin/alfa.php HTTP/1.1" 404 437 "https://duckduckgo.com/" "Mozilla/5.0 (iPhone; CPU iPhone OS 16_6_1 like Mac OS X) AppleWebKit/605.1.15 (KHTML, like Gecko) Version/16.6 Mobile/15E148 Safari/604.1"
4.194.133.126 - - [06/Jan/2026:08:59:32 -0700] "GET /wp-admin/images/admin.php HTTP/1.1" 404 437 "https://www.bing.com/" "Mozilla/5.0 (Linux; Android 10; K) AppleWebKit/537.36 (KHTML, like Gecko) Chrome/117.0.0.0 Mobile Safari/537.36"
4.194.133.126 - - [06/Jan/2026:08:59:32 -0700] "GET /wp-admin/js/widgets/ HTTP/1.1" 404 437 "https://www.bing.com/" "Mozilla/5.0 (Linux; Android 13; M2101K6G) AppleWebKit/537.36 (KHTML, like Gecko) Chrome/116.0.0.0 Mobile Safari/537.36"
4.194.133.126 - - [06/Jan/2026:08:59:32 -0700] "GET /wp-blog.php HTTP/1.1" 404 437 "https://www.bing.com/" "Mozilla/5.0 (Linux; Android 11; 21081111RG) AppleWebKit/537.36 (KHTML, like Gecko) Chrome/116.0.0.0 Mobile Safari/537.36"
4.194.133.126 - - [06/Jan/2026:08:59:32 -0700] "GET /wp-includes/block-bindings/ HTTP/1.1" 404 437 "https://www.google.co.uk/" "Mozilla/5.0 (Linux; Android 11; 21081111RG) AppleWebKit/537.36 (KHTML, like Gecko) Chrome/116.0.0.0 Mobile Safari/537.36"
4.194.133.126 - - [06/Jan/2026:08:59:33 -0700] "GET /13.php HTTP/1.1" 404 437 "https://www.google.de/" "Mozilla/5.0 (iPhone; CPU iPhone OS 16_0 like Mac OS X) AppleWebKit/605.1.15 (KHTML, like Gecko) FxiOS/118.0 Mobile/15E148 Safari/605.1.15"
4.194.133.126 - - [06/Jan/2026:08:59:33 -0700] "GET /administrator/templates/hathor/error.php HTTP/1.1" 404 437 "https://www.google.com/" "Mozilla/5.0 (Linux; Android 12; 2201116SG) AppleWebKit/537.36 (KHTML, like Gecko) Chrome/116.0.0.0 Mobile Safari/537.36"
4.194.133.126 - - [06/Jan/2026:08:59:33 -0700] "GET /alfa.php HTTP/1.1" 404 437 "https://www.google.com/" "Mozilla/5.0 (Linux; Android 10; K) AppleWebKit/537.36 (KHTML, like Gecko) Chrome/117.0.0.0 Mobile Safari/537.36"
4.194.133.126 - - [06/Jan/2026:08:59:33 -0700] "GET /classwithtostring.php HTTP/1.1" 404 437 "https://www.google.fr/" "Mozilla/5.0 (iPhone; CPU iPhone OS 16_6_1 like Mac OS X) AppleWebKit/605.1.15 (KHTML, like Gecko) Version/16.6 Mobile/15E148 Safari/604.1"
4.194.133.126 - - [06/Jan/2026:08:59:33 -0700] "GET /gelay.php HTTP/1.1" 404 437 "https://www.google.com/" "Mozilla/5.0 (Linux; Android 13; SM-S908E) AppleWebKit/537.36 (KHTML, like Gecko) Chrome/116.0.0.0 Mobile Safari/537.36"
4.194.133.126 - - [06/Jan/2026:08:59:34 -0700] "GET /radio.php HTTP/1.1" 404 437 "https://www.google.fr/" "Mozilla/5.0 (iPad; CPU OS 16_7_2 like Mac OS X) AppleWebKit/605.1.15 (KHTML, like Gecko) Version/16.6 Mobile/15E148 Safari/604.1"
4.194.133.126 - - [06/Jan/2026:08:59:34 -0700] "GET /server.php HTTP/1.1" 404 437 "https://duckduckgo.com/" "Mozilla/5.0 (iPhone; CPU iPhone OS 17_1_1 like Mac OS X) AppleWebKit/605.1.15 (KHTML, like Gecko) Version/17.1 Mobile/15E148 Safari/604.1"
4.194.133.126 - - [06/Jan/2026:08:59:34 -0700] "GET /wp-includes/js/crop/cropper.php HTTP/1.1" 404 437 "https://www.bing.com/" "Mozilla/5.0 (Linux; Android 12; SM-A525F) AppleWebKit/537.36 (KHTML, like Gecko) Chrome/117.0.0.0 Mobile Safari/537.36"
4.194.133.126 - - [06/Jan/2026:08:59:34 -0700] "GET /wp-includes/js/thickbox/thickbox.php HTTP/1.1" 404 437 "https://www.yahoo.com/" "Mozilla/5.0 (Linux; Android 12; SM-A525F) AppleWebKit/537.36 (KHTML, like Gecko) Chrome/117.0.0.0 Mobile Safari/537.36"
4.194.133.126 - - [06/Jan/2026:08:59:34 -0700] "GET /wp-content/plugins/yanierin/akcc.php HTTP/1.1" 404 437 "https://duckduckgo.com/" "Mozilla/5.0 (Linux; Android 11; CPH2251) AppleWebKit/537.36 (KHTML, like Gecko) Chrome/116.0.0.0 Mobile Safari/537.36"
4.194.133.126 - - [06/Jan/2026:08:59:35 -0700] "GET /wp-admin/images/file.php HTTP/1.1" 404 437 "https://duckduckgo.com/" "Mozilla/5.0 (iPhone; CPU iPhone OS 16_0 like Mac OS X) AppleWebKit/605.1.15 (KHTML, like Gecko) FxiOS/118.0 Mobile/15E148 Safari/605.1.15"
4.194.133.126 - - [06/Jan/2026:08:59:35 -0700] "GET /wp-admin/includes/ HTTP/1.1" 404 437 "https://duckduckgo.com/" "Mozilla/5.0 (iPhone; CPU iPhone OS 16_6_1 like Mac OS X) AppleWebKit/605.1.15 (KHTML, like Gecko) Version/16.6 Mobile/15E148 Safari/604.1"
4.194.133.126 - - [06/Jan/2026:08:59:35 -0700] "GET /wp-admin/network/index.php HTTP/1.1" 404 437 "https://www.google.com/" "Mozilla/5.0 (Linux; Android 12; SM-A525F) AppleWebKit/537.36 (KHTML, like Gecko) Chrome/117.0.0.0 Mobile Safari/537.36"
4.194.133.126 - - [06/Jan/2026:08:59:35 -0700] "GET /wp-admin/radio.php HTTP/1.1" 404 437 "https://www.yahoo.com/" "Mozilla/5.0 (Linux; Android 12; 2201116SG) AppleWebKit/537.36 (KHTML, like Gecko) Chrome/116.0.0.0 Mobile Safari/537.36"
